{"id":84214,"date":"2022-06-21T20:41:06","date_gmt":"2022-06-22T01:41:06","guid":{"rendered":"https:\/\/defabrica.com.mx\/defabrica\/?post_type=product&#038;p=84214"},"modified":"2022-12-11T13:38:17","modified_gmt":"2022-12-11T19:38:17","slug":"presonus-auriculares-inalambricos-con-cancelacion-de-ruido-eris-hd10bt-para-colocar-sobre-las-orejas-negro","status":"publish","type":"product","link":"https:\/\/defabrica.com.mx\/defabrica\/producto\/presonus-auriculares-inalambricos-con-cancelacion-de-ruido-eris-hd10bt-para-colocar-sobre-las-orejas-negro\/","title":{"rendered":"PreSonus &#8211; Auriculares inal\u00e1mbricos con cancelaci\u00f3n de ruido Eris HD10BT para colocar sobre las orejas &#8211; Negro"},"content":{"rendered":"<p>Disfruta del potente sonido de estos auriculares profesionales PreSonus Eris.\u00a0La cancelaci\u00f3n activa de ruido bloquea los sonidos de fondo para obtener un audio n\u00edtido en diferentes configuraciones, mientras que los controles t\u00e1ctiles le permiten manejar la reproducci\u00f3n de audio f\u00e1cilmente.\u00a0Estos auriculares PreSonus Eris tienen una bater\u00eda recargable que ofrece hasta 16 horas de tiempo de escucha con una sola carga, y la conectividad Bluetooth brinda libertad de movimiento.<\/p>\n<h3><\/h3>\n<h3 class=\"heading-5 v-fw-regular feature-heading\"><strong>Caracter\u00edsticas<\/strong><\/h3>\n<div class=\"feature-body-container\">\n<div class=\"features-list-container\">\n<div class=\"list-row\">\n<ul>\n<li><strong>Bater\u00eda recargable<\/strong><br \/>\nOfrece hasta 18 horas de uso con una carga.<\/li>\n<li><strong>Cancelaci\u00f3n de ruido activa<\/strong><br \/>\nCancela activamente las formas de onda desde el exterior del auricular para eliminar por completo los sonidos extra\u00f1os.<\/li>\n<li><strong>Micr\u00f3fono incorporado<\/strong><br \/>\nPermite chatear con manos libres a trav\u00e9s de un dispositivo compatible.<\/li>\n<li><strong>interfaz Bluetooth<\/strong><br \/>\nPermite el emparejamiento inal\u00e1mbrico simple con su dispositivo habilitado para Bluetooth.<\/li>\n<li><strong>Dise\u00f1o sobre la oreja<\/strong><br \/>\nPara un ajuste seguro.<\/li>\n<li><strong>Controles de auriculares<\/strong><br \/>\nIncluye volumen, encendido\/apagado, responder\/finalizar, reproducir\/pausar, pista siguiente\/anterior, rechazar llamada, volver a marcar y activar\/desactivar ANC.<\/li>\n<li><strong>controladores de 40 mm<\/strong><br \/>\nOfrece un sonido potente.<\/li>\n<li><strong>Dise\u00f1o est\u00e9reo<\/strong><br \/>\nOfrece tonos n\u00edtidos.<\/li>\n<\/ul>\n<\/div>\n<\/div>\n<\/div>\n","protected":false},"excerpt":{"rendered":"<p>Disfruta del potente sonido de estos auriculares profesionales PreSonus Eris.\u00a0La cancelaci\u00f3n activa de ruido bloquea los sonidos de fondo para obtener un audio n\u00edtido en diferentes configuraciones, mientras que los<\/p>\n","protected":false},"featured_media":84216,"comment_status":"open","ping_status":"closed","template":"","meta":{"_acf_changed":false,"_joinchat":[]},"product_brand":[],"product_cat":[294,300,304],"product_tag":[],"class_list":{"0":"post-84214","1":"product","2":"type-product","3":"status-publish","4":"has-post-thumbnail","6":"product_cat-audio","7":"product_cat-audifonos","8":"product_cat-inalambricos","10":"first","11":"instock","12":"sale","13":"shipping-taxable","14":"purchasable","15":"product-type-simple"},"acf":[],"_links":{"self":[{"href":"https:\/\/defabrica.com.mx\/defabrica\/wp-json\/wp\/v2\/product\/84214","targetHints":{"allow":["GET"]}}],"collection":[{"href":"https:\/\/defabrica.com.mx\/defabrica\/wp-json\/wp\/v2\/product"}],"about":[{"href":"https:\/\/defabrica.com.mx\/defabrica\/wp-json\/wp\/v2\/types\/product"}],"replies":[{"embeddable":true,"href":"https:\/\/defabrica.com.mx\/defabrica\/wp-json\/wp\/v2\/comments?post=84214"}],"wp:featuredmedia":[{"embeddable":true,"href":"https:\/\/defabrica.com.mx\/defabrica\/wp-json\/wp\/v2\/media\/84216"}],"wp:attachment":[{"href":"https:\/\/defabrica.com.mx\/defabrica\/wp-json\/wp\/v2\/media?parent=84214"}],"wp:term":[{"taxonomy":"product_brand","embeddable":true,"href":"https:\/\/defabrica.com.mx\/defabrica\/wp-json\/wp\/v2\/product_brand?post=84214"},{"taxonomy":"product_cat","embeddable":true,"href":"https:\/\/defabrica.com.mx\/defabrica\/wp-json\/wp\/v2\/product_cat?post=84214"},{"taxonomy":"product_tag","embeddable":true,"href":"https:\/\/defabrica.com.mx\/defabrica\/wp-json\/wp\/v2\/product_tag?post=84214"}],"curies":[{"name":"wp","href":"https:\/\/api.w.org\/{rel}","templated":true}]}}