{"id":83633,"date":"2022-06-15T21:23:08","date_gmt":"2022-06-16T02:23:08","guid":{"rendered":"https:\/\/defabrica.com.mx\/defabrica\/?post_type=product&#038;p=83633"},"modified":"2023-01-17T11:07:16","modified_gmt":"2023-01-17T17:07:16","slug":"shure-auriculares-con-aislamiento-de-sonido-aonic-215-azul","status":"publish","type":"product","link":"https:\/\/defabrica.com.mx\/defabrica\/producto\/shure-auriculares-con-aislamiento-de-sonido-aonic-215-azul\/","title":{"rendered":"Shure &#8211; Auriculares con aislamiento de sonido AONIC 215 &#8211; Azul"},"content":{"rendered":"<p>El lugar en el que preferir\u00edas estar es justo aqu\u00ed.\u00a0Los auriculares Sound Isolating (TM) AONIC 215 ofrecen un sonido claro y graves profundos con un control remoto + micr\u00f3fono integrado para una comunicaci\u00f3n fluida.\u00a0El innovador dise\u00f1o de aislamiento de sonido mantiene los auriculares dentro y el ruido fuera, proporcionando un audio incre\u00edblemente inmersivo sin importar d\u00f3nde se encuentre.\u00a0Convierta su d\u00eda de trabajo en un concierto y su entrenamiento en el descubrimiento de nuevas dimensiones musicales. Caracter\u00edsticas y beneficios \u2022 El sonido claro con graves profundos eleva su rendimiento de audio en un paquete conveniente y port\u00e1til. \u2022 La tecnolog\u00eda Sound Isolating\u2122 bloquea hasta 37 dB de ruido para eliminar las distracciones.<\/p>\n<h3><\/h3>\n<h3 class=\"heading-5 v-fw-regular feature-heading\"><strong>Caracter\u00edsticas<\/strong><\/h3>\n<ul>\n<li><strong>Construcci\u00f3n duradera<\/strong><br \/>\nCalidad dise\u00f1ada para el uso y desgaste profesional para garantizar una vida \u00fatil de uso. Mira de qu\u00e9 estamos hechos.<\/li>\n<li><strong>Tecnolog\u00eda Sound Isolating\u2122<\/strong><br \/>\nBloquea hasta 37 dB de ruido para eliminar las distracciones. Disfrute de la experiencia auditiva m\u00e1s inmersiva con un dise\u00f1o que mantiene los auriculares dentro y el ruido fuera durante el ejercicio o los viajes.<\/li>\n<li><strong>Cable de comunicaci\u00f3n desmontable de 3,5 mm<\/strong><br \/>\nPermite la conexi\u00f3n directa a computadoras port\u00e1tiles, sistemas de entretenimiento a bordo y otros dispositivos m\u00f3viles. El dise\u00f1o seguro sobre la oreja con ajuste de forma de alambre garantiza que los auriculares permanezcan en su lugar y que los cables no estorben.<\/li>\n<li><strong>Disfrute de llamadas y controles claros con control remoto integrado + micr\u00f3fono.<\/strong><br \/>\nControl perfecto para llamadas telef\u00f3nicas y operaci\u00f3n f\u00e1cilmente accesible de comandos de voz, volumen y reproducci\u00f3n de m\u00fasica.<\/li>\n<\/ul>\n","protected":false},"excerpt":{"rendered":"<p>El lugar en el que preferir\u00edas estar es justo aqu\u00ed.\u00a0Los auriculares Sound Isolating (TM) AONIC 215 ofrecen un sonido claro y graves profundos con un control remoto + micr\u00f3fono integrado<\/p>\n","protected":false},"featured_media":83635,"comment_status":"open","ping_status":"closed","template":"","meta":{"_acf_changed":false,"_joinchat":[]},"product_brand":[],"product_cat":[294,300,736],"product_tag":[],"class_list":{"0":"post-83633","1":"product","2":"type-product","3":"status-publish","4":"has-post-thumbnail","6":"product_cat-audio","7":"product_cat-audifonos","8":"product_cat-alambricos","10":"first","11":"instock","12":"sale","13":"shipping-taxable","14":"purchasable","15":"product-type-simple"},"acf":[],"_links":{"self":[{"href":"https:\/\/defabrica.com.mx\/defabrica\/wp-json\/wp\/v2\/product\/83633","targetHints":{"allow":["GET"]}}],"collection":[{"href":"https:\/\/defabrica.com.mx\/defabrica\/wp-json\/wp\/v2\/product"}],"about":[{"href":"https:\/\/defabrica.com.mx\/defabrica\/wp-json\/wp\/v2\/types\/product"}],"replies":[{"embeddable":true,"href":"https:\/\/defabrica.com.mx\/defabrica\/wp-json\/wp\/v2\/comments?post=83633"}],"wp:featuredmedia":[{"embeddable":true,"href":"https:\/\/defabrica.com.mx\/defabrica\/wp-json\/wp\/v2\/media\/83635"}],"wp:attachment":[{"href":"https:\/\/defabrica.com.mx\/defabrica\/wp-json\/wp\/v2\/media?parent=83633"}],"wp:term":[{"taxonomy":"product_brand","embeddable":true,"href":"https:\/\/defabrica.com.mx\/defabrica\/wp-json\/wp\/v2\/product_brand?post=83633"},{"taxonomy":"product_cat","embeddable":true,"href":"https:\/\/defabrica.com.mx\/defabrica\/wp-json\/wp\/v2\/product_cat?post=83633"},{"taxonomy":"product_tag","embeddable":true,"href":"https:\/\/defabrica.com.mx\/defabrica\/wp-json\/wp\/v2\/product_tag?post=83633"}],"curies":[{"name":"wp","href":"https:\/\/api.w.org\/{rel}","templated":true}]}}