{"id":83630,"date":"2022-06-15T21:19:37","date_gmt":"2022-06-16T02:19:37","guid":{"rendered":"https:\/\/defabrica.com.mx\/defabrica\/?post_type=product&#038;p=83630"},"modified":"2023-01-17T11:06:54","modified_gmt":"2023-01-17T17:06:54","slug":"shure-auriculares-con-aislamiento-de-sonido-aonic-5-rojo","status":"publish","type":"product","link":"https:\/\/defabrica.com.mx\/defabrica\/producto\/shure-auriculares-con-aislamiento-de-sonido-aonic-5-rojo\/","title":{"rendered":"Shure &#8211; Auriculares con aislamiento de sonido AONIC 5 &#8211; Rojo"},"content":{"rendered":"<p>Dise\u00f1ados a partir de d\u00e9cadas de experiencia en el desarrollo de auriculares, los auriculares AONIC 5 Sound Isolating(TM) ofrecen un sonido espacioso y extraordinario con bajos limpios y naturales a trav\u00e9s de tres controladores de armadura balanceada de alta definici\u00f3n.\u00a0Experimente la comodidad y el audio inmersivo y personalizable con respuesta de frecuencia seleccionable.\u00a0Disponible en tres colores \u00fanicos.\u00a0_Caracter\u00edsticas y ventajas_* *Sonido espacioso y notable + graves limpios y naturales *a trav\u00e9s de tres controladores de armadura balanceada de alta definici\u00f3n.\u00a0Dos woofers dedicados y un tweeter separado brindan agudos mejorados y un rango medio c\u00e1lido con un extremo bajo limpio y natural.\u00a0Refinados durante d\u00e9cadas seg\u00fan nuestros propios est\u00e1ndares, estos auriculares brindan una experiencia de audio verdaderamente cinematogr\u00e1fica.<\/p>\n<h3><\/h3>\n<h3 class=\"heading-5 v-fw-regular feature-heading\"><strong>Caracter\u00edsticas<\/strong><\/h3>\n<ul>\n<li><strong>*Calidad de construcci\u00f3n duradera*<\/strong><br \/>\nDise\u00f1ado para uso y desgaste profesional para garantizar una vida \u00fatil de uso. Mira de qu\u00e9 estamos hechos<\/li>\n<li><strong>*Forma elegante y de perfil bajo*<\/strong><br \/>\nDise\u00f1ado para una comodidad duradera desde el auricular m\u00e1s peque\u00f1o de la l\u00ednea AONIC.*<\/li>\n<li><strong>*Aislamiento de sonido\u2122<\/strong><br \/>\nTecnolog\u00eda *bloquea hasta 37 dB de ruido para eliminar las distracciones. Disfrute de la experiencia auditiva m\u00e1s inmersiva con un dise\u00f1o que mantiene los auriculares dentro y el ruido fuera durante el ejercicio o los viajes<\/li>\n<li><strong>* *Cable de comunicaci\u00f3n desmontable de 3,5 mm<\/strong><br \/>\n*permite la conexi\u00f3n directa a computadoras port\u00e1tiles, sistemas de entretenimiento a bordo y otros dispositivos m\u00f3viles. El dise\u00f1o seguro sobre la oreja con ajuste de forma de alambre garantiza que los auriculares permanezcan en su lugar y que los cables permanezcan fuera del camino.*<\/li>\n<\/ul>\n","protected":false},"excerpt":{"rendered":"<p>Dise\u00f1ados a partir de d\u00e9cadas de experiencia en el desarrollo de auriculares, los auriculares AONIC 5 Sound Isolating(TM) ofrecen un sonido espacioso y extraordinario con bajos limpios y naturales a<\/p>\n","protected":false},"featured_media":83632,"comment_status":"open","ping_status":"closed","template":"","meta":{"_acf_changed":false,"_joinchat":[]},"product_brand":[],"product_cat":[294,300,736],"product_tag":[],"class_list":{"0":"post-83630","1":"product","2":"type-product","3":"status-publish","4":"has-post-thumbnail","6":"product_cat-audio","7":"product_cat-audifonos","8":"product_cat-alambricos","10":"first","11":"instock","12":"sale","13":"shipping-taxable","14":"purchasable","15":"product-type-simple"},"acf":[],"_links":{"self":[{"href":"https:\/\/defabrica.com.mx\/defabrica\/wp-json\/wp\/v2\/product\/83630","targetHints":{"allow":["GET"]}}],"collection":[{"href":"https:\/\/defabrica.com.mx\/defabrica\/wp-json\/wp\/v2\/product"}],"about":[{"href":"https:\/\/defabrica.com.mx\/defabrica\/wp-json\/wp\/v2\/types\/product"}],"replies":[{"embeddable":true,"href":"https:\/\/defabrica.com.mx\/defabrica\/wp-json\/wp\/v2\/comments?post=83630"}],"wp:featuredmedia":[{"embeddable":true,"href":"https:\/\/defabrica.com.mx\/defabrica\/wp-json\/wp\/v2\/media\/83632"}],"wp:attachment":[{"href":"https:\/\/defabrica.com.mx\/defabrica\/wp-json\/wp\/v2\/media?parent=83630"}],"wp:term":[{"taxonomy":"product_brand","embeddable":true,"href":"https:\/\/defabrica.com.mx\/defabrica\/wp-json\/wp\/v2\/product_brand?post=83630"},{"taxonomy":"product_cat","embeddable":true,"href":"https:\/\/defabrica.com.mx\/defabrica\/wp-json\/wp\/v2\/product_cat?post=83630"},{"taxonomy":"product_tag","embeddable":true,"href":"https:\/\/defabrica.com.mx\/defabrica\/wp-json\/wp\/v2\/product_tag?post=83630"}],"curies":[{"name":"wp","href":"https:\/\/api.w.org\/{rel}","templated":true}]}}