{"id":83583,"date":"2022-06-15T20:45:25","date_gmt":"2022-06-16T01:45:25","guid":{"rendered":"https:\/\/defabrica.com.mx\/defabrica\/?post_type=product&#038;p=83583"},"modified":"2023-01-17T11:03:42","modified_gmt":"2023-01-17T17:03:42","slug":"skullcandy-dime-2-verdadero-auriculares-in-ear-inalambricos-negro","status":"publish","type":"product","link":"https:\/\/defabrica.com.mx\/defabrica\/producto\/skullcandy-dime-2-verdadero-auriculares-in-ear-inalambricos-negro\/","title":{"rendered":"\u00abSkullcandy &#8211; Dime 2 Verdadero  Auriculares In-Ear Inal\u00e1mbricos &#8211; Negro\u00bb"},"content":{"rendered":"<div class=\"embedded-component-container lv product-description\">\n<div>\n<div id=\"shop-product-description-80076119\" class=\"_none\" data-version=\"1.3.44\">\n<div class=\"shop-product-description\">\n<section class=\"align-heading-left\" data-reactroot=\"\">\n<div class=\"long-description-container body-copy \">\n<div class=\"html-fragment\">Nuestro auricular m\u00e1s peque\u00f1o se volvi\u00f3 m\u00e1s dif\u00edcil de perder y a\u00fan m\u00e1s f\u00e1cil de amar.\u00a0Dime 2 est\u00e1 repleto de todas las caracter\u00edsticas que hicieron famosa a Dime PLUS Tecnolog\u00eda de b\u00fasqueda de mosaicos.\u00a0Los perdedores de cogollos habituales se regocijan: Dime 2 te cubre las espaldas.\u00a0Construimos Dime 2 con una bater\u00eda peque\u00f1a y eficiente que reduce su huella de carbono a menos de la mitad que la de otros auriculares.\u00a0Ofrece 3,5 horas de tiempo de escucha en el brote y 2 cargas completas en el estuche para un total de 12 horas de duraci\u00f3n de la bater\u00eda.<\/div>\n<\/div>\n<\/section>\n<\/div>\n<\/div>\n<\/div>\n<\/div>\n<div class=\"embedded-component-container lv product-features\">\n<h3><\/h3>\n<h3 class=\"heading-5 v-fw-regular feature-heading\"><strong>Caracter\u00edsticas<\/strong><\/h3>\n<ul>\n<li><strong>Verdadero inal\u00e1mbrico<\/strong><br \/>\nAud\u00edfonos que est\u00e1n dise\u00f1ados sin un cable o alambre y se conectan a trav\u00e9s de Bluetooth<\/li>\n<li><strong>Micr\u00f3fono incorporado<\/strong><br \/>\nViene con un micr\u00f3fono que se utiliza para grabar<\/li>\n<li><strong>Resistente al agua<\/strong><br \/>\nEl producto es capaz de resistir la penetraci\u00f3n del agua hasta cierto punto.<\/li>\n<li><strong>Encuentra tus amigos<\/strong><br \/>\nTecnolog\u00eda de b\u00fasqueda de mosaicos incorporada<\/li>\n<li><strong>Bater\u00eda peque\u00f1a y eficiente<\/strong><br \/>\nOfrece 3,5 horas de tiempo de escucha en el brote y 2 cargas completas en el estuche para un total de 12 horas de duraci\u00f3n de la bater\u00eda.<\/li>\n<\/ul>\n<\/div>\n","protected":false},"excerpt":{"rendered":"<p>Nuestro auricular m\u00e1s peque\u00f1o se volvi\u00f3 m\u00e1s dif\u00edcil de perder y a\u00fan m\u00e1s f\u00e1cil de amar.\u00a0Dime 2 est\u00e1 repleto de todas las caracter\u00edsticas que hicieron famosa a Dime PLUS Tecnolog\u00eda<\/p>\n","protected":false},"featured_media":83585,"comment_status":"open","ping_status":"closed","template":"","meta":{"_acf_changed":false,"_joinchat":[]},"product_brand":[],"product_cat":[294,300,304],"product_tag":[],"class_list":{"0":"post-83583","1":"product","2":"type-product","3":"status-publish","4":"has-post-thumbnail","6":"product_cat-audio","7":"product_cat-audifonos","8":"product_cat-inalambricos","10":"first","11":"instock","12":"sale","13":"shipping-taxable","14":"purchasable","15":"product-type-simple"},"acf":[],"_links":{"self":[{"href":"https:\/\/defabrica.com.mx\/defabrica\/wp-json\/wp\/v2\/product\/83583","targetHints":{"allow":["GET"]}}],"collection":[{"href":"https:\/\/defabrica.com.mx\/defabrica\/wp-json\/wp\/v2\/product"}],"about":[{"href":"https:\/\/defabrica.com.mx\/defabrica\/wp-json\/wp\/v2\/types\/product"}],"replies":[{"embeddable":true,"href":"https:\/\/defabrica.com.mx\/defabrica\/wp-json\/wp\/v2\/comments?post=83583"}],"wp:featuredmedia":[{"embeddable":true,"href":"https:\/\/defabrica.com.mx\/defabrica\/wp-json\/wp\/v2\/media\/83585"}],"wp:attachment":[{"href":"https:\/\/defabrica.com.mx\/defabrica\/wp-json\/wp\/v2\/media?parent=83583"}],"wp:term":[{"taxonomy":"product_brand","embeddable":true,"href":"https:\/\/defabrica.com.mx\/defabrica\/wp-json\/wp\/v2\/product_brand?post=83583"},{"taxonomy":"product_cat","embeddable":true,"href":"https:\/\/defabrica.com.mx\/defabrica\/wp-json\/wp\/v2\/product_cat?post=83583"},{"taxonomy":"product_tag","embeddable":true,"href":"https:\/\/defabrica.com.mx\/defabrica\/wp-json\/wp\/v2\/product_tag?post=83583"}],"curies":[{"name":"wp","href":"https:\/\/api.w.org\/{rel}","templated":true}]}}