{"id":83436,"date":"2022-06-15T18:30:51","date_gmt":"2022-06-15T23:30:51","guid":{"rendered":"https:\/\/defabrica.com.mx\/defabrica\/?post_type=product&#038;p=83436"},"modified":"2023-01-15T15:55:39","modified_gmt":"2023-01-15T21:55:39","slug":"sony-ex155ap-serie-ex-auriculares-intrauditivos-con-cable-negro","status":"publish","type":"product","link":"https:\/\/defabrica.com.mx\/defabrica\/producto\/sony-ex155ap-serie-ex-auriculares-intrauditivos-con-cable-negro\/","title":{"rendered":"Sony &#8211; EX155AP Serie EX Auriculares intrauditivos con cable &#8211; Negro"},"content":{"rendered":"<p>Disfruta de tus canciones favoritas con estos auriculares internos de Sony.\u00a0Los controladores de neodimio tipo c\u00fapula de 9 mm brindan un sonido potente pero equilibrado, y los auriculares h\u00edbridos de silicona brindan un ajuste seguro que es c\u00f3modo para largas sesiones de escucha.\u00a0El dise\u00f1o liviano de estos aud\u00edfonos internos de Sony minimiza el volumen, por lo que apenas los siente en sus o\u00eddos.<\/p>\n<h3><\/h3>\n<h3 class=\"heading-5 v-fw-regular feature-heading\"><strong>Caracter\u00edsticas<\/strong><\/h3>\n<ul>\n<li><strong>dise\u00f1o en la oreja<\/strong><br \/>\nSe ajusta de forma segura y dirige la m\u00fasica a tus o\u00eddos para un audio completo e ininterrumpido.<\/li>\n<li><strong>conector de 3,5 mm<\/strong><br \/>\nPermite opciones de conexi\u00f3n flexibles.<\/li>\n<li><strong>Micr\u00f3fono en l\u00ednea<\/strong><br \/>\nLe permite disfrutar de llamadas con manos libres.<\/li>\n<li><strong>controladores de 9 mm<\/strong><br \/>\nOfrece un sonido potente.<\/li>\n<li><strong>Respuesta de frecuencia de auriculares de 5 Hz &#8211; 24 kHz<\/strong><br \/>\nJunto con una respuesta de frecuencia de micr\u00f3fono de 20 Hz &#8211; 20 kHz, garantiza una reproducci\u00f3n fiel del sonido.<\/li>\n<li><strong>impedancia de 16 ohmios<\/strong><br \/>\nPara conducir eficientemente el poder.<\/li>\n<li><strong>Dise\u00f1o de transductor din\u00e1mico<\/strong><br \/>\nPara audio de calidad de referencia.<\/li>\n<li><strong>sensibilidad 103dB\/mW<\/strong><br \/>\nProporciona un audio potente.<\/li>\n<li><strong>Dise\u00f1o est\u00e9reo<\/strong><br \/>\nOfrece tonos n\u00edtidos.<\/li>\n<li><strong>Dise\u00f1o ligero<\/strong><br \/>\nProporciona una comodidad duradera mientras escucha.<\/li>\n<\/ul>\n","protected":false},"excerpt":{"rendered":"<p>Disfruta de tus canciones favoritas con estos auriculares internos de Sony.\u00a0Los controladores de neodimio tipo c\u00fapula de 9 mm brindan un sonido potente pero equilibrado, y los auriculares h\u00edbridos de<\/p>\n","protected":false},"featured_media":83437,"comment_status":"open","ping_status":"closed","template":"","meta":{"_acf_changed":false,"_joinchat":[]},"product_brand":[],"product_cat":[1517,294,300,736],"product_tag":[],"class_list":{"0":"post-83436","1":"product","2":"type-product","3":"status-publish","4":"has-post-thumbnail","6":"product_cat-ofertas-audio","7":"product_cat-audio","8":"product_cat-audifonos","9":"product_cat-alambricos","11":"first","12":"instock","13":"sale","14":"shipping-taxable","15":"purchasable","16":"product-type-simple"},"acf":[],"_links":{"self":[{"href":"https:\/\/defabrica.com.mx\/defabrica\/wp-json\/wp\/v2\/product\/83436","targetHints":{"allow":["GET"]}}],"collection":[{"href":"https:\/\/defabrica.com.mx\/defabrica\/wp-json\/wp\/v2\/product"}],"about":[{"href":"https:\/\/defabrica.com.mx\/defabrica\/wp-json\/wp\/v2\/types\/product"}],"replies":[{"embeddable":true,"href":"https:\/\/defabrica.com.mx\/defabrica\/wp-json\/wp\/v2\/comments?post=83436"}],"wp:featuredmedia":[{"embeddable":true,"href":"https:\/\/defabrica.com.mx\/defabrica\/wp-json\/wp\/v2\/media\/83437"}],"wp:attachment":[{"href":"https:\/\/defabrica.com.mx\/defabrica\/wp-json\/wp\/v2\/media?parent=83436"}],"wp:term":[{"taxonomy":"product_brand","embeddable":true,"href":"https:\/\/defabrica.com.mx\/defabrica\/wp-json\/wp\/v2\/product_brand?post=83436"},{"taxonomy":"product_cat","embeddable":true,"href":"https:\/\/defabrica.com.mx\/defabrica\/wp-json\/wp\/v2\/product_cat?post=83436"},{"taxonomy":"product_tag","embeddable":true,"href":"https:\/\/defabrica.com.mx\/defabrica\/wp-json\/wp\/v2\/product_tag?post=83436"}],"curies":[{"name":"wp","href":"https:\/\/api.w.org\/{rel}","templated":true}]}}