{"id":83306,"date":"2022-06-13T22:29:46","date_gmt":"2022-06-14T03:29:46","guid":{"rendered":"https:\/\/defabrica.com.mx\/defabrica\/?post_type=product&#038;p=83306"},"modified":"2022-12-11T13:07:58","modified_gmt":"2022-12-11T19:07:58","slug":"soundcore-por-anker-life-tune-xr-auriculares-inalambricos-activos-con-cancelacion-de-ruido-sobre-la-oreja-negro","status":"publish","type":"product","link":"https:\/\/defabrica.com.mx\/defabrica\/producto\/soundcore-por-anker-life-tune-xr-auriculares-inalambricos-activos-con-cancelacion-de-ruido-sobre-la-oreja-negro\/","title":{"rendered":"Soundcore &#8211; por Anker Life Tune XR Auriculares inal\u00e1mbricos activos con cancelaci\u00f3n de ruido sobre la oreja &#8211; Negro"},"content":{"rendered":"<div class=\"embedded-component-container lv product-description\">\n<div>\n<div id=\"shop-product-description-72198970\" class=\"_none\" data-version=\"1.3.44\">\n<div class=\"shop-product-description\">\n<section class=\"align-heading-left\" data-reactroot=\"\">\n<div class=\"long-description-container body-copy \">\n<div class=\"html-fragment\">Soundcore Life Tune XR son auriculares con cancelaci\u00f3n activa de ruido con sonido certificado de alta resoluci\u00f3n.\u00a0La tecnolog\u00eda de cancelaci\u00f3n de ruido multimodo detecta y cancela el ruido exterior.\u00a0\u00daselo para llamadas con micr\u00f3fonos duales y tenga largas sesiones de escucha de 60 horas gracias a la larga duraci\u00f3n de la bater\u00eda y los c\u00f3modos auriculares.<\/div>\n<\/div>\n<\/section>\n<\/div>\n<\/div>\n<\/div>\n<\/div>\n<div class=\"embedded-component-container lv product-features\">\n<h3><\/h3>\n<h3 class=\"heading-5 v-fw-regular feature-heading\"><strong>Caracter\u00edsticas<\/strong><\/h3>\n<ul>\n<li><strong>Sonido certificado de alta resoluci\u00f3n<\/strong><br \/>\nLos aud\u00edfonos con cancelaci\u00f3n activa de ruido Life Tune tienen controladores de 40 mm con diafragmas de seda altamente flexibles que reproducen graves profundos y resonantes y agudos n\u00edtidos hasta 40 kHz, lo que garantiza que la m\u00fasica tenga una claridad mejorada y detalles precisos<\/li>\n<li><strong>Cancelaci\u00f3n de ruido multimodo<\/strong><br \/>\nLa cancelaci\u00f3n de ruido activa h\u00edbrida de Life Tune utiliza micr\u00f3fonos internos y externos para detectar y cancelar hasta el 95 % del ruido del motor. Los modos Transporte, Interior y Exterior adaptan la cancelaci\u00f3n de ruido para bloquear ruidos espec\u00edficos de manera m\u00e1s efectiva<\/li>\n<li><strong>Mejora de voz para llamadas<\/strong><br \/>\nAl emparejar 2 micr\u00f3fonos con un algoritmo de reducci\u00f3n de ruido, los auriculares con cancelaci\u00f3n activa de ruido Life Tune eliminan los ruidos ambientales que distraen para que suene n\u00edtido al hacer llamadas.<\/li>\n<li><strong>Tiempo de reproducci\u00f3n de 60 horas<\/strong><br \/>\nEscuche hasta 60 horas con una sola carga en modo est\u00e1ndar y 40 horas en modo de cancelaci\u00f3n de ruido. Para aumentar la potencia, c\u00e1rguelo durante 5 minutos y obtenga 4 horas de reproducci\u00f3n<\/li>\n<li><strong>Comodidad duradera<\/strong><br \/>\nCon un peso de 9 oz (260 g), Life Tune es un 10 % m\u00e1s liviano que los auriculares est\u00e1ndar con cancelaci\u00f3n activa de ruido. Los auriculares y la banda para la cabeza cuentan con un acolchado de espuma con memoria cubierto con cuero de prote\u00edna suave para brindar comodidad durante todo el d\u00eda para las orejas y la cabeza.<\/li>\n<\/ul>\n<\/div>\n","protected":false},"excerpt":{"rendered":"<p>Soundcore Life Tune XR son auriculares con cancelaci\u00f3n activa de ruido con sonido certificado de alta resoluci\u00f3n.\u00a0La tecnolog\u00eda de cancelaci\u00f3n de ruido multimodo detecta y cancela el ruido exterior.\u00a0\u00daselo para<\/p>\n","protected":false},"featured_media":83308,"comment_status":"open","ping_status":"closed","template":"","meta":{"_acf_changed":false,"_joinchat":[]},"product_brand":[],"product_cat":[294,300,304],"product_tag":[],"class_list":{"0":"post-83306","1":"product","2":"type-product","3":"status-publish","4":"has-post-thumbnail","6":"product_cat-audio","7":"product_cat-audifonos","8":"product_cat-inalambricos","10":"first","11":"instock","12":"sale","13":"shipping-taxable","14":"purchasable","15":"product-type-simple"},"acf":[],"_links":{"self":[{"href":"https:\/\/defabrica.com.mx\/defabrica\/wp-json\/wp\/v2\/product\/83306","targetHints":{"allow":["GET"]}}],"collection":[{"href":"https:\/\/defabrica.com.mx\/defabrica\/wp-json\/wp\/v2\/product"}],"about":[{"href":"https:\/\/defabrica.com.mx\/defabrica\/wp-json\/wp\/v2\/types\/product"}],"replies":[{"embeddable":true,"href":"https:\/\/defabrica.com.mx\/defabrica\/wp-json\/wp\/v2\/comments?post=83306"}],"wp:featuredmedia":[{"embeddable":true,"href":"https:\/\/defabrica.com.mx\/defabrica\/wp-json\/wp\/v2\/media\/83308"}],"wp:attachment":[{"href":"https:\/\/defabrica.com.mx\/defabrica\/wp-json\/wp\/v2\/media?parent=83306"}],"wp:term":[{"taxonomy":"product_brand","embeddable":true,"href":"https:\/\/defabrica.com.mx\/defabrica\/wp-json\/wp\/v2\/product_brand?post=83306"},{"taxonomy":"product_cat","embeddable":true,"href":"https:\/\/defabrica.com.mx\/defabrica\/wp-json\/wp\/v2\/product_cat?post=83306"},{"taxonomy":"product_tag","embeddable":true,"href":"https:\/\/defabrica.com.mx\/defabrica\/wp-json\/wp\/v2\/product_tag?post=83306"}],"curies":[{"name":"wp","href":"https:\/\/api.w.org\/{rel}","templated":true}]}}