{"id":82859,"date":"2022-06-12T12:11:21","date_gmt":"2022-06-12T17:11:21","guid":{"rendered":"https:\/\/defabrica.com.mx\/defabrica\/?post_type=product&#038;p=82859"},"modified":"2022-12-11T12:55:42","modified_gmt":"2022-12-11T18:55:42","slug":"apple-ipad-pro-9-7-32gb-wi-fi-tablet-mlmn2ll-a-usado-gris-espacial","status":"publish","type":"product","link":"https:\/\/defabrica.com.mx\/defabrica\/producto\/apple-ipad-pro-9-7-32gb-wi-fi-tablet-mlmn2ll-a-usado-gris-espacial\/","title":{"rendered":"Apple iPad Pro 9.7&#8243; 32GB Wi-Fi Tablet (MLMN2LL\/A) &#8211; Usado &#8211; Gris espacial"},"content":{"rendered":"<div class=\"embedded-component-container lv product-description\">\n<div>\n<div id=\"shop-product-description-35103489\" class=\"_none\" data-version=\"1.3.44\">\n<div class=\"shop-product-description\">\n<section class=\"align-heading-left\" data-reactroot=\"\">\n<div class=\"long-description-container body-copy \">\n<div class=\"html-fragment\">\n<p>Los dispositivos iPad Pro de 9,7 pulgadas, este modelo solo con Wi-Fi y su gemelo equipado con celular, cuentan con una pantalla \u00abRetina\u00bb sensible al tacto con Balance de blancos din\u00e1mico que ajusta la tecnolog\u00eda \u00abTrue Tone\u00bb, as\u00ed como un revestimiento antirreflectante resistente a las huellas dactilares.\u00a0Los modelos iPad Pro de 9,7 pulgadas funcionan con un procesador Apple A9X.\u00a0Otras caracter\u00edsticas importantes incluyen c\u00e1maras duales: una c\u00e1mara \u00abiSight\u00bb de 12 megap\u00edxeles montada en la parte trasera capaz de tomar fotograf\u00edas y videos 4K y una c\u00e1mara \u00abFaceTime HD\u00bb de 5 megap\u00edxeles montada en la parte delantera capaz de tomar fotograf\u00edas y videos de 720p, banda dual 802.11a \/b\/g\/n\/ac Wi-Fi con HT80 con capacidad MIMO y Bluetooth 4.2,\u00a0as\u00ed como micr\u00f3fonos duales y dos conjuntos de altavoces est\u00e9reo dise\u00f1ados para cambiar autom\u00e1ticamente al conjunto que es menos probable que el usuario silencie.<\/p>\n<h3><\/h3>\n<h3 class=\"heading-5 v-fw-regular feature-heading\"><strong>Caracter\u00edsticas<\/strong><\/h3>\n<div class=\"feature-body-container\">\n<div class=\"features-list-container\">\n<div class=\"features-list all-features\">\n<div class=\"list-row\">\n<ul>\n<li><strong>Memoria<\/strong><br \/>\nMemoria: 32GB 2GB RAM<\/li>\n<li><strong>C\u00e1mara<\/strong><br \/>\nC\u00e1mara: Principal de 12 MP, Selfie de 7 MP &#8211; con flash de dos tonos de doble LED, HDR<\/li>\n<li><strong>Plataforma<\/strong><br \/>\nPlataforma: iPadOS, Chipset &#8211; Apple A9X, Procesador &#8211; Dual-core 2.16 GHz, Gr\u00e1ficos &#8211; PowerVR Series 7<\/li>\n<li><strong>Duraci\u00f3n de la bater\u00eda<\/strong><br \/>\nBater\u00eda: Li-Ion 7306 mAh, no extra\u00edble (27,9 Wh)<\/li>\n<\/ul>\n<\/div>\n<\/div>\n<\/div>\n<\/div>\n<\/div>\n<\/div>\n<\/section>\n<\/div>\n<\/div>\n<\/div>\n<\/div>\n","protected":false},"excerpt":{"rendered":"<p>Los dispositivos iPad Pro de 9,7 pulgadas, este modelo solo con Wi-Fi y su gemelo equipado con celular, cuentan con una pantalla \u00abRetina\u00bb sensible al tacto con Balance de blancos<\/p>\n","protected":false},"featured_media":82862,"comment_status":"open","ping_status":"closed","template":"","meta":{"_acf_changed":false,"_joinchat":[]},"product_brand":[],"product_cat":[408,409,256,410],"product_tag":[],"class_list":{"0":"post-82859","1":"product","2":"type-product","3":"status-publish","4":"has-post-thumbnail","6":"product_cat-celulares-y-tablets","7":"product_cat-tablets-y-ipad","8":"product_cat-ipad","9":"product_cat-todas-las-tablets","11":"first","12":"instock","13":"sale","14":"shipping-taxable","15":"purchasable","16":"product-type-simple"},"acf":[],"_links":{"self":[{"href":"https:\/\/defabrica.com.mx\/defabrica\/wp-json\/wp\/v2\/product\/82859","targetHints":{"allow":["GET"]}}],"collection":[{"href":"https:\/\/defabrica.com.mx\/defabrica\/wp-json\/wp\/v2\/product"}],"about":[{"href":"https:\/\/defabrica.com.mx\/defabrica\/wp-json\/wp\/v2\/types\/product"}],"replies":[{"embeddable":true,"href":"https:\/\/defabrica.com.mx\/defabrica\/wp-json\/wp\/v2\/comments?post=82859"}],"wp:featuredmedia":[{"embeddable":true,"href":"https:\/\/defabrica.com.mx\/defabrica\/wp-json\/wp\/v2\/media\/82862"}],"wp:attachment":[{"href":"https:\/\/defabrica.com.mx\/defabrica\/wp-json\/wp\/v2\/media?parent=82859"}],"wp:term":[{"taxonomy":"product_brand","embeddable":true,"href":"https:\/\/defabrica.com.mx\/defabrica\/wp-json\/wp\/v2\/product_brand?post=82859"},{"taxonomy":"product_cat","embeddable":true,"href":"https:\/\/defabrica.com.mx\/defabrica\/wp-json\/wp\/v2\/product_cat?post=82859"},{"taxonomy":"product_tag","embeddable":true,"href":"https:\/\/defabrica.com.mx\/defabrica\/wp-json\/wp\/v2\/product_tag?post=82859"}],"curies":[{"name":"wp","href":"https:\/\/api.w.org\/{rel}","templated":true}]}}