{"id":82630,"date":"2022-06-11T16:57:41","date_gmt":"2022-06-11T21:57:41","guid":{"rendered":"https:\/\/defabrica.com.mx\/defabrica\/?post_type=product&#038;p=82630"},"modified":"2022-07-05T12:03:44","modified_gmt":"2022-07-05T17:03:44","slug":"apple-ipad-air-2-a-generacion-2014-wi-fi-32-gb-plateado","status":"publish","type":"product","link":"https:\/\/defabrica.com.mx\/defabrica\/producto\/apple-ipad-air-2-a-generacion-2014-wi-fi-32-gb-plateado\/","title":{"rendered":"Apple iPad Air (2.\u00aa generaci\u00f3n) (2014) Wi-Fi &#8211; 32 GB &#8211; Plateado"},"content":{"rendered":"<div class=\"product-description\"><span>Con una magn\u00edfica pantalla Retina de 9,7 pulgadas y un dise\u00f1o de solo 6,1 mm de grosor y un peso de solo 0,96 libras, el iPad Air 2 es tan port\u00e1til como capaz.\u00a0Tiene un potente chip A8X con arquitectura de escritorio de 64 bits, c\u00e1maras iSight y FaceTime HD, sensor de huellas dactilares Touch ID, conectividad Wi-Fi y hasta ocho horas de duraci\u00f3n de la bater\u00eda.\u00a0Tambi\u00e9n incluye excelentes aplicaciones para la productividad y la creatividad y potentes funciones en iOS 9, como la multitarea.\u00a0Hay aplicaciones para iPad a\u00fan m\u00e1s incre\u00edbles disponibles en la App Store.<\/span><\/div>\n<div class=\"product-description-banners-lv\">\n<div class=\"product-description-banner\" data-track=\"description-html-asset:Apple Brand Store at Best Buy.\">\n<h3><\/h3>\n<h3 class=\"heading-5 v-fw-regular feature-heading\"><strong>Caracter\u00edsticas<\/strong><\/h3>\n<ul>\n<li><strong>Sistema operativo m\u00f3vil avanzado<\/strong><br \/>\niOS es a\u00fan m\u00e1s f\u00e1cil de usar con funciones como el Centro de control, AirDrop y una multitarea m\u00e1s inteligente. Y debido a que est\u00e1 dise\u00f1ado para iPad, todo no solo se ve hermoso, sino que funciona maravillosamente.<\/li>\n<li><strong>Pantalla Retina de 9,7&#8243; con resoluci\u00f3n de 2048 x 1536<\/strong><br \/>\nLa alta densidad de p\u00edxeles y el contraste din\u00e1mico de la imagen hacen que las palabras, las im\u00e1genes y los videos sean f\u00e1ciles de ver en cualquier condici\u00f3n de iluminaci\u00f3n, incluso al aire libre.<\/li>\n<li><strong>Almacenamiento interno de 32GB<\/strong><br \/>\nMucho espacio de almacenamiento integrado para fotos, videos, documentos y m\u00e1s.<\/li>\n<li><strong>Chip A8X con arquitectura de 64 bits<\/strong><br \/>\nOfrece un rendimiento receptivo, transmisi\u00f3n de video fluida y acceso r\u00e1pido a la web y al correo electr\u00f3nico.<\/li>\n<li><strong>C\u00e1maras duales para fotos y chat cara a cara<\/strong><br \/>\nCuenta con una c\u00e1mara trasera de 8.0MP y una c\u00e1mara frontal de 1.2MP con estabilizador de video, toque para enfocar, geoetiquetado de fotos y videos, detecci\u00f3n de rostros en im\u00e1genes fijas y enfoque autom\u00e1tico.<\/li>\n<\/ul>\n<\/div>\n<\/div>\n","protected":false},"excerpt":{"rendered":"<p>Con una magn\u00edfica pantalla Retina de 9,7 pulgadas y un dise\u00f1o de solo 6,1 mm de grosor y un peso de solo 0,96 libras, el iPad Air 2 es tan<\/p>\n","protected":false},"featured_media":82632,"comment_status":"open","ping_status":"closed","template":"","meta":{"_acf_changed":false,"_joinchat":[]},"product_brand":[],"product_cat":[408,409,256,410],"product_tag":[],"class_list":{"0":"post-82630","1":"product","2":"type-product","3":"status-publish","4":"has-post-thumbnail","6":"product_cat-celulares-y-tablets","7":"product_cat-tablets-y-ipad","8":"product_cat-ipad","9":"product_cat-todas-las-tablets","11":"first","12":"instock","13":"sale","14":"shipping-taxable","15":"purchasable","16":"product-type-simple"},"acf":[],"_links":{"self":[{"href":"https:\/\/defabrica.com.mx\/defabrica\/wp-json\/wp\/v2\/product\/82630","targetHints":{"allow":["GET"]}}],"collection":[{"href":"https:\/\/defabrica.com.mx\/defabrica\/wp-json\/wp\/v2\/product"}],"about":[{"href":"https:\/\/defabrica.com.mx\/defabrica\/wp-json\/wp\/v2\/types\/product"}],"replies":[{"embeddable":true,"href":"https:\/\/defabrica.com.mx\/defabrica\/wp-json\/wp\/v2\/comments?post=82630"}],"wp:featuredmedia":[{"embeddable":true,"href":"https:\/\/defabrica.com.mx\/defabrica\/wp-json\/wp\/v2\/media\/82632"}],"wp:attachment":[{"href":"https:\/\/defabrica.com.mx\/defabrica\/wp-json\/wp\/v2\/media?parent=82630"}],"wp:term":[{"taxonomy":"product_brand","embeddable":true,"href":"https:\/\/defabrica.com.mx\/defabrica\/wp-json\/wp\/v2\/product_brand?post=82630"},{"taxonomy":"product_cat","embeddable":true,"href":"https:\/\/defabrica.com.mx\/defabrica\/wp-json\/wp\/v2\/product_cat?post=82630"},{"taxonomy":"product_tag","embeddable":true,"href":"https:\/\/defabrica.com.mx\/defabrica\/wp-json\/wp\/v2\/product_tag?post=82630"}],"curies":[{"name":"wp","href":"https:\/\/api.w.org\/{rel}","templated":true}]}}