{"id":80299,"date":"2022-05-24T22:22:12","date_gmt":"2022-05-25T03:22:12","guid":{"rendered":"https:\/\/defabrica.com.mx\/defabrica\/?post_type=product&#038;p=80299"},"modified":"2022-07-26T08:03:37","modified_gmt":"2022-07-26T13:03:37","slug":"apple-iphone-11-64-gb-libre-renovado-premuim-5","status":"publish","type":"product","link":"https:\/\/defabrica.com.mx\/defabrica\/producto\/apple-iphone-11-64-gb-libre-renovado-premuim-5\/","title":{"rendered":"Apple iPhone 11 &#8211; 64 GB &#8211; Libre &#8211; Renovado Premuim."},"content":{"rendered":"<div class=\"electro-description clearfix\">\n<div class=\"electro-description clearfix\">\n<div class=\"electro-description clearfix\">\n<div class=\"electro-description clearfix\">\n<div class=\"electro-description clearfix\">\n<div class=\"electro-description clearfix\">\n<div class=\"electro-description clearfix\">\n<div class=\"electro-description clearfix\">\n<div class=\"electro-description clearfix\">\n<div class=\"electro-description clearfix\">\n<div class=\"electro-description clearfix\">\n<div class=\"electro-description clearfix\">\n<div class=\"electro-description clearfix\">\n<h3 style=\"text-align: center;\"><strong>El producto es de alta calidad<\/strong><\/h3>\n<p style=\"text-align: center;\">Inspeccionado, probado y limpiado por t\u00e9cnicos especialistas para funcionar y lucir como nuevo.<\/p>\n<h3 style=\"text-align: center;\"><strong>Garantizado<\/strong>.<\/h3>\n<p style=\"text-align: center;\">Soporte r\u00e1pido para hacer cambios y devoluciones.<br \/>\nElegible para reemplazo o reembolso dentro de 30 d\u00edas siguientes a su recepci\u00f3n si no est\u00e1s satisfecho\/a.<\/p>\n<h3 style=\"text-align: center;\"><strong>\u00bfQu\u00e9 se incluye?<\/strong><\/h3>\n<p style=\"text-align: center;\">Tu Equipo.<br \/>\nHerramienta de extracci\u00f3n de SIM<br \/>\nCargador con certificaci\u00f3n UL<br \/>\nCable con certificaci\u00f3n MFI<br \/>\nSin aud\u00edfonos<\/p>\n<h3><strong>\u00bfQu\u00e9 debo esperar al recibir mi compra?<\/strong><\/h3>\n<p>Todas las compras con descripci\u00f3n \u00a8Renovado Premium\u00a8 vienen con accesorios que pueden no ser originales, pero que ser\u00e1n 100% compatibles y totalmente funcionales. Los cargadores tendr\u00e1n certificaciones UL y los cables de carga cuentan con certificaci\u00f3n MFI. No contienen aud\u00edfonos. Verifica la compatibilidad del operador antes de la compra. Los equipos se empacar\u00e1n en su embalaje original o en una nueva caja para su protecci\u00f3n. Los equipos estar\u00e1n limpios y casi no tendr\u00e1n signos de desgaste o imperfecciones est\u00e9ticas que solo ser\u00e1n visibles cuando se sostengan a menos de un brazo de distancia. Los equipos cuentan con bater\u00edas que superan el 80% de capacidad en relaci\u00f3n con las nuevas y funcionar\u00e1n como nuevas. El equipo se encuentra restaurado a su configuraci\u00f3n original de f\u00e1brica.<\/p>\n<h3><strong>\u00bfQu\u00e9 pasa si no estoy completamente satisfecho\/a con mi producto?<\/strong><\/h3>\n<p>En deFabrica queremos que est\u00e9s a gusto con tu compra. Sin embargo, si no est\u00e1s completamente a gusto, eres elegible para un reemplazo o un reembolso en el lapso de los 30 d\u00edas posteriores a la recepci\u00f3n de tu compra.<\/p>\n<h3><strong>\u00bfQu\u00e9 es la certificaci\u00f3n UL?<\/strong><\/h3>\n<p>La Marca UL es la prueba m\u00e1s reconocida, valorada y aceptada de que un producto cumple con los requisitos de seguridad.<\/p>\n<\/div>\n<\/div>\n<\/div>\n<\/div>\n<\/div>\n<\/div>\n<\/div>\n<\/div>\n<\/div>\n<\/div>\n<\/div>\n<\/div>\n<\/div>\n","protected":false},"excerpt":{"rendered":"<p>El producto es de alta calidad Inspeccionado, probado y limpiado por t\u00e9cnicos especialistas para funcionar y lucir como nuevo. Garantizado. Soporte r\u00e1pido para hacer cambios y devoluciones. Elegible para reemplazo<\/p>\n","protected":false},"featured_media":80301,"comment_status":"open","ping_status":"closed","template":"","meta":{"_acf_changed":false,"_joinchat":[]},"product_brand":[],"product_cat":[1646,1514,408,265,276],"product_tag":[],"class_list":{"0":"post-80299","1":"product","2":"type-product","3":"status-publish","4":"has-post-thumbnail","6":"product_cat-apple-renovados","7":"product_cat-ofetas-celytab","8":"product_cat-celulares-y-tablets","9":"product_cat-celulares","10":"product_cat-todos-los-celulares","12":"first","13":"instock","14":"sale","15":"shipping-taxable","16":"purchasable","17":"product-type-simple"},"acf":[],"_links":{"self":[{"href":"https:\/\/defabrica.com.mx\/defabrica\/wp-json\/wp\/v2\/product\/80299","targetHints":{"allow":["GET"]}}],"collection":[{"href":"https:\/\/defabrica.com.mx\/defabrica\/wp-json\/wp\/v2\/product"}],"about":[{"href":"https:\/\/defabrica.com.mx\/defabrica\/wp-json\/wp\/v2\/types\/product"}],"replies":[{"embeddable":true,"href":"https:\/\/defabrica.com.mx\/defabrica\/wp-json\/wp\/v2\/comments?post=80299"}],"wp:featuredmedia":[{"embeddable":true,"href":"https:\/\/defabrica.com.mx\/defabrica\/wp-json\/wp\/v2\/media\/80301"}],"wp:attachment":[{"href":"https:\/\/defabrica.com.mx\/defabrica\/wp-json\/wp\/v2\/media?parent=80299"}],"wp:term":[{"taxonomy":"product_brand","embeddable":true,"href":"https:\/\/defabrica.com.mx\/defabrica\/wp-json\/wp\/v2\/product_brand?post=80299"},{"taxonomy":"product_cat","embeddable":true,"href":"https:\/\/defabrica.com.mx\/defabrica\/wp-json\/wp\/v2\/product_cat?post=80299"},{"taxonomy":"product_tag","embeddable":true,"href":"https:\/\/defabrica.com.mx\/defabrica\/wp-json\/wp\/v2\/product_tag?post=80299"}],"curies":[{"name":"wp","href":"https:\/\/api.w.org\/{rel}","templated":true}]}}