{"id":78761,"date":"2022-05-18T12:51:17","date_gmt":"2022-05-18T17:51:17","guid":{"rendered":"https:\/\/defabrica.com.mx\/defabrica\/?post_type=product&#038;p=78761"},"modified":"2023-01-15T12:16:52","modified_gmt":"2023-01-15T18:16:52","slug":"toshiba-smart-fire-tv-led-4k-uhd-serie-c350-de-75","status":"publish","type":"product","link":"https:\/\/defabrica.com.mx\/defabrica\/producto\/toshiba-smart-fire-tv-led-4k-uhd-serie-c350-de-75\/","title":{"rendered":"Toshiba &#8211; Smart Fire TV LED 4K UHD serie C350 de 75&#8243;"},"content":{"rendered":"<div class=\"product-description\">La serie C350 de Toshiba crea un mundo inteligente impresionante y conmovedor para su relajante experiencia visual, gracias a la constante innovaci\u00f3n de tecnolog\u00edas avanzadas.\u00a0Las im\u00e1genes realistas saltan de la pantalla con una incre\u00edble resoluci\u00f3n 4K Ultra HD, en \u00faltima instancia, la belleza de los detalles y el color natural original.\u00a0Para una experiencia de audio m\u00e1s inmersiva, una soluci\u00f3n de posprocesamiento de audio de primera calidad eleva la experiencia de entretenimiento que eleva el formato de sonido envolvente de DTS Virtual:.X.<\/div>\n<div class=\"product-description-banners-lv\">\n<div class=\"product-description-banner\" data-track=\"description-html-asset:Find the perfect TV.\">\n<h3><\/h3>\n<h3 class=\"heading-5 v-fw-regular feature-heading\"><strong>Caracter\u00edsticas<\/strong><\/h3>\n<ul>\n<li><strong>fuegoTV<\/strong><br \/>\nFire TV re\u00fane TV en vivo, por aire, canales de transmisi\u00f3n y sus aplicaciones favoritas en una conveniente pantalla de inicio. Es posible que se requieran suscripciones. Disponibilidad de contenido sujeta a cambios.<\/li>\n<li><strong>Motor Regza 4K<\/strong><br \/>\nRegza Engine 4K es el motor 4K de alto rendimiento de Toshiba para una calidad de imagen sorprendente, con tecnolog\u00eda PQ ultra esencial combinada con un panel LCD de alta calidad, puede obtener im\u00e1genes incre\u00edbles Ultra HD 4K con una calidad de imagen impresionante.<\/li>\n<li><strong>resoluci\u00f3n 4K<\/strong><br \/>\n4 veces la resoluci\u00f3n de Full HD, cuatro veces el detalle. Con Toshiba 4K TV, puede disfrutar de im\u00e1genes claras y n\u00edtidas sin concesiones para una calidad de cine profesional totalmente inmersiva.<\/li>\n<li><strong>Dolby Vision\u2122 HDR y HDR10*<\/strong><br \/>\nDolby Vision HDR y HDR10 transforman su televisor en una potencia de entretenimiento. La tecnolog\u00eda de imagen de los cines, ahora reunida en el hogar, brinda un realismo incre\u00edble que ver\u00e1, escuchar\u00e1 y sentir\u00e1 como nunca antes.<\/li>\n<li><strong>DTS\u00ae Virtual: X\u2122<\/strong><br \/>\nLa tecnolog\u00eda DTS Virtual: X es un paquete de posprocesamiento avanzado escalable y vers\u00e1til que crea una experiencia de audio inmersiva al virtualizar el contenido de altura sobre los est\u00e9reos tradicionales.<\/li>\n<li><strong>Dise\u00f1o sin bisel<\/strong><br \/>\nEl C350 est\u00e1 dise\u00f1ado con un hermoso dise\u00f1o sin marco para brindarle un \u00e1rea de pantalla m\u00e1s visible.<\/li>\n<li><strong>Presiona y pregunta a Alexa<\/strong><br \/>\nUse el Alexa Voice Remote incluido para administrar la potencia, el volumen, la navegaci\u00f3n, la reproducci\u00f3n y el cambio de entrada del televisor. O simplemente presione el bot\u00f3n del micr\u00f3fono y diga \u00abBuscar dramas\u00bb, y Alexa le mostrar\u00e1 los resultados de b\u00fasqueda de un cat\u00e1logo central de cientos de aplicaciones y canales integrados.<\/li>\n<li><strong>Modo de juego autom\u00e1tico de baja latencia<\/strong><br \/>\nDisfruta de una mejor experiencia de juego. En el modo de juego, el retraso de entrada se mejora significativamente, por lo que sus comandos desde el controlador son pr\u00e1cticamente instant\u00e1neos en la pantalla. El C350 est\u00e1 listo para todo lo que las consolas de juegos de \u00faltima generaci\u00f3n puedan ofrecerle.<\/li>\n<li><strong>Tecnolog\u00eda PQ ultra esencial<\/strong><br \/>\nEl panel Ultra HD 4K expresa una calidad de imagen cuatro veces m\u00e1s detallada en p\u00edxeles que Full HD. Regza 4K Engine optimiza cada detalle de la imagen y la salida de color para lograr una calidad de imagen &#8216;real como es&#8217; para maximizar sus emociones.<\/li>\n<li><strong>Remasterizaci\u00f3n de color<\/strong><br \/>\nLa tecnolog\u00eda Color Re-master est\u00e1 ah\u00ed para restaurar el color original de la imagen original tan natural y colorido como deber\u00eda ser.<\/li>\n<li><strong>Los servicios y contenidos basados \u200b\u200ben la Web requieren un servicio de Internet de alta velocidad. Algunos servicios pueden requerir una suscripci\u00f3n<\/strong><\/li>\n<li><strong>La experiencia de visualizaci\u00f3n HDR variar\u00e1 seg\u00fan el modelo, la disponibilidad del contenido y la conexi\u00f3n a Internet<\/strong><\/li>\n<li><strong>Airplay de Apple<\/strong><br \/>\nSoporta Apple AirPlay. Comparte videos, fotos, m\u00fasica y m\u00e1s desde un dispositivo Apple a tu televisor con solo tocar un bot\u00f3n.<\/li>\n<li><strong>Accede a miles de programas con Fire TV<\/strong><br \/>\nMira m\u00e1s de 1 mill\u00f3n de pel\u00edculas y episodios de TV en streaming con acceso a miles de canales, aplicaciones y habilidades de Alexa, incluidos Apple TV+, Disney+, Hulu, Netflix, Prime Video, Sling TV, YouTube y otros servicios directamente desde este televisor.*<\/li>\n<\/ul>\n<\/div>\n<\/div>\n","protected":false},"excerpt":{"rendered":"<p>La serie C350 de Toshiba crea un mundo inteligente impresionante y conmovedor para su relajante experiencia visual, gracias a la constante innovaci\u00f3n de tecnolog\u00edas avanzadas.\u00a0Las im\u00e1genes realistas saltan de la<\/p>\n","protected":false},"featured_media":78582,"comment_status":"open","ping_status":"closed","template":"","meta":{"_acf_changed":false,"_joinchat":[]},"product_brand":[],"product_cat":[336,937],"product_tag":[],"class_list":{"0":"post-78761","1":"product","2":"type-product","3":"status-publish","4":"has-post-thumbnail","6":"product_cat-hogar","7":"product_cat-pantallas","9":"first","10":"instock","11":"sale","12":"shipping-taxable","13":"purchasable","14":"product-type-simple"},"acf":[],"_links":{"self":[{"href":"https:\/\/defabrica.com.mx\/defabrica\/wp-json\/wp\/v2\/product\/78761","targetHints":{"allow":["GET"]}}],"collection":[{"href":"https:\/\/defabrica.com.mx\/defabrica\/wp-json\/wp\/v2\/product"}],"about":[{"href":"https:\/\/defabrica.com.mx\/defabrica\/wp-json\/wp\/v2\/types\/product"}],"replies":[{"embeddable":true,"href":"https:\/\/defabrica.com.mx\/defabrica\/wp-json\/wp\/v2\/comments?post=78761"}],"wp:featuredmedia":[{"embeddable":true,"href":"https:\/\/defabrica.com.mx\/defabrica\/wp-json\/wp\/v2\/media\/78582"}],"wp:attachment":[{"href":"https:\/\/defabrica.com.mx\/defabrica\/wp-json\/wp\/v2\/media?parent=78761"}],"wp:term":[{"taxonomy":"product_brand","embeddable":true,"href":"https:\/\/defabrica.com.mx\/defabrica\/wp-json\/wp\/v2\/product_brand?post=78761"},{"taxonomy":"product_cat","embeddable":true,"href":"https:\/\/defabrica.com.mx\/defabrica\/wp-json\/wp\/v2\/product_cat?post=78761"},{"taxonomy":"product_tag","embeddable":true,"href":"https:\/\/defabrica.com.mx\/defabrica\/wp-json\/wp\/v2\/product_tag?post=78761"}],"curies":[{"name":"wp","href":"https:\/\/api.w.org\/{rel}","templated":true}]}}