{"id":78644,"date":"2022-05-17T15:49:45","date_gmt":"2022-05-17T20:49:45","guid":{"rendered":"https:\/\/defabrica.com.mx\/defabrica\/?post_type=product&#038;p=78644"},"modified":"2023-01-15T12:11:37","modified_gmt":"2023-01-15T18:11:37","slug":"hisense-android-tv-serie-a4-de-32","status":"publish","type":"product","link":"https:\/\/defabrica.com.mx\/defabrica\/producto\/hisense-android-tv-serie-a4-de-32\/","title":{"rendered":"Hisense &#8211; Android TV serie A4 de 32&#8243;"},"content":{"rendered":"<div class=\"embedded-component-container lv product-description\">\n<div>\n<div id=\"shop-product-description-8460345\" class=\"_none\" data-version=\"1.3.44\">\n<div class=\"shop-product-description\">\n<section class=\"align-heading-left\" data-reactroot=\"\">\n<div class=\"long-description-container body-copy \">\n<div class=\"html-fragment\">El A4H viene cargado con m\u00e1s tecnolog\u00eda de lo que algunos esperar\u00edan en un televisor tan compacto.\u00a0El control remoto por voz brinda acceso r\u00e1pido al Asistente de Google incorporado, abre la puerta a una amplia biblioteca de contenido y le brinda al usuario control de voz sobre las funciones de TV.\u00a0Motion Rate 120 garantiza que el movimiento del contenido sea suave y n\u00edtido con menos desenfoque.\u00a0Esta funci\u00f3n es importante para los modos de juego y deportes del televisor, que ajustan la configuraci\u00f3n del televisor para una experiencia de visualizaci\u00f3n \u00f3ptima cuando se juegan los \u00faltimos juegos de ritmo r\u00e1pido o se mira contenido de deportes de acci\u00f3n r\u00e1pida.\u00a0El A4H tambi\u00e9n viene con DTS Virtual:X para una experiencia de audio m\u00e1s s\u00f3lida.\u00a0Para el consumidor en el mercado de un televisor de tama\u00f1o m\u00e1s peque\u00f1o que todav\u00eda tiene un gran impacto, no busque m\u00e1s que el A4H.<\/div>\n<\/div>\n<\/section>\n<\/div>\n<\/div>\n<\/div>\n<\/div>\n<div class=\"embedded-component-container lv product-features\">\n<h3><\/h3>\n<h3 class=\"heading-5 v-fw-regular feature-heading\"><strong>Caracter\u00edsticas<\/strong><\/h3>\n<ul>\n<li><strong>Resoluci\u00f3n 720p<\/strong><br \/>\nJunto con la pantalla LCD de alta definici\u00f3n de 720p, encontrar\u00e1 una poderosa retroiluminaci\u00f3n LED de matriz completa en el trabajo que crea una imagen m\u00e1s n\u00edtida y colorida.<\/li>\n<li><strong>televisor android<\/strong><br \/>\nAndroid TV hace que sea m\u00e1s f\u00e1cil obtener m\u00e1s de su televisor. Elija entre m\u00e1s de 700 000 pel\u00edculas y programas de todos los servicios de transmisi\u00f3n.<\/li>\n<li><strong>Tasa de movimiento 120<\/strong><br \/>\nNo se esfuerce por mantener la vista en la pelota: disfrute de deportes, pel\u00edculas y juegos de ritmo r\u00e1pido sin retrasos. Con la tecnolog\u00eda de procesamiento de im\u00e1genes Motion Rate, este televisor mantiene la emoci\u00f3n al hacer que sea f\u00e1cil seguir la acci\u00f3n de movimiento r\u00e1pido.<\/li>\n<li><strong>Modo de juego<\/strong><br \/>\nDisfruta de una mejor experiencia de juego. En el modo de juego, el retraso de entrada se mejora significativamente, por lo que sus comandos desde el controlador son pr\u00e1cticamente instant\u00e1neos en la pantalla.<\/li>\n<li><strong>Modo deportivo<\/strong><br \/>\nCon los ajustes preestablecidos del modo deportivo, el televisor se ajusta autom\u00e1ticamente para optimizar el contenido deportivo. El movimiento es m\u00e1s fluido y el color se ajusta para brindar la mejor experiencia deportiva de la que es capaz el televisor.<\/li>\n<li><strong>Asistente de Google<\/strong><br \/>\nPresione el bot\u00f3n Asistente de Google en su control remoto para hacer m\u00e1s en su televisor con su voz. P\u00eddele a Google que busque los \u00faltimos \u00e9xitos de taquilla, transmite programas o abre juegos multijugador. Haga que aten\u00fae las luces conectando dispositivos dom\u00e9sticos inteligentes. Gestiona tareas y consulta tu calendario.<\/li>\n<li><strong>Chromecast integrado<\/strong><br \/>\nPase de su tel\u00e9fono, tableta o computadora port\u00e1til a su televisor en un instante. Con Chromecast integrado, puede transmitir todas sus pel\u00edculas, programas, aplicaciones, juegos y m\u00e1s favoritos directamente a su televisor.<\/li>\n<li><strong>Control remoto de voz<\/strong><br \/>\nCon el control remoto por voz, puede abrir aplicaciones, ajustar el volumen y buscar sus programas favoritos usando su voz. Simplemente presione el bot\u00f3n GoogleAssistant en su control remoto para hablar con Google.<\/li>\n<\/ul>\n<\/div>\n","protected":false},"excerpt":{"rendered":"<p>El A4H viene cargado con m\u00e1s tecnolog\u00eda de lo que algunos esperar\u00edan en un televisor tan compacto.\u00a0El control remoto por voz brinda acceso r\u00e1pido al Asistente de Google incorporado, abre<\/p>\n","protected":false},"featured_media":78636,"comment_status":"open","ping_status":"closed","template":"","meta":{"_acf_changed":false,"_joinchat":[]},"product_brand":[],"product_cat":[336,937],"product_tag":[],"class_list":{"0":"post-78644","1":"product","2":"type-product","3":"status-publish","4":"has-post-thumbnail","6":"product_cat-hogar","7":"product_cat-pantallas","9":"first","10":"instock","11":"sale","12":"shipping-taxable","13":"purchasable","14":"product-type-simple"},"acf":[],"_links":{"self":[{"href":"https:\/\/defabrica.com.mx\/defabrica\/wp-json\/wp\/v2\/product\/78644","targetHints":{"allow":["GET"]}}],"collection":[{"href":"https:\/\/defabrica.com.mx\/defabrica\/wp-json\/wp\/v2\/product"}],"about":[{"href":"https:\/\/defabrica.com.mx\/defabrica\/wp-json\/wp\/v2\/types\/product"}],"replies":[{"embeddable":true,"href":"https:\/\/defabrica.com.mx\/defabrica\/wp-json\/wp\/v2\/comments?post=78644"}],"wp:featuredmedia":[{"embeddable":true,"href":"https:\/\/defabrica.com.mx\/defabrica\/wp-json\/wp\/v2\/media\/78636"}],"wp:attachment":[{"href":"https:\/\/defabrica.com.mx\/defabrica\/wp-json\/wp\/v2\/media?parent=78644"}],"wp:term":[{"taxonomy":"product_brand","embeddable":true,"href":"https:\/\/defabrica.com.mx\/defabrica\/wp-json\/wp\/v2\/product_brand?post=78644"},{"taxonomy":"product_cat","embeddable":true,"href":"https:\/\/defabrica.com.mx\/defabrica\/wp-json\/wp\/v2\/product_cat?post=78644"},{"taxonomy":"product_tag","embeddable":true,"href":"https:\/\/defabrica.com.mx\/defabrica\/wp-json\/wp\/v2\/product_tag?post=78644"}],"curies":[{"name":"wp","href":"https:\/\/api.w.org\/{rel}","templated":true}]}}