{"id":78567,"date":"2022-05-17T14:40:13","date_gmt":"2022-05-17T19:40:13","guid":{"rendered":"https:\/\/defabrica.com.mx\/defabrica\/?post_type=product&#038;p=78567"},"modified":"2022-12-09T14:18:42","modified_gmt":"2022-12-09T20:18:42","slug":"hisense-televisor-inteligente-led-full-hd-serie-h55-de-43-con-android","status":"publish","type":"product","link":"https:\/\/defabrica.com.mx\/defabrica\/producto\/hisense-televisor-inteligente-led-full-hd-serie-h55-de-43-con-android\/","title":{"rendered":"Hisense &#8211; Televisor inteligente LED Full HD serie H55 de 43&#8243; con Android"},"content":{"rendered":"<div class=\"product-description\">El televisor inteligente Full HD de la serie H55 es una herramienta imprescindible para el entretenimiento que cuenta con un sistema operativo Android (OS) con el Asistente de Google incorporado, para que pueda buscar pel\u00edculas y controlar las luces sin tener que levantarse del sof\u00e1.\u00a0Otros detalles incluyen DTS Studio Sound para un audio n\u00edtido y Bluetooth Audio, para transmitir m\u00fasica a trav\u00e9s de sus auriculares sin la molestia de los cables.\u00a0El tama\u00f1o de la pantalla tambi\u00e9n lo hace ideal para salas y presupuestos m\u00e1s peque\u00f1os.<\/div>\n<div class=\"product-description-banners-lv\">\n<div class=\"product-description-banner\" data-track=\"description-html-asset:Find the perfect TV.\">\n<h3><\/h3>\n<h3 class=\"heading-5 v-fw-regular feature-heading\"><strong>Caracter\u00edsticas<\/strong><\/h3>\n<div class=\"feature-body-container\">\n<div class=\"features-list-container\">\n<div class=\"features-list all-features\">\n<div class=\"list-row\">\n<ul>\n<li><strong>Resoluci\u00f3n FHD<\/strong><br \/>\nLa resoluci\u00f3n Full High Definition 1080p ofrece una imagen n\u00edtida y detallada para una mayor claridad.<\/li>\n<li><strong>Control remoto de voz<\/strong><br \/>\nEl control por voz hace que interactuar con tu Smart TV sea m\u00e1s f\u00e1cil e intuitivo. Abra o busque aplicaciones, controle el volumen y las entradas, o busque sus programas de TV y pel\u00edculas favoritos simplemente con el poder de su voz.<\/li>\n<li><strong>Asistente de Google integrado1<\/strong><br \/>\nEl Asistente de Google* est\u00e1 integrado en Android TV, as\u00ed que d\u00edgale a su televisor que encienda las luces, cambie el termostato, agregue un art\u00edculo a su lista de compras o reproduzca el \u00faltimo video viral. Y con la b\u00fasqueda universal, nunca ha sido tan f\u00e1cil obtener recomendaciones con Android TV.<\/li>\n<li><strong>Chromecast integrado2<\/strong><br \/>\nTransmita fotos, videos y m\u00fasica desde su tel\u00e9fono inteligente a su pantalla grande.<\/li>\n<li><strong>Tasa de movimiento 120<\/strong><br \/>\nLa serie H55 est\u00e1 construida pensando en el movimiento. El procesamiento de im\u00e1genes Motion Rate ayuda a reducir el retraso durante las escenas de movimiento r\u00e1pido.<\/li>\n<li><strong>DTS\u00ae Studio Sound\u2122<\/strong><br \/>\nDTS Studio Sound crea un sonido envolvente virtual para una experiencia de audio n\u00edtida e inmersiva.<\/li>\n<li><strong>Audio Bluetooth\u2122<\/strong><br \/>\nEsta tecnolog\u00eda universal e invisible ampl\u00eda sus opciones de entretenimiento al conectar de forma inal\u00e1mbrica una barra de sonido compatible, auriculares o componentes est\u00e9reo a su televisor.<\/li>\n<li><strong>Se requiere un producto compatible con el Asistente de Google para usar los comandos de voz<\/strong><\/li>\n<li><strong>Chromecast funciona con un iPhone, iPad, tel\u00e9fono o tableta Android compatible, computadora port\u00e1til MacBook o Windows o Chromebook.<\/strong><\/li>\n<\/ul>\n<\/div>\n<\/div>\n<\/div>\n<\/div>\n<\/div>\n<\/div>\n","protected":false},"excerpt":{"rendered":"<p>El televisor inteligente Full HD de la serie H55 es una herramienta imprescindible para el entretenimiento que cuenta con un sistema operativo Android (OS) con el Asistente de Google incorporado,<\/p>\n","protected":false},"featured_media":78535,"comment_status":"open","ping_status":"closed","template":"","meta":{"_acf_changed":false,"_joinchat":[]},"product_brand":[],"product_cat":[336,937],"product_tag":[],"class_list":{"0":"post-78567","1":"product","2":"type-product","3":"status-publish","4":"has-post-thumbnail","6":"product_cat-hogar","7":"product_cat-pantallas","9":"first","10":"instock","11":"sale","12":"shipping-taxable","13":"purchasable","14":"product-type-simple"},"acf":[],"_links":{"self":[{"href":"https:\/\/defabrica.com.mx\/defabrica\/wp-json\/wp\/v2\/product\/78567","targetHints":{"allow":["GET"]}}],"collection":[{"href":"https:\/\/defabrica.com.mx\/defabrica\/wp-json\/wp\/v2\/product"}],"about":[{"href":"https:\/\/defabrica.com.mx\/defabrica\/wp-json\/wp\/v2\/types\/product"}],"replies":[{"embeddable":true,"href":"https:\/\/defabrica.com.mx\/defabrica\/wp-json\/wp\/v2\/comments?post=78567"}],"wp:featuredmedia":[{"embeddable":true,"href":"https:\/\/defabrica.com.mx\/defabrica\/wp-json\/wp\/v2\/media\/78535"}],"wp:attachment":[{"href":"https:\/\/defabrica.com.mx\/defabrica\/wp-json\/wp\/v2\/media?parent=78567"}],"wp:term":[{"taxonomy":"product_brand","embeddable":true,"href":"https:\/\/defabrica.com.mx\/defabrica\/wp-json\/wp\/v2\/product_brand?post=78567"},{"taxonomy":"product_cat","embeddable":true,"href":"https:\/\/defabrica.com.mx\/defabrica\/wp-json\/wp\/v2\/product_cat?post=78567"},{"taxonomy":"product_tag","embeddable":true,"href":"https:\/\/defabrica.com.mx\/defabrica\/wp-json\/wp\/v2\/product_tag?post=78567"}],"curies":[{"name":"wp","href":"https:\/\/api.w.org\/{rel}","templated":true}]}}