{"id":78541,"date":"2022-05-17T14:21:14","date_gmt":"2022-05-17T19:21:14","guid":{"rendered":"https:\/\/defabrica.com.mx\/defabrica\/?post_type=product&#038;p=78541"},"modified":"2022-12-09T14:17:13","modified_gmt":"2022-12-09T20:17:13","slug":"hisense-televisor-inteligente-con-android-uled-4k-uhd-quantum-serie-u6g-de-50","status":"publish","type":"product","link":"https:\/\/defabrica.com.mx\/defabrica\/producto\/hisense-televisor-inteligente-con-android-uled-4k-uhd-quantum-serie-u6g-de-50\/","title":{"rendered":"Hisense &#8211; Televisor inteligente con Android ULED 4K UHD Quantum serie U6G de 50&#8243;"},"content":{"rendered":"<div class=\"product-description\">Llevamos Quantum Dot Color a la gente.\u00a0Disfruta de m\u00e1s de mil millones de colores, sin preocuparte por cu\u00e1ntas comas hay en la etiqueta del precio.\u00a0De nada.\u00a0El U6G tambi\u00e9n tiene resoluci\u00f3n 4K, Dolby Vision HDR y Full Array Local Dimming Zones.\u00a0Suena como ciencia, parece un conjunto mucho m\u00e1s caro.\u00a0Especialmente con un procesador de cuatro n\u00facleos que gestiona todos los algoritmos que suman m\u00e1s colores, m\u00e1s precisi\u00f3n y m\u00e1s ooohhh.<\/div>\n<div class=\"product-description-banners-lv\">\n<div class=\"product-description-banner\" data-track=\"description-html-asset:Find the perfect TV.\">\n<h3><\/h3>\n<h3 class=\"heading-5 v-fw-regular feature-heading\"><strong>Caracter\u00edsticas<\/strong><\/h3>\n<div class=\"feature-body-container\">\n<div class=\"features-list-container\">\n<div class=\"features-list all-features\">\n<div class=\"list-row\">\n<ul>\n<li><strong>4K ULED\u2122<\/strong><br \/>\nComo genial, pero mejor. El 50U6G cuenta con nuestras exclusivas tecnolog\u00edas ULED. Potencian el color, el contraste, el brillo, el movimiento&#8230; podr\u00edamos continuar. Es el televisor que tu antiguo televisor quiere ser.<\/li>\n<li><strong>Dolby Vision\u2122\u2022 Dolby Atmos\u00ae<\/strong><br \/>\nLa imagen Dolby Vision HDR y el sonido Dolby Atmos son tecnolog\u00eda de cine para su hogar. Proporcionan un realismo asombroso que puedes ver y escuchar en cada escena.<\/li>\n<li><strong>televisor android<\/strong><br \/>\nPersonaliza la pantalla de inicio de tu Android TV para mostrar tus aplicaciones, programas y pel\u00edculas favoritas. Cuente el \u00faltimo episodio, contin\u00fae donde lo dej\u00f3 o salte a un nuevo programa en su aplicaci\u00f3n de inicio en muy poco tiempo.<\/li>\n<li><strong>Amplia gama de colores de puntos cu\u00e1nticos<\/strong><br \/>\nVea m\u00e1s de mil millones de sombras. Quantum Dot produce colores m\u00e1s puros, ricos, brillantes y precisos que un televisor LCD normal. Podr\u00edamos entrar en la ciencia. Pero es mucho m\u00e1s f\u00e1cil decir que hace que todos los d\u00edas parezcan el 4 de julio.<\/li>\n<li><strong>Modo cineasta<\/strong><br \/>\nEsta tecnolog\u00eda es una colaboraci\u00f3n entre cineastas, estudios de Hollywood, empresas de electr\u00f3nica de consumo y UHD Alliance. El Modo cineasta muestra el contenido exactamente como lo concibieron los cineastas.<\/li>\n<li><strong>Asistente de Google<\/strong><br \/>\nPresione el bot\u00f3n Asistente de Google en su control remoto para hacer m\u00e1s en su televisor con su voz. P\u00eddele a Google que busque los \u00faltimos \u00e9xitos de taquilla, transmite programas o abre juegos multijugador. Haga que aten\u00fae las luces conectando dispositivos dom\u00e9sticos inteligentes.<\/li>\n<li><strong>Control remoto de voz<\/strong><br \/>\nCon el control remoto por voz, puede abrir aplicaciones, ajustar el volumen y buscar sus programas favoritos usando su voz. Simplemente presione el bot\u00f3n Asistente de Google en su control remoto para hablar con Google.<\/li>\n<li><strong>Zonas de atenuaci\u00f3n local de brillo m\u00e1ximo\/matriz completa<\/strong><br \/>\nComencemos con la ciencia. Cualquier cosa por encima de 500 nits es extremadamente buena. Este es un brillo m\u00e1ximo de 600 nits en 32 zonas de atenuaci\u00f3n locales. Una imagen m\u00e1s brillante y perfectamente iluminada en cualquier condici\u00f3n de luz.<\/li>\n<\/ul>\n<\/div>\n<\/div>\n<\/div>\n<\/div>\n<\/div>\n<\/div>\n","protected":false},"excerpt":{"rendered":"<p>Llevamos Quantum Dot Color a la gente.\u00a0Disfruta de m\u00e1s de mil millones de colores, sin preocuparte por cu\u00e1ntas comas hay en la etiqueta del precio.\u00a0De nada.\u00a0El U6G tambi\u00e9n tiene resoluci\u00f3n<\/p>\n","protected":false},"featured_media":78542,"comment_status":"open","ping_status":"closed","template":"","meta":{"_acf_changed":false,"_joinchat":[]},"product_brand":[],"product_cat":[1522,336,937],"product_tag":[],"class_list":{"0":"post-78541","1":"product","2":"type-product","3":"status-publish","4":"has-post-thumbnail","6":"product_cat-ofertas-hogar","7":"product_cat-hogar","8":"product_cat-pantallas","10":"first","11":"instock","12":"sale","13":"shipping-taxable","14":"purchasable","15":"product-type-simple"},"acf":[],"_links":{"self":[{"href":"https:\/\/defabrica.com.mx\/defabrica\/wp-json\/wp\/v2\/product\/78541","targetHints":{"allow":["GET"]}}],"collection":[{"href":"https:\/\/defabrica.com.mx\/defabrica\/wp-json\/wp\/v2\/product"}],"about":[{"href":"https:\/\/defabrica.com.mx\/defabrica\/wp-json\/wp\/v2\/types\/product"}],"replies":[{"embeddable":true,"href":"https:\/\/defabrica.com.mx\/defabrica\/wp-json\/wp\/v2\/comments?post=78541"}],"wp:featuredmedia":[{"embeddable":true,"href":"https:\/\/defabrica.com.mx\/defabrica\/wp-json\/wp\/v2\/media\/78542"}],"wp:attachment":[{"href":"https:\/\/defabrica.com.mx\/defabrica\/wp-json\/wp\/v2\/media?parent=78541"}],"wp:term":[{"taxonomy":"product_brand","embeddable":true,"href":"https:\/\/defabrica.com.mx\/defabrica\/wp-json\/wp\/v2\/product_brand?post=78541"},{"taxonomy":"product_cat","embeddable":true,"href":"https:\/\/defabrica.com.mx\/defabrica\/wp-json\/wp\/v2\/product_cat?post=78541"},{"taxonomy":"product_tag","embeddable":true,"href":"https:\/\/defabrica.com.mx\/defabrica\/wp-json\/wp\/v2\/product_tag?post=78541"}],"curies":[{"name":"wp","href":"https:\/\/api.w.org\/{rel}","templated":true}]}}