{"id":78497,"date":"2022-05-17T13:22:12","date_gmt":"2022-05-17T18:22:12","guid":{"rendered":"https:\/\/defabrica.com.mx\/defabrica\/?post_type=product&#038;p=78497"},"modified":"2023-01-15T12:02:48","modified_gmt":"2023-01-15T18:02:48","slug":"tcl-75-clase-4-series-4k-uhd-hdr-smart-roku-tv-75s455","status":"publish","type":"product","link":"https:\/\/defabrica.com.mx\/defabrica\/producto\/tcl-75-clase-4-series-4k-uhd-hdr-smart-roku-tv-75s455\/","title":{"rendered":"TCL &#8211; 75&#8243; Clase 4-Series 4K UHD HDR Smart Roku TV &#8211; 75S455"},"content":{"rendered":"<div class=\"embedded-component-container lv product-description\">\n<div>\n<div id=\"shop-product-description-75337594\" class=\"_none\" data-version=\"1.3.44\">\n<div class=\"shop-product-description\">\n<section class=\"align-heading-left\" data-reactroot=\"\">\n<div class=\"long-description-container body-copy \">\n<div class=\"html-fragment\">El televisor TCL Roku de la serie 4 ofrece una calidad de imagen 4K impresionante con cuatro veces la resoluci\u00f3n de Full HD para una mayor claridad y detalle, as\u00ed como entretenimiento sin fin con miles de canales de transmisi\u00f3n.\u00a0La tecnolog\u00eda de alto rango din\u00e1mico (HDR) ofrece colores brillantes y precisos para una experiencia de visualizaci\u00f3n realista.\u00a0Adem\u00e1s, sus programas, pel\u00edculas y eventos deportivos HD favoritos se mejoran a una resoluci\u00f3n casi Ultra HD con 4K Upscaling.\u00a0Su transmisi\u00f3n de TV favorita, canales de transmisi\u00f3n, consola de juegos y otros dispositivos est\u00e1n al frente y al centro dentro de una pantalla de inicio simple y personalizable.\u00a0Ya no es necesario pasar de una entrada a otra ni recorrer men\u00fas complicados.<\/div>\n<\/div>\n<\/section>\n<\/div>\n<\/div>\n<\/div>\n<\/div>\n<div class=\"embedded-component-container lv product-features\">\n<h3><\/h3>\n<h3 class=\"heading-5 v-fw-regular feature-heading\"><strong>Caracter\u00edsticas<\/strong><\/h3>\n<div class=\"feature-body-container\">\n<div class=\"features-list-container\">\n<div class=\"features-list all-features\">\n<div class=\"list-row\">\n<ul>\n<li><strong>Impresionante 4K Ultra HD<\/strong><br \/>\nDisfruta de impresionantes pel\u00edculas y programas de TV 4K con una resoluci\u00f3n 4 veces superior a Full HD. Adem\u00e1s, sus programas, pel\u00edculas y eventos deportivos HD favoritos se mejoran a una resoluci\u00f3n cercana a Ultra HD con 4K Upscaling avanzado.<\/li>\n<li><strong>Alto rango din\u00e1mico<\/strong><br \/>\nHDR ofrece colores brillantes y precisos para una experiencia de visualizaci\u00f3n realista.<\/li>\n<li><strong>Transmite lo que amas<\/strong><br \/>\nDisfruta de TV gratis, noticias en vivo, deportes, pel\u00edculas y m\u00e1s.<\/li>\n<li><strong>Entretenimiento gratuito sin fin<\/strong><br \/>\nAcceda a la mejor selecci\u00f3n de entretenimiento gratuito con m\u00e1s de 250 canales de TV en vivo, los galardonados Roku\u00ae Originals, programas de temporada, pel\u00edculas exitosas, TV para ni\u00f1os y m\u00e1s.<\/li>\n<li><strong>Gu\u00eda de canales de TV en vivo con m\u00e1s de 250 canales gratuitos<\/strong><br \/>\nUse la conveniente gu\u00eda de TV en vivo para navegar por la transmisi\u00f3n de TV y los canales de transmisi\u00f3n en vivo en un solo lugar.<\/li>\n<li><strong>Corte de cable f\u00e1cil<\/strong><br \/>\nLos cortadores de cable pueden acceder a contenido HD gratuito por aire gracias al sintonizador de TV digital avanzado con gu\u00eda de canales en vivo o ver TV en vivo desde servicios populares de reemplazo de cable como Sling, Hulu, fuboTV y m\u00e1s.<\/li>\n<li><strong>B\u00fasqueda r\u00e1pida y f\u00e1cil<\/strong><br \/>\nEncuentra cualquier pel\u00edcula, programa, canci\u00f3n o podcast en miles de canales. Ver\u00e1 d\u00f3nde se transmite de forma gratuita o al costo m\u00e1s bajo.<\/li>\n<li><strong>Obtenga las funciones m\u00e1s recientes autom\u00e1ticamente<\/strong><br \/>\nSu televisor TCL Roku mejora cada vez m\u00e1s con las actualizaciones autom\u00e1ticas de software.<\/li>\n<li><strong>Mando a distancia sencillo<\/strong><br \/>\nEl control remoto s\u00faper simple, con aproximadamente la mitad de la cantidad de botones en un control remoto de TV tradicional, tiene todo lo que necesita para controlar su TV, incluido el acceso de un solo toque a los canales de transmisi\u00f3n populares.<\/li>\n<li><strong>F\u00e1cil b\u00fasqueda y control por voz con la aplicaci\u00f3n m\u00f3vil de Roku<\/strong><br \/>\nEncuentre y reproduzca r\u00e1pidamente su entretenimiento favorito, controle su Roku TV y m\u00e1s usando Roku TV en la aplicaci\u00f3n m\u00f3vil gratuita de Roku.<\/li>\n<li><strong>Funciona con asistentes de voz populares<\/strong><br \/>\nDisfruta de un control de voz f\u00e1cil con Siri, Alexa y Google Assistant.<\/li>\n<li><strong>Comp\u00e1rtelo con Apple AirPlay<\/strong><br \/>\nComparta sin esfuerzo videos, fotos, m\u00fasica y m\u00e1s desde sus dispositivos Apple a su televisor.<\/li>\n<li><strong>Aplicaci\u00f3n m\u00f3vil Roku<\/strong><br \/>\nUse la aplicaci\u00f3n m\u00f3vil gratuita de Roku para iOS\u00ae y Android\u2122 como un segundo control remoto. Disfrute escuchando en privado, busque con su voz o teclado y guarde programas para m\u00e1s tarde.<\/li>\n<li><strong>Dise\u00f1o premium con FullView<\/strong><br \/>\nUn acabado de metal elegante, un perfil delgado y un dise\u00f1o de vidrio de borde a borde FullView le dan estilo y sofisticaci\u00f3n a su sistema de cine en casa.<\/li>\n<li><strong>F\u00e1cil actualizaci\u00f3n de audio con barras de sonido Alto<\/strong><br \/>\nActualice f\u00e1cilmente el sonido de su televisor con un control remoto, configuraciones r\u00e1pidas y una configuraci\u00f3n simple. Solo busque las barras de sonido TCL Alto (se venden por separado) con la insignia Roku TV Ready\u2122.<\/li>\n<li><strong>Puerto WiFi y Ethernet de doble banda<\/strong><br \/>\nGet fast and easy access to your favorite content with the dual-band WiFi 5 connection or plug into the Ethernet port.<\/li>\n<li><strong>4 HDMI inputs (1 eARC)<\/strong><br \/>\nConecte todos sus dispositivos favoritos a trav\u00e9s de las 4 entradas HDMI, incluido 1 HDMI eARC para sincronizar f\u00e1cilmente las fuentes de audio y video para obtener un sonido de mejor calidad.<\/li>\n<\/ul>\n<\/div>\n<\/div>\n<\/div>\n<\/div>\n<\/div>\n","protected":false},"excerpt":{"rendered":"<p>El televisor TCL Roku de la serie 4 ofrece una calidad de imagen 4K impresionante con cuatro veces la resoluci\u00f3n de Full HD para una mayor claridad y detalle, as\u00ed<\/p>\n","protected":false},"featured_media":78323,"comment_status":"open","ping_status":"closed","template":"","meta":{"_acf_changed":false,"_joinchat":[]},"product_brand":[],"product_cat":[336,937],"product_tag":[],"class_list":{"0":"post-78497","1":"product","2":"type-product","3":"status-publish","4":"has-post-thumbnail","6":"product_cat-hogar","7":"product_cat-pantallas","9":"first","10":"instock","11":"sale","12":"shipping-taxable","13":"purchasable","14":"product-type-simple"},"acf":[],"_links":{"self":[{"href":"https:\/\/defabrica.com.mx\/defabrica\/wp-json\/wp\/v2\/product\/78497","targetHints":{"allow":["GET"]}}],"collection":[{"href":"https:\/\/defabrica.com.mx\/defabrica\/wp-json\/wp\/v2\/product"}],"about":[{"href":"https:\/\/defabrica.com.mx\/defabrica\/wp-json\/wp\/v2\/types\/product"}],"replies":[{"embeddable":true,"href":"https:\/\/defabrica.com.mx\/defabrica\/wp-json\/wp\/v2\/comments?post=78497"}],"wp:featuredmedia":[{"embeddable":true,"href":"https:\/\/defabrica.com.mx\/defabrica\/wp-json\/wp\/v2\/media\/78323"}],"wp:attachment":[{"href":"https:\/\/defabrica.com.mx\/defabrica\/wp-json\/wp\/v2\/media?parent=78497"}],"wp:term":[{"taxonomy":"product_brand","embeddable":true,"href":"https:\/\/defabrica.com.mx\/defabrica\/wp-json\/wp\/v2\/product_brand?post=78497"},{"taxonomy":"product_cat","embeddable":true,"href":"https:\/\/defabrica.com.mx\/defabrica\/wp-json\/wp\/v2\/product_cat?post=78497"},{"taxonomy":"product_tag","embeddable":true,"href":"https:\/\/defabrica.com.mx\/defabrica\/wp-json\/wp\/v2\/product_tag?post=78497"}],"curies":[{"name":"wp","href":"https:\/\/api.w.org\/{rel}","templated":true}]}}