{"id":78482,"date":"2022-05-17T12:59:57","date_gmt":"2022-05-17T17:59:57","guid":{"rendered":"https:\/\/defabrica.com.mx\/defabrica\/?post_type=product&#038;p=78482"},"modified":"2023-01-15T12:01:52","modified_gmt":"2023-01-15T18:01:52","slug":"tcl-televisor-inteligente-con-android-led-4k-uhd-hdr-serie-4-de-70","status":"publish","type":"product","link":"https:\/\/defabrica.com.mx\/defabrica\/producto\/tcl-televisor-inteligente-con-android-led-4k-uhd-hdr-serie-4-de-70\/","title":{"rendered":"TCL &#8211; Televisor inteligente con Android LED 4K UHD HDR serie 4 de 70&#8243;"},"content":{"rendered":"<div class=\"product-description\">El Android TV 4K TCL de la serie 4 ofrece una calidad de imagen Ultra HD impresionante con cuatro veces la resoluci\u00f3n de Full HD para una mayor claridad y detalle, as\u00ed como entretenimiento sin fin con miles de aplicaciones de transmisi\u00f3n.\u00a0Mire sus favoritos de entretenimiento en un solo lugar, con acceso continuo a m\u00e1s de 700 000 pel\u00edculas y episodios de TV, su caja de cable, consola de juegos y otros dispositivos, todo desde una pantalla de inicio simple y r\u00e1pida.\u00a0Disfruta del entretenimiento, obt\u00e9n respuestas y controla los dispositivos de tu hogar con el Asistente de Google integrado.\u00a0Adem\u00e1s, con Chromecast integrado, puede transmitir f\u00e1cilmente pel\u00edculas, programas y fotos desde su dispositivo Android o iOS a su TCL Android TV.\u00a0Conecte todos sus dispositivos favoritos con las m\u00faltiples entradas HDMI.\u00a0Los cortadores de cord\u00f3n pueden acceder gratis,<\/div>\n<div class=\"product-description-banners-lv\">\n<div class=\"product-description-banner\" data-track=\"description-html-asset:Find the perfect TV.\">\n<h3><\/h3>\n<h3 class=\"heading-5 v-fw-regular feature-heading\"><strong>Caracter\u00edsticas<\/strong><\/h3>\n<div class=\"feature-body-container\">\n<div class=\"features-list-container\">\n<div class=\"features-list all-features\">\n<div class=\"list-row\">\n<ul>\n<li><strong>4K Ultra HD (resoluci\u00f3n de 2160p)<\/strong><br \/>\nDisfruta de impresionantes pel\u00edculas y programas de TV 4K con una resoluci\u00f3n 4 veces superior a Full HD y mejora tu contenido actual a una calidad de imagen de nivel Ultra HD.<\/li>\n<li><strong>Alto rango din\u00e1mico<\/strong><br \/>\nHDR ofrece colores brillantes y precisos para una experiencia de visualizaci\u00f3n realista.<\/li>\n<li><strong>Asistente de Google incorporado<\/strong><br \/>\nBusque pel\u00edculas y programas en miles de aplicaciones disponibles, obtenga recomendaciones de entretenimiento, acceda a los controles de reproducci\u00f3n de medios, cambie la temperatura, aten\u00fae las luces y mucho m\u00e1s.<\/li>\n<li><strong>Chromecast integrado<\/strong><br \/>\nTransmita f\u00e1cilmente pel\u00edculas, programas y fotos desde su dispositivo Android o iOS a su TCL Android TV.<\/li>\n<li><strong>Miles de aplicaciones de transmisi\u00f3n<\/strong><br \/>\nTransmita m\u00e1s de 700 000 pel\u00edculas y programas, deportes y noticias en vivo, o su m\u00fasica favorita de Google Play, YouTube y sus aplicaciones favoritas.<\/li>\n<li><strong>Control remoto de voz<\/strong><br \/>\nEl control remoto f\u00e1cil de usar tambi\u00e9n cuenta con b\u00fasqueda y control por voz, lo que le permite encontrar t\u00edtulos de pel\u00edculas, iniciar o cambiar aplicaciones y m\u00e1s. Simplemente presione el bot\u00f3n en el control remoto de voz y diga un comando.<\/li>\n<li><strong>Puerto Ethernet y Wi-Fi de doble banda 802.11ac<\/strong><br \/>\nObtenga acceso r\u00e1pido y f\u00e1cil a su contenido favorito con la conexi\u00f3n WiFi de doble banda o con\u00e9ctelo al puerto Ethernet.<\/li>\n<li><strong>Conectividad inal\u00e1mbrica Bluetooth\u00ae<\/strong><br \/>\nAmpl\u00ede sus opciones de entretenimiento transmitiendo m\u00fasica de forma inal\u00e1mbrica a su tel\u00e9fono, auriculares o una barra de sonido con Bluetooth.<\/li>\n<li><strong>\u00cdndice de movimiento claro 120<\/strong><br \/>\nMuestra deportes en c\u00e1mara r\u00e1pida y escenas de acci\u00f3n con claridad y suavidad.<\/li>\n<\/ul>\n<\/div>\n<\/div>\n<\/div>\n<\/div>\n<\/div>\n<\/div>\n","protected":false},"excerpt":{"rendered":"<p>El Android TV 4K TCL de la serie 4 ofrece una calidad de imagen Ultra HD impresionante con cuatro veces la resoluci\u00f3n de Full HD para una mayor claridad y<\/p>\n","protected":false},"featured_media":78487,"comment_status":"open","ping_status":"closed","template":"","meta":{"_acf_changed":false,"_joinchat":[]},"product_brand":[],"product_cat":[336,937],"product_tag":[],"class_list":{"0":"post-78482","1":"product","2":"type-product","3":"status-publish","4":"has-post-thumbnail","6":"product_cat-hogar","7":"product_cat-pantallas","9":"first","10":"instock","11":"sale","12":"shipping-taxable","13":"purchasable","14":"product-type-simple"},"acf":[],"_links":{"self":[{"href":"https:\/\/defabrica.com.mx\/defabrica\/wp-json\/wp\/v2\/product\/78482","targetHints":{"allow":["GET"]}}],"collection":[{"href":"https:\/\/defabrica.com.mx\/defabrica\/wp-json\/wp\/v2\/product"}],"about":[{"href":"https:\/\/defabrica.com.mx\/defabrica\/wp-json\/wp\/v2\/types\/product"}],"replies":[{"embeddable":true,"href":"https:\/\/defabrica.com.mx\/defabrica\/wp-json\/wp\/v2\/comments?post=78482"}],"wp:featuredmedia":[{"embeddable":true,"href":"https:\/\/defabrica.com.mx\/defabrica\/wp-json\/wp\/v2\/media\/78487"}],"wp:attachment":[{"href":"https:\/\/defabrica.com.mx\/defabrica\/wp-json\/wp\/v2\/media?parent=78482"}],"wp:term":[{"taxonomy":"product_brand","embeddable":true,"href":"https:\/\/defabrica.com.mx\/defabrica\/wp-json\/wp\/v2\/product_brand?post=78482"},{"taxonomy":"product_cat","embeddable":true,"href":"https:\/\/defabrica.com.mx\/defabrica\/wp-json\/wp\/v2\/product_cat?post=78482"},{"taxonomy":"product_tag","embeddable":true,"href":"https:\/\/defabrica.com.mx\/defabrica\/wp-json\/wp\/v2\/product_tag?post=78482"}],"curies":[{"name":"wp","href":"https:\/\/api.w.org\/{rel}","templated":true}]}}