{"id":78315,"date":"2022-05-16T16:26:27","date_gmt":"2022-05-16T21:26:27","guid":{"rendered":"https:\/\/defabrica.com.mx\/defabrica\/?post_type=product&#038;p=78315"},"modified":"2022-12-09T14:07:50","modified_gmt":"2022-12-09T20:07:50","slug":"vizio-televisor-smartcast-led-4k-uhd-serie-quantum-de-clase-m-de-65","status":"publish","type":"product","link":"https:\/\/defabrica.com.mx\/defabrica\/producto\/vizio-televisor-smartcast-led-4k-uhd-serie-quantum-de-clase-m-de-65\/","title":{"rendered":"VIZIO &#8211; Televisor SmartCast LED 4K UHD serie Quantum de clase M de 65&#8243;"},"content":{"rendered":"<div class=\"product-description\">Acceda a las infinitas posibilidades de la transmisi\u00f3n 4K en el galardonado Quantum Color que ofrece hasta un 75 % m\u00e1s de color que los televisores 4K est\u00e1ndar para una gama de colores m\u00e1s matizada y envolvente que hace que todo lo que ve cobre vida.\u00a0El alto rango din\u00e1mico UltraBright\u2122 600 y Dolby Vision dan a la imagen una nueva y emocionante vida, combinados con la retroiluminaci\u00f3n Active Full Array\u00ae para mejorar el contraste y profundizar los niveles de negro.\u00a0El veloz procesador IQ Active\u2122 aumenta el rendimiento general, mientras que ProGaming Engine\u2122 con modo de juego autom\u00e1tico y AMD FreeSync proporciona un rendimiento de juego fluido y sin artefactos al jugar1.\u00a0Y VIZIO SmartCast\u2122 ahora es m\u00e1s inteligente que nunca, lo que le permite transmitir, controlar y compartir como nunca antes, con Apple AirPlay 2 y Chromecast integrados en Dolby Vision y HDR10+ para la mejor experiencia de transmisi\u00f3n 4K de su clase.\u00a01Color definido como el volumen de color medido utilizando la especificaci\u00f3n MDC de Dolby que tiene en cuenta la gama de colores y los niveles de luminancia;\u00a0El televisor 4K HDR est\u00e1ndar cuenta con rec 709 colores, hasta 300 nits 2AMD FreeSync, VRR y modo autom\u00e1tico de baja latencia solo compatible con Xbox One X<\/div>\n<div class=\"product-description-banners-lv\">\n<div class=\"product-description-banner\" data-track=\"description-html-asset:Find the perfect TV.\">\n<h3><\/h3>\n<h3 class=\"heading-5 v-fw-regular feature-heading\"><strong>Caracter\u00edsticas<\/strong><\/h3>\n<ul>\n<li><strong>Color cu\u00e1ntico<\/strong><br \/>\nEn combinaci\u00f3n con una potente retroiluminaci\u00f3n Active Full Array\u00ae, la pr\u00f3xima generaci\u00f3n de Quantum Color de VIZIO ofrece un volumen de color cinematogr\u00e1fico con m\u00e1s de mil millones de tonos de colores vibrantes.<\/li>\n<li><strong>Ultrabrillante 600<\/strong><br \/>\nUltraBright 600 ofrece reflejos brillantes y detallados con hasta 600 nits de brillo, reproduciendo con mayor precisi\u00f3n los matices de cada imagen y revelando detalles finos que de otro modo se perder\u00edan en las \u00e1reas claras u oscuras de una imagen.<\/li>\n<li><strong>ProGaming EngineTM<\/strong><br \/>\nCon soporte para juegos 4K 60Hz, ProGaming Engine optimiza autom\u00e1ticamente el juego de Xbox y Playstation\u00ae con un conjunto \u00fanico de funciones de juego que brindan gr\u00e1ficos m\u00e1s fluidos y juegos con mayor capacidad de respuesta con VRR. *VRR y modo autom\u00e1tico de baja latencia solo compatibles con Xbox One X<\/li>\n<li><strong>Procesador VIZIO IQ ActiveTM<\/strong><br \/>\nEn el interior, el veloz procesador IQ Active\u2122 ofrece un procesamiento de imagen superior y un motor de escalado 4K m\u00e1s inteligente que muestra su entretenimiento HD favorito en una calidad 4K espectacular.<\/li>\n<li><strong>AMD FreeSync<\/strong><br \/>\nEl juego no deber\u00eda ser una elecci\u00f3n entre un juego entrecortado o marcos rotos. Con M-Series Quantum, no tiene por qu\u00e9 ser as\u00ed. Obtenga un rendimiento fluido y sin artefactos en pr\u00e1cticamente cualquier velocidad de fotogramas con la tecnolog\u00eda AMD FreeSyncTM. La serie M tambi\u00e9n es compatible con la frecuencia de actualizaci\u00f3n variable de HDMI<\/li>\n<li><strong>4K Ultra HD (resoluci\u00f3n de 2160p)<\/strong><br \/>\nDisfruta de impresionantes pel\u00edculas y programas de TV 4K con una resoluci\u00f3n 4 veces superior a Full HD y mejora tu contenido actual a una calidad de imagen de nivel Ultra HD.<\/li>\n<li><strong>Dolby Vision\u2122 HDR<\/strong><br \/>\nDolby Vision transforma su experiencia de TV con im\u00e1genes dram\u00e1ticas: brillo, contraste y color incre\u00edbles que hacen que el entretenimiento cobre vida ante sus ojos. Adem\u00e1s, este televisor es compatible con los formatos de alto rango din\u00e1mico HDR10+ y HLG.<\/li>\n<li><strong>VIZIO SmartCast\u2122<\/strong><br \/>\nCon una navegaci\u00f3n ultrarr\u00e1pida, disfrute de acceso instant\u00e1neo a la mejor selecci\u00f3n de aplicaciones de servicios de transmisi\u00f3n de primer nivel como Netflix, Disney+, YouTube y muchos m\u00e1s directamente en el televisor usando el nuevo control remoto inteligente o la aplicaci\u00f3n SmartCast Mobile\u2122.<\/li>\n<li><strong>Control de voz simple y manos libres<\/strong><br \/>\nUse la voz para controlar el televisor con los asistentes de voz populares, incluidos Siri, el Asistente de Google y los dispositivos habilitados para Alexa: encienda o apague su televisor, transmita aplicaciones y m\u00e1s. Es posible que Apple HomeKit no est\u00e9 disponible en el momento de la compra. Visite support.vizio.com\/apple<\/li>\n<li><strong>El centro de su hogar inteligente<\/strong><br \/>\nSe integra a la perfecci\u00f3n con los dispositivos dom\u00e9sticos inteligentes Apple HomeKit, Google Assistant y Amazon Alexa: verifique la c\u00e1mara de la puerta de entrada, controle las luces y el televisor con un solo comando de voz. Con este televisor de la serie V, las posibilidades del hogar inteligente son infinitas.<\/li>\n<li><strong>Funciona con Apple AirPlay y Chromecast integrado<\/strong><br \/>\nTransmita, controle y comparta sus pel\u00edculas, programas, m\u00fasica, fotos y m\u00e1s favoritos desde sus dispositivos Apple o Android directamente al televisor. Tambi\u00e9n puede duplicar de forma inal\u00e1mbrica contenido como p\u00e1ginas web y presentaciones en la pantalla grande.<\/li>\n<li><strong>Canales de transmisi\u00f3n gratuitos<\/strong><br \/>\nEl sue\u00f1o de un cortador de cable, que ofrece una visualizaci\u00f3n gratuita ilimitada de canales especialmente seleccionados: pel\u00edculas, programas de televisi\u00f3n, noticias y m\u00e1s. Sin tarifas, inicios de sesi\u00f3n o suscripci\u00f3n.<\/li>\n<li><strong>Conjunto completo activo con 30 zonas de atenuaci\u00f3n locales<\/strong><br \/>\nLa potente retroiluminaci\u00f3n Active Full Array\u00ae de VIZIO ajusta de forma inteligente la retroiluminaci\u00f3n para que coincida con lo que aparece en la pantalla, lo que da como resultado niveles de negro intenso con una profundidad y un contraste asombrosos.<\/li>\n<li><strong>Clear Action\u2122 360<\/strong><br \/>\nDisfrute de pel\u00edculas y deportes de acci\u00f3n r\u00e1pida con una claridad de movimiento superior mediante un potente procesamiento de im\u00e1genes y Dynamic Motion Rate 120 logrado con escaneo a contraluz.<\/li>\n<li><strong>Dise\u00f1o de TV elegante y moderno<\/strong><br \/>\nCon sus l\u00edneas elegantes y modernas, M-Series\u2122 Quantum es la pieza central de entretenimiento perfecta<\/li>\n<li><strong>Bloquear contenido<\/strong><br \/>\nLas aplicaciones en VIZIO SmartCast ofrecen controles parentales para que los padres puedan controlar la experiencia de contenido para sus hijos.<\/li>\n<li><strong>4 puertos HDMI preparados para UHD\/HDR<\/strong><br \/>\nLa conectividad HDMI 2.1 preparada para el futuro ofrece la m\u00e1s alta calidad de audio con eARC y Dolby Atmos passthrough y el m\u00e1s alto rendimiento de video de los dispositivos de entretenimiento 4K m\u00e1s nuevos.<\/li>\n<li><strong>EDE Virtual X<\/strong><br \/>\nAudio de sonido envolvente virtual avanzado desde los altavoces integrados del televisor.<\/li>\n<li><strong>Multimedia USB<\/strong><br \/>\nReproduzca fotos, m\u00fasica y videos directamente en la pantalla grande usando el puerto USB incorporado.<\/li>\n<li><strong>Modo de inicio r\u00e1pido<\/strong><br \/>\nHabilite el modo de inicio r\u00e1pido para encender su televisor autom\u00e1ticamente con un simple comando de voz o toque el bot\u00f3n Cast o AirPlay. Habilitar el modo de inicio r\u00e1pido cambiar\u00e1 el consumo de energ\u00eda requerido para operar este televisor.<\/li>\n<li><strong>Detecci\u00f3n de barra negra Cinemawide\u00ae<\/strong><br \/>\n\u00a1Las noches de cine han mejorado! Este televisor VIZIO SmartCast detecta autom\u00e1ticamente el contenido de pel\u00edculas 21:9 ultrapanor\u00e1micas y aten\u00faa la luz de fondo en las barras negras superior e inferior para lograr niveles de negro profundo que brindan una experiencia de visualizaci\u00f3n de pel\u00edculas m\u00e1s aut\u00e9ntica.<\/li>\n<\/ul>\n<\/div>\n<\/div>\n","protected":false},"excerpt":{"rendered":"<p>Acceda a las infinitas posibilidades de la transmisi\u00f3n 4K en el galardonado Quantum Color que ofrece hasta un 75 % m\u00e1s de color que los televisores 4K est\u00e1ndar para una<\/p>\n","protected":false},"featured_media":78316,"comment_status":"open","ping_status":"closed","template":"","meta":{"_acf_changed":false,"_joinchat":[]},"product_brand":[],"product_cat":[336,937],"product_tag":[],"class_list":{"0":"post-78315","1":"product","2":"type-product","3":"status-publish","4":"has-post-thumbnail","6":"product_cat-hogar","7":"product_cat-pantallas","9":"first","10":"instock","11":"sale","12":"shipping-taxable","13":"purchasable","14":"product-type-simple"},"acf":[],"_links":{"self":[{"href":"https:\/\/defabrica.com.mx\/defabrica\/wp-json\/wp\/v2\/product\/78315","targetHints":{"allow":["GET"]}}],"collection":[{"href":"https:\/\/defabrica.com.mx\/defabrica\/wp-json\/wp\/v2\/product"}],"about":[{"href":"https:\/\/defabrica.com.mx\/defabrica\/wp-json\/wp\/v2\/types\/product"}],"replies":[{"embeddable":true,"href":"https:\/\/defabrica.com.mx\/defabrica\/wp-json\/wp\/v2\/comments?post=78315"}],"wp:featuredmedia":[{"embeddable":true,"href":"https:\/\/defabrica.com.mx\/defabrica\/wp-json\/wp\/v2\/media\/78316"}],"wp:attachment":[{"href":"https:\/\/defabrica.com.mx\/defabrica\/wp-json\/wp\/v2\/media?parent=78315"}],"wp:term":[{"taxonomy":"product_brand","embeddable":true,"href":"https:\/\/defabrica.com.mx\/defabrica\/wp-json\/wp\/v2\/product_brand?post=78315"},{"taxonomy":"product_cat","embeddable":true,"href":"https:\/\/defabrica.com.mx\/defabrica\/wp-json\/wp\/v2\/product_cat?post=78315"},{"taxonomy":"product_tag","embeddable":true,"href":"https:\/\/defabrica.com.mx\/defabrica\/wp-json\/wp\/v2\/product_tag?post=78315"}],"curies":[{"name":"wp","href":"https:\/\/api.w.org\/{rel}","templated":true}]}}