{"id":76803,"date":"2022-05-07T15:17:56","date_gmt":"2022-05-07T20:17:56","guid":{"rendered":"https:\/\/defabrica.com.mx\/defabrica\/?post_type=product&#038;p=76803"},"modified":"2022-12-09T12:19:56","modified_gmt":"2022-12-09T18:19:56","slug":"acer-laptop-predator-triton-300-se-14-144hz-intel-11th-gen-i7-nvidia-geforce-rtx-3050-ti-16gb-ddr4-512gb-ssd","status":"publish","type":"product","link":"https:\/\/defabrica.com.mx\/defabrica\/producto\/acer-laptop-predator-triton-300-se-14-144hz-intel-11th-gen-i7-nvidia-geforce-rtx-3050-ti-16gb-ddr4-512gb-ssd\/","title":{"rendered":"Acer &#8211; Laptop Predator Triton 300 SE 14&#8243; 144Hz &#8211; Intel 11th Gen i7 &#8211; NVIDIA GeForce RTX 3050 Ti &#8211; 16GB DDR4 &#8211; 512GB SSD"},"content":{"rendered":"<div class=\"embedded-component-container lv product-description\">\n<div>\n<div id=\"shop-product-description-94334565\" class=\"_none\" data-version=\"1.3.44\">\n<div class=\"shop-product-description\">\n<section class=\"align-heading-left\" data-reactroot=\"\">\n<div class=\"long-description-container body-copy \">\n<div class=\"html-fragment\">Elegante y con estilo y con mucho \u00abjuego\u00bb para hacer frente a cualquier tarea, el Predator Triton 300 SE ofrece el tipo de potencia y rendimiento en movimiento que exigen los estilos de vida de alta energ\u00eda de hoy.\u00a0Forjado en &#8216;Sparkly Silver&#8217;, el Predator Triton 300 SE le brinda toda la fuerza de una computadora port\u00e1til para juegos con una apariencia que significa negocios en cualquier mesa de conferencias.\u00a0R\u00e1pida, realista y con tecnolog\u00eda mejorada por IA, esta bestia de m\u00e1quina cuenta con una CPU overclockable que garantiza capacidades \u00e9picas de transmisi\u00f3n, edici\u00f3n de fotos y renderizado 3D, mientras que su potente GPU revoluciona la experiencia de juego inmersiva a trav\u00e9s de altas velocidades de cuadro que generan un realismo incre\u00edble.\u00a0El Predator Triton 300 SE inspira envidia y trae tiempo real,\u00a0representaciones de calidad cinematogr\u00e1fica que seguramente impulsar\u00e1n la productividad, \u00a1gracias a los gr\u00e1ficos NVIDIA\u00ae GeForce RTX\u2122 3050Ti y al procesador Intel\u00ae Core i7 de 11.\u00aa generaci\u00f3n en su interior!\u00a0Disfruta de una experiencia de juego fluida con frecuencias de actualizaci\u00f3n de hasta 144 Hz en la pantalla FHD IPS de 14,0&#8243;, mientras que un teclado retroiluminado RGB de 3 zonas y un audio estelar completan una experiencia de juego insuperable. Todo esto en un dise\u00f1o superdulce que mide solo 0,70 \u00a1pulgadas!<\/div>\n<\/div>\n<\/section>\n<\/div>\n<\/div>\n<\/div>\n<\/div>\n<div class=\"embedded-component-container lv product-features\">\n<h3><\/h3>\n<h3 class=\"heading-5 v-fw-regular feature-heading\"><strong>Caracter\u00edsticas<\/strong><\/h3>\n<div class=\"feature-body-container\">\n<div class=\"icons-container\">\n<div class=\"specificationIcons\">\n<ul>\n<li><strong>Actualizaci\u00f3n gratuita a Windows 11\u00b9 (cuando est\u00e9 disponible, consulte a continuaci\u00f3n)<\/strong><br \/>\nSistema operativo Windows 11<br \/>\nWindows 11 tiene toda la potencia y la seguridad de Windows 10 con un aspecto renovado y redise\u00f1ado. Tambi\u00e9n viene con nuevas herramientas, sonidos y aplicaciones. Cada detalle ha sido considerado. Todo se une para brindarle una experiencia refrescante en su PC.<\/li>\n<li><strong>Lleva tu juego contigo<\/strong><br \/>\nDelgada para ganar: con solo 0,7 pulgadas, la Predator Triton 300 SE de metal, f\u00e1cil de transportar, est\u00e1 lista para viajar y para el caos. La pantalla de marco angosto y la duraci\u00f3n de la bater\u00eda de hasta 9 horas te brindan mucho para deleitarte mientras conduces a tus enemigos delante de ti.<\/li>\n<li><strong>Juego en cualquier lugar<\/strong><br \/>\nLos nuevos procesadores Intel\u00ae Core\u2122 serie H de 11.\u00aa generaci\u00f3n para juegos ultraport\u00e1tiles est\u00e1n hechos para empujar marcos y facilitar los viajes. Ahora, con hasta 5,0 GHz Turbo con hasta 4 n\u00facleos y 8 subprocesos, obtienes todo el rendimiento que necesitas y la libertad de jugar en cualquier lugar.<\/li>\n<li><strong>RTX. Esta encendido.<\/strong><br \/>\nLa nueva GPU para port\u00e1tiles NVIDIA\u00ae GeForce RTX\u2122 3050Ti est\u00e1 impulsada por la galardonada arquitectura Ampere, la RTX de segunda generaci\u00f3n de NVIDIA, con nuevos n\u00facleos de trazado de rayos, n\u00facleos de tensor y multiprocesadores de transmisi\u00f3n para los gr\u00e1ficos con trazado de rayos m\u00e1s realistas y la IA de vanguardia. caracter\u00edsticas.<\/li>\n<li><strong>Teclado retroiluminado RGB de 3 zonas<\/strong><br \/>\nPersonaliza tu iluminaci\u00f3n en el teclado RGB retroiluminado de 3 zonas o ap\u00e1galo por completo; independientemente, las teclas de tama\u00f1o completo son una delicia para escribir. Los comandos est\u00e1n a solo un toque de distancia, ya sea que desee un impulso de overclocking con un solo clic.<\/li>\n<li><strong>Una velocidad: r\u00e1pido<\/strong><br \/>\nCuando decide cargar un juego o sentarse a disfrutar de su \u00faltima serie, la pantalla de alta velocidad mantiene todo fluido y sin problemas. Disfruta de un juego fluido con una frecuencia de actualizaci\u00f3n de 144 Hz para disfrutar de la mejor experiencia de juego de extremo a extremo. La mejor pantalla de juegos para jugadores entusiastas.<\/li>\n<li><strong>Solo enfr\u00edalo<\/strong><br \/>\nHemos optimizado nuestra refrigeraci\u00f3n con la tecnolog\u00eda de ventilador 3D AeroBlade de quinta generaci\u00f3n y el flujo de v\u00f3rtice que gu\u00eda el viento para aumentar el flujo de aire y refinar todo el sistema desde la entrada hasta el escape, lo que le permite maximizar su rendimiento, sin importar la tarea.<\/li>\n<li><strong>Mantente conectado<\/strong><br \/>\nCon Killer\u2122 Wi-Fi 6 AX1650i y Control Center 2.0, tiene todas las herramientas que necesita para eliminar a la competencia en l\u00ednea. Y cuando no gobierne la red, utilice la gran cantidad de puertos: Thunderbolt\u2122 4, USB 3.2 Gen 2 y HDMI 2.1 de alto est\u00e1ndar.<\/li>\n<li><strong>\u00b9El dispositivo viene con Windows 10 y una actualizaci\u00f3n gratuita de Windows 11 o puede estar precargado con Windows 11. La actualizaci\u00f3n de Windows 11 se entregar\u00e1 a los dispositivos elegibles a partir de finales de 2021 y hasta 2022. El tiempo variar\u00e1 seg\u00fan el dispositivo. Ciertas caracter\u00edsticas requieren hardware espec\u00edfico (ver aka.ms\/windows11-spec)<\/strong><\/li>\n<li><strong>Xbox Game Pass Ultimate: descubre tu pr\u00f3ximo juego favorito.<\/strong><br \/>\n1 mes de Xbox Game Pass Ultimate incluido. Juega m\u00e1s de 100 juegos de alta calidad en Windows 10, consola y dispositivo m\u00f3vil. Incluye nuevos t\u00edtulos del primer d\u00eda, juegos ic\u00f3nicos de Bethesda y EA Play para PC.<\/li>\n<\/ul>\n<\/div>\n<\/div>\n<\/div>\n<\/div>\n","protected":false},"excerpt":{"rendered":"<p>Elegante y con estilo y con mucho \u00abjuego\u00bb para hacer frente a cualquier tarea, el Predator Triton 300 SE ofrece el tipo de potencia y rendimiento en movimiento que exigen<\/p>\n","protected":false},"featured_media":76804,"comment_status":"open","ping_status":"closed","template":"","meta":{"_acf_changed":false,"_joinchat":[]},"product_brand":[],"product_cat":[240,241],"product_tag":[],"class_list":{"0":"post-76803","1":"product","2":"type-product","3":"status-publish","4":"has-post-thumbnail","6":"product_cat-computadoras","7":"product_cat-laptops","9":"first","10":"instock","11":"sale","12":"shipping-taxable","13":"purchasable","14":"product-type-simple"},"acf":[],"_links":{"self":[{"href":"https:\/\/defabrica.com.mx\/defabrica\/wp-json\/wp\/v2\/product\/76803","targetHints":{"allow":["GET"]}}],"collection":[{"href":"https:\/\/defabrica.com.mx\/defabrica\/wp-json\/wp\/v2\/product"}],"about":[{"href":"https:\/\/defabrica.com.mx\/defabrica\/wp-json\/wp\/v2\/types\/product"}],"replies":[{"embeddable":true,"href":"https:\/\/defabrica.com.mx\/defabrica\/wp-json\/wp\/v2\/comments?post=76803"}],"wp:featuredmedia":[{"embeddable":true,"href":"https:\/\/defabrica.com.mx\/defabrica\/wp-json\/wp\/v2\/media\/76804"}],"wp:attachment":[{"href":"https:\/\/defabrica.com.mx\/defabrica\/wp-json\/wp\/v2\/media?parent=76803"}],"wp:term":[{"taxonomy":"product_brand","embeddable":true,"href":"https:\/\/defabrica.com.mx\/defabrica\/wp-json\/wp\/v2\/product_brand?post=76803"},{"taxonomy":"product_cat","embeddable":true,"href":"https:\/\/defabrica.com.mx\/defabrica\/wp-json\/wp\/v2\/product_cat?post=76803"},{"taxonomy":"product_tag","embeddable":true,"href":"https:\/\/defabrica.com.mx\/defabrica\/wp-json\/wp\/v2\/product_tag?post=76803"}],"curies":[{"name":"wp","href":"https:\/\/api.w.org\/{rel}","templated":true}]}}