{"id":76454,"date":"2022-05-05T16:49:04","date_gmt":"2022-05-05T21:49:04","guid":{"rendered":"https:\/\/defabrica.com.mx\/defabrica\/?post_type=product&#038;p=76454"},"modified":"2023-01-14T15:19:11","modified_gmt":"2023-01-14T21:19:11","slug":"microsoft-surface-pro-7-pantalla-tactil-de-123-intel-core-i3-memoria-de-8-gb-ssd-de-128-gb-con-cubierta-negra-con-teclado-ultimo-modelo-platino","status":"publish","type":"product","link":"https:\/\/defabrica.com.mx\/defabrica\/producto\/microsoft-surface-pro-7-pantalla-tactil-de-123-intel-core-i3-memoria-de-8-gb-ssd-de-128-gb-con-cubierta-negra-con-teclado-ultimo-modelo-platino\/","title":{"rendered":"Microsoft &#8211; Surface Pro 7+ &#8211; Pantalla t\u00e1ctil de 12,3&#8243; &#8211; Intel Core i3 &#8211; Memoria de 8 GB &#8211; SSD de 128 GB con cubierta negra con teclado (\u00faltimo modelo) &#8211; Platino"},"content":{"rendered":"<div class=\"product-description\">El dise\u00f1o cl\u00e1sico de Surface Pro 2 en 1 se combina con el rendimiento de alta velocidad, brind\u00e1ndole potencia de computadora port\u00e1til premium, una tableta poderosa o un lienzo digital port\u00e1til dise\u00f1ado para iluminar lo mejor de Windows 11. Usted tiene el control, con el r\u00e1pido y confiable Rendimiento Intel Core de 11.\u00aa generaci\u00f3n que necesita, c\u00e1maras HD frontales y traseras y micr\u00f3fonos de estudio para videollamadas n\u00edtidas y compatibilidad entre generaciones de accesorios, fundas con teclado y m\u00e1s con puertos USB-C y USB-A, adem\u00e1s de un Ranura microSD.\u00a0Ajusta el soporte trasero, agrega una funda con teclado* y haz m\u00e1s de lo que te gusta, todo al mejor precio para una Surface Pro con tecnolog\u00eda Intel.<\/div>\n<div class=\"product-description-banner\" data-track=\"description-html-asset:Find the right Surface device for you.\"><\/div>\n<div data-track=\"description-html-asset:Find the right Surface device for you.\">\n<h3><\/h3>\n<h3 class=\"heading-5 v-fw-regular feature-heading\"><strong>Caracter\u00edsticas<\/strong><\/h3>\n<ul>\n<li><strong>Lo que necesitas, cuando lo necesitas<\/strong><br \/>\nEl dise\u00f1o ic\u00f3nico 2 en 1 se transforma en lo que necesita, cuando lo necesita: una computadora port\u00e1til completa con teclado, * una tableta ultraport\u00e1til, un lienzo digital con un \u00e1ngulo perfecto o una estaci\u00f3n de trabajo acoplada.<\/li>\n<li><strong>Windows 11 te acerca a lo que amas<\/strong><br \/>\nFamilia, amigos, pasiones, m\u00fasica, creaciones: Windows 11 es el \u00fanico lugar para todo. Con una nueva sensaci\u00f3n y herramientas que hacen que sea m\u00e1s f\u00e1cil ser eficiente, tiene lo que necesita para lo que viene.<\/li>\n<li><strong>Pantalla PixelSense de 12,3&#8243; con resoluci\u00f3n de 2736 x 1824<\/strong><br \/>\nLa pantalla PixelSense de 12,3\u201d brinda la mejor experiencia interactiva en cualquier lugar. Adem\u00e1s, la relaci\u00f3n de aspecto 3:2 de la firma Surface significa un 18 % m\u00e1s de espacio en pantalla vertical que una computadora port\u00e1til t\u00edpica.<\/li>\n<li><strong>Almacenamiento interno de 8GB<\/strong><br \/>\nAlmacena tu m\u00fasica, pel\u00edculas, fotos y m\u00e1s.<\/li>\n<li><strong>C\u00e1maras HD duales para fotos y chat cara a cara<\/strong><br \/>\nC\u00e1mara frontal HD de 5,0 megap\u00edxeles y 1080p, c\u00e1mara trasera de 8 MP con enfoque autom\u00e1tico y dos micr\u00f3fonos de estudio de campo lejano, listos donde y cuando los necesite.<\/li>\n<li><strong>Soporte vers\u00e1til que se ajusta casi 180 grados<\/strong><br \/>\nMarque, edite o cree en cualquier \u00e1ngulo que necesite. Adjunte una funda con teclado* cuando desee ponerse manos a la obra o con\u00e9ctese a varios monitores 4K para obtener la mejor configuraci\u00f3n de estaci\u00f3n de trabajo.<\/li>\n<li><strong>Potente procesador Intel Core<\/strong><br \/>\nObtenga el rendimiento que necesita en las aplicaciones, el software y los controladores que usa actualmente. No se preocupe por la vieja impresora que todav\u00eda usa: Surface Pro 7+ lo tiene cubierto.<\/li>\n<li><strong>M\u00e1s puertos le dan m\u00e1s opciones<\/strong><br \/>\nEncienda m\u00faltiples pantallas externas 4K, use sus auriculares con cable favoritos o incluso cargue su tel\u00e9fono con USB-A, USB-C, conector para auriculares y un puerto de carga dedicado.<\/li>\n<li><strong>No dejes que la bater\u00eda baja te frene<\/strong><br \/>\nMant\u00e9ngase conectado con lo que importa todo el d\u00eda con hasta 15 horas\u00b9 de duraci\u00f3n de la bater\u00eda y carga r\u00e1pida para pasar de bater\u00eda baja a carga completa m\u00e1s r\u00e1pido.<\/li>\n<li><strong>Todo en un dise\u00f1o ultraport\u00e1til<\/strong><br \/>\nDesde solo 1.70 libras. \u00b2Haz clic en una Funda con teclado* y comb\u00ednalo con el L\u00e1piz para Surface y el Mouse Arc para Surface* para disfrutar de una experiencia de escritura excepcional y completa a nivel de port\u00e1til.<\/li>\n<li><strong>Rendimiento en el que puede confiar<\/strong><br \/>\nEste profesional tiene un gran impacto. Surface Pro 7+ ofrece el rendimiento que necesitas, de cualquier forma que lo necesites. Los procesadores Intel Core de 11.\u00aa generaci\u00f3n le brindan potencia en la que puede confiar para cualquier tarea.<\/li>\n<li><strong>Obtenga las aplicaciones que hacen que su PC sea personal<\/strong><br \/>\nLas aplicaciones que necesitas para trabajar. Los programas que te encanta ver. Encu\u00e9ntralos r\u00e1pidamente con el Microsoft Store redise\u00f1ado. Busque lo que est\u00e9 buscando en una simple barra de b\u00fasqueda.<\/li>\n<li><strong>Con\u00e9ctese y colabore<\/strong><br \/>\nLas conexiones importan, y Surface Pro 7+ se asegura de que te comuniques alto y claro con familiares, amigos y colegas a trav\u00e9s de la c\u00e1mara frontal con video Full HD y altavoces optimizados.<\/li>\n<li><strong>Una forma m\u00e1s sencilla de ponerse y mantenerse en contacto<\/strong><br \/>\nMicrosoft Teams* es una excelente manera de conectarse, y en Windows 11, es a\u00fan m\u00e1s divertido. Mam\u00e1, pap\u00e1, abuela y tu mejor amigo est\u00e1n a solo unos clics o toques de distancia.<\/li>\n<\/ul>\n<\/div>\n","protected":false},"excerpt":{"rendered":"<p>El dise\u00f1o cl\u00e1sico de Surface Pro 2 en 1 se combina con el rendimiento de alta velocidad, brind\u00e1ndole potencia de computadora port\u00e1til premium, una tableta poderosa o un lienzo digital<\/p>\n","protected":false},"featured_media":76455,"comment_status":"open","ping_status":"closed","template":"","meta":{"_acf_changed":false,"_joinchat":[]},"product_brand":[],"product_cat":[240,242],"product_tag":[],"class_list":{"0":"post-76454","1":"product","2":"type-product","3":"status-publish","4":"has-post-thumbnail","6":"product_cat-computadoras","7":"product_cat-2-en-1","9":"first","10":"instock","11":"sale","12":"shipping-taxable","13":"purchasable","14":"product-type-simple"},"acf":[],"_links":{"self":[{"href":"https:\/\/defabrica.com.mx\/defabrica\/wp-json\/wp\/v2\/product\/76454","targetHints":{"allow":["GET"]}}],"collection":[{"href":"https:\/\/defabrica.com.mx\/defabrica\/wp-json\/wp\/v2\/product"}],"about":[{"href":"https:\/\/defabrica.com.mx\/defabrica\/wp-json\/wp\/v2\/types\/product"}],"replies":[{"embeddable":true,"href":"https:\/\/defabrica.com.mx\/defabrica\/wp-json\/wp\/v2\/comments?post=76454"}],"wp:featuredmedia":[{"embeddable":true,"href":"https:\/\/defabrica.com.mx\/defabrica\/wp-json\/wp\/v2\/media\/76455"}],"wp:attachment":[{"href":"https:\/\/defabrica.com.mx\/defabrica\/wp-json\/wp\/v2\/media?parent=76454"}],"wp:term":[{"taxonomy":"product_brand","embeddable":true,"href":"https:\/\/defabrica.com.mx\/defabrica\/wp-json\/wp\/v2\/product_brand?post=76454"},{"taxonomy":"product_cat","embeddable":true,"href":"https:\/\/defabrica.com.mx\/defabrica\/wp-json\/wp\/v2\/product_cat?post=76454"},{"taxonomy":"product_tag","embeddable":true,"href":"https:\/\/defabrica.com.mx\/defabrica\/wp-json\/wp\/v2\/product_tag?post=76454"}],"curies":[{"name":"wp","href":"https:\/\/api.w.org\/{rel}","templated":true}]}}