{"id":68587,"date":"2021-12-15T15:41:04","date_gmt":"2021-12-15T21:41:04","guid":{"rendered":"https:\/\/defabrica.com.mx\/defabrica\/?post_type=product&#038;p=68587"},"modified":"2023-01-14T14:59:51","modified_gmt":"2023-01-14T20:59:51","slug":"correa-oculus-quest-2-elite-para-mayor-soporte-y-comodidad-en-la-realidad-virtual","status":"publish","type":"product","link":"https:\/\/defabrica.com.mx\/defabrica\/producto\/correa-oculus-quest-2-elite-para-mayor-soporte-y-comodidad-en-la-realidad-virtual\/","title":{"rendered":"Correa Oculus Quest 2 Elite para mayor soporte y comodidad en la realidad virtual"},"content":{"rendered":"<div class=\"embedded-component-container lv product-description\">\n<div>\n<div id=\"shop-product-description-64860877\" class=\"None\" data-version=\"1.3.38\">\n<div class=\"shop-product-description\">\n<section class=\"align-heading-left\" data-reactroot=\"\">\n<div class=\"long-description-container body-copy \">\n<div class=\"html-fragment\">\n<div>\n<div>Dise\u00f1ada para Oculus Quest 2, esta correa ergon\u00f3mica premium aumenta el equilibrio y el soporte con un giro r\u00e1pido de la rueda de ajuste.\u00a0Un aparato ortop\u00e9dico flexible sostiene la parte posterior de la cabeza y ayuda a distribuir el peso para que el tiempo de juego sea m\u00e1s prolongado y c\u00f3modo.<\/div>\n<\/div>\n<\/div>\n<\/div>\n<\/section>\n<\/div>\n<\/div>\n<\/div>\n<\/div>\n<div class=\"embedded-component-container lv product-features\"><\/div>\n","protected":false},"excerpt":{"rendered":"<p>Dise\u00f1ada para Oculus Quest 2, esta correa ergon\u00f3mica premium aumenta el equilibrio y el soporte con un giro r\u00e1pido de la rueda de ajuste.\u00a0Un aparato ortop\u00e9dico flexible sostiene la parte<\/p>\n","protected":false},"featured_media":68588,"comment_status":"open","ping_status":"closed","template":"","meta":{"_acf_changed":false,"_joinchat":[]},"product_brand":[],"product_cat":[1499,277,280],"product_tag":[],"class_list":{"0":"post-68587","1":"product","2":"type-product","3":"status-publish","4":"has-post-thumbnail","6":"product_cat-realidad-virtual","7":"product_cat-zona-gamer","8":"product_cat-pc-gaming","10":"first","11":"instock","12":"sale","13":"shipping-taxable","14":"purchasable","15":"product-type-simple"},"acf":[],"_links":{"self":[{"href":"https:\/\/defabrica.com.mx\/defabrica\/wp-json\/wp\/v2\/product\/68587","targetHints":{"allow":["GET"]}}],"collection":[{"href":"https:\/\/defabrica.com.mx\/defabrica\/wp-json\/wp\/v2\/product"}],"about":[{"href":"https:\/\/defabrica.com.mx\/defabrica\/wp-json\/wp\/v2\/types\/product"}],"replies":[{"embeddable":true,"href":"https:\/\/defabrica.com.mx\/defabrica\/wp-json\/wp\/v2\/comments?post=68587"}],"wp:featuredmedia":[{"embeddable":true,"href":"https:\/\/defabrica.com.mx\/defabrica\/wp-json\/wp\/v2\/media\/68588"}],"wp:attachment":[{"href":"https:\/\/defabrica.com.mx\/defabrica\/wp-json\/wp\/v2\/media?parent=68587"}],"wp:term":[{"taxonomy":"product_brand","embeddable":true,"href":"https:\/\/defabrica.com.mx\/defabrica\/wp-json\/wp\/v2\/product_brand?post=68587"},{"taxonomy":"product_cat","embeddable":true,"href":"https:\/\/defabrica.com.mx\/defabrica\/wp-json\/wp\/v2\/product_cat?post=68587"},{"taxonomy":"product_tag","embeddable":true,"href":"https:\/\/defabrica.com.mx\/defabrica\/wp-json\/wp\/v2\/product_tag?post=68587"}],"curies":[{"name":"wp","href":"https:\/\/api.w.org\/{rel}","templated":true}]}}