{"id":68558,"date":"2021-12-15T15:03:37","date_gmt":"2021-12-15T21:03:37","guid":{"rendered":"https:\/\/defabrica.com.mx\/defabrica\/?post_type=product&#038;p=68558"},"modified":"2023-01-21T15:53:41","modified_gmt":"2023-01-21T21:53:41","slug":"spiderman-lego-de-marvel-super-heroes-spider-man-ghost-rider-team-up-76058","status":"publish","type":"product","link":"https:\/\/defabrica.com.mx\/defabrica\/producto\/spiderman-lego-de-marvel-super-heroes-spider-man-ghost-rider-team-up-76058\/","title":{"rendered":"Spiderman Lego, de Marvel Super Heroes Spider Man: Ghost Rider Team-up 76058"},"content":{"rendered":"<h3 class=\"a-spacing-mini\">Mant\u00e9n seguras las calles de Nueva York y derrota a Hobgoblin<\/h3>\n<p class=\"a-spacing-base\">LEGO Marvel Super Heroes Spider-Man: Ghost Rider Team-up sumerge a los fan\u00e1ticos de Spider-Man en el emocionante mundo de superh\u00e9roes y villanos, brindando infinitas oportunidades para juegos imaginativos.\u00a0Los ni\u00f1os pueden desafiarse a s\u00ed mismos para construir este set y luego usar la Ghost Rider Bike para ayudar a Spider-Man a luchar contra Hobgoblin en su Goblin Glider, esquivando los misiles Goblin y las bombas de calabaza en llamas.\u00a0Les encantar\u00e1 idear aventuras de batallas callejeras llenas de acci\u00f3n.\u00a0Un gran set de inicio o una idea perfecta para el pr\u00f3ximo obsequio de recompensa de su hijo, LEGO Marvel Super Heroes Spider-Man: Ghost Rider Team-up incluye un c\u00f3mic para generar a\u00fan m\u00e1s ideas de historias y mantener a los ni\u00f1os comprometidos.<\/p>\n","protected":false},"excerpt":{"rendered":"<p>Mant\u00e9n seguras las calles de Nueva York y derrota a Hobgoblin LEGO Marvel Super Heroes Spider-Man: Ghost Rider Team-up sumerge a los fan\u00e1ticos de Spider-Man en el emocionante mundo de<\/p>\n","protected":false},"featured_media":68559,"comment_status":"open","ping_status":"closed","template":"","meta":{"_acf_changed":false,"_joinchat":[]},"product_brand":[],"product_cat":[1519,1508,886,1097,1196],"product_tag":[],"class_list":{"0":"post-68558","1":"product","2":"type-product","3":"status-publish","4":"has-post-thumbnail","6":"product_cat-ofertas-jugycol","7":"product_cat-ofertas-primavera-juguetes","8":"product_cat-juguetesycoleccionables","9":"product_cat-juguetes","10":"product_cat-legos","12":"first","13":"instock","14":"sale","15":"shipping-taxable","16":"purchasable","17":"product-type-simple"},"acf":[],"_links":{"self":[{"href":"https:\/\/defabrica.com.mx\/defabrica\/wp-json\/wp\/v2\/product\/68558","targetHints":{"allow":["GET"]}}],"collection":[{"href":"https:\/\/defabrica.com.mx\/defabrica\/wp-json\/wp\/v2\/product"}],"about":[{"href":"https:\/\/defabrica.com.mx\/defabrica\/wp-json\/wp\/v2\/types\/product"}],"replies":[{"embeddable":true,"href":"https:\/\/defabrica.com.mx\/defabrica\/wp-json\/wp\/v2\/comments?post=68558"}],"wp:featuredmedia":[{"embeddable":true,"href":"https:\/\/defabrica.com.mx\/defabrica\/wp-json\/wp\/v2\/media\/68559"}],"wp:attachment":[{"href":"https:\/\/defabrica.com.mx\/defabrica\/wp-json\/wp\/v2\/media?parent=68558"}],"wp:term":[{"taxonomy":"product_brand","embeddable":true,"href":"https:\/\/defabrica.com.mx\/defabrica\/wp-json\/wp\/v2\/product_brand?post=68558"},{"taxonomy":"product_cat","embeddable":true,"href":"https:\/\/defabrica.com.mx\/defabrica\/wp-json\/wp\/v2\/product_cat?post=68558"},{"taxonomy":"product_tag","embeddable":true,"href":"https:\/\/defabrica.com.mx\/defabrica\/wp-json\/wp\/v2\/product_tag?post=68558"}],"curies":[{"name":"wp","href":"https:\/\/api.w.org\/{rel}","templated":true}]}}