{"id":68371,"date":"2021-12-14T16:52:30","date_gmt":"2021-12-14T22:52:30","guid":{"rendered":"https:\/\/defabrica.com.mx\/defabrica\/?post_type=product&#038;p=68371"},"modified":"2023-01-27T12:43:00","modified_gmt":"2023-01-27T18:43:00","slug":"hover-1-hoverboard-cromado-luces-led-altavoz-bluetooth-neumaticos-de-6-5-pulgadas-peso-maximo-de110kg-vel-max-12-km-h-2","status":"publish","type":"product","link":"https:\/\/defabrica.com.mx\/defabrica\/producto\/hover-1-hoverboard-cromado-luces-led-altavoz-bluetooth-neumaticos-de-6-5-pulgadas-peso-maximo-de110kg-vel-max-12-km-h-2\/","title":{"rendered":"Hover-1 Hoverboard cromado, luces LED, altavoz Bluetooth, neum\u00e1ticos de 6.5 pulgadas, peso m\u00e1ximo de110KG, VEL MAX 12 KM\/H"},"content":{"rendered":"<p>Al igual que nuestra placa Chrome original que vino antes, la Chrome 2.0 Hoverboard ha tomado los mejores aspectos de su predecesora y los ha reinventado desde cero.\u00a0No hay peligro de que este hoverboard pase desapercibido: equipado con iluminaci\u00f3n LED integrada y tecnolog\u00eda de cambio de color, Chrome 2.0 es una experiencia visual que ning\u00fan hoverboard puede igualar. Redise\u00f1ado y redise\u00f1ado, el Hoverboard Chrome 2.0 tiene un gran impacto.\u00a0Con un motor de 300 W duradero y liviano que puede alcanzar velocidades de crucero de hasta 7 mph, har\u00e1 una declaraci\u00f3n con cada nuevo destino.<\/p>\n<h3><strong>Caracter\u00edsticas<\/strong><\/h3>\n<ul>\n<li>Altavoz Bluetooth incorporado<\/li>\n<li>Resistencia al agua IPX4<\/li>\n<li>Bater\u00eda recargable incorporada<\/li>\n<li>Faros LED ultrabrillantes<\/li>\n<li>Indicador de duraci\u00f3n de la bater\u00eda<\/li>\n<li>Bater\u00eda de iones de litio de 14 celdas<\/li>\n<li>Distancia m\u00e1xima: 6 millas<\/li>\n<li>Velocidad m\u00e1xima: 7 mph<\/li>\n<li>Peso m\u00e1ximo: 220 libras<\/li>\n<li>Tama\u00f1o de llanta: 6.5 pulgadas<\/li>\n<li>Tiempo de carga: hasta 4,5 horas<\/li>\n<\/ul>\n","protected":false},"excerpt":{"rendered":"<p>Al igual que nuestra placa Chrome original que vino antes, la Chrome 2.0 Hoverboard ha tomado los mejores aspectos de su predecesora y los ha reinventado desde cero.\u00a0No hay peligro<\/p>\n","protected":false},"featured_media":68372,"comment_status":"open","ping_status":"closed","template":"","meta":{"_acf_changed":false,"_joinchat":[]},"product_brand":[],"product_cat":[1519,886,1097,1197],"product_tag":[],"class_list":{"0":"post-68371","1":"product","2":"type-product","3":"status-publish","4":"has-post-thumbnail","6":"product_cat-ofertas-jugycol","7":"product_cat-juguetesycoleccionables","8":"product_cat-juguetes","9":"product_cat-patines-y-scooters","11":"first","12":"instock","13":"sale","14":"shipping-taxable","15":"purchasable","16":"product-type-simple"},"acf":[],"_links":{"self":[{"href":"https:\/\/defabrica.com.mx\/defabrica\/wp-json\/wp\/v2\/product\/68371","targetHints":{"allow":["GET"]}}],"collection":[{"href":"https:\/\/defabrica.com.mx\/defabrica\/wp-json\/wp\/v2\/product"}],"about":[{"href":"https:\/\/defabrica.com.mx\/defabrica\/wp-json\/wp\/v2\/types\/product"}],"replies":[{"embeddable":true,"href":"https:\/\/defabrica.com.mx\/defabrica\/wp-json\/wp\/v2\/comments?post=68371"}],"wp:featuredmedia":[{"embeddable":true,"href":"https:\/\/defabrica.com.mx\/defabrica\/wp-json\/wp\/v2\/media\/68372"}],"wp:attachment":[{"href":"https:\/\/defabrica.com.mx\/defabrica\/wp-json\/wp\/v2\/media?parent=68371"}],"wp:term":[{"taxonomy":"product_brand","embeddable":true,"href":"https:\/\/defabrica.com.mx\/defabrica\/wp-json\/wp\/v2\/product_brand?post=68371"},{"taxonomy":"product_cat","embeddable":true,"href":"https:\/\/defabrica.com.mx\/defabrica\/wp-json\/wp\/v2\/product_cat?post=68371"},{"taxonomy":"product_tag","embeddable":true,"href":"https:\/\/defabrica.com.mx\/defabrica\/wp-json\/wp\/v2\/product_tag?post=68371"}],"curies":[{"name":"wp","href":"https:\/\/api.w.org\/{rel}","templated":true}]}}