{"id":68267,"date":"2021-12-14T16:11:48","date_gmt":"2021-12-14T22:11:48","guid":{"rendered":"https:\/\/defabrica.com.mx\/defabrica\/?post_type=product&#038;p=68267"},"modified":"2023-01-27T11:36:38","modified_gmt":"2023-01-27T17:36:38","slug":"jetson-hali-x-luminous-extreme-terrain-dynamic-bluetooth-altavoces-hoverboard-negro","status":"publish","type":"product","link":"https:\/\/defabrica.com.mx\/defabrica\/producto\/jetson-hali-x-luminous-extreme-terrain-dynamic-bluetooth-altavoces-hoverboard-negro\/","title":{"rendered":"Jetson Hali X Luminous Extreme Terrain Dynamic Bluetooth Altavoces Hoverboard, Negro"},"content":{"rendered":"<p>Este elegante y llamativo viene con una plataforma de carrocer\u00eda iluminada y llantas iluminadas para un viaje que seguramente traer\u00e1 el factor sorpresa a todas partes y a cualquier lugar.\u00a0Su altavoz Bluetooth incorporado significa que el hoverboard de terreno extremo Hali X Luminous suena tan bien como parece.\u00a0Equipado con un motor de 500 vatios y neum\u00e1ticos para terrenos extremos.\u00a0La inclusi\u00f3n de la tecnolog\u00eda de equilibrio activo hace que la conducci\u00f3n sea infalible.\u00a0Utiliza sensores internos que ayudan a mantener a los ciclistas nivelados y estables mientras conducen.\u00a0Una velocidad m\u00e1xima de 12 MPH y un alcance de 12 millas significa que puedes desplazarte por la ciudad con facilidad en el Hali X.<\/p>\n","protected":false},"excerpt":{"rendered":"<p>Este elegante y llamativo viene con una plataforma de carrocer\u00eda iluminada y llantas iluminadas para un viaje que seguramente traer\u00e1 el factor sorpresa a todas partes y a cualquier lugar.\u00a0Su<\/p>\n","protected":false},"featured_media":68269,"comment_status":"open","ping_status":"closed","template":"","meta":{"_acf_changed":false,"_joinchat":[]},"product_brand":[],"product_cat":[1519,886,1097,1197],"product_tag":[],"class_list":{"0":"post-68267","1":"product","2":"type-product","3":"status-publish","4":"has-post-thumbnail","6":"product_cat-ofertas-jugycol","7":"product_cat-juguetesycoleccionables","8":"product_cat-juguetes","9":"product_cat-patines-y-scooters","11":"first","12":"instock","13":"sale","14":"shipping-taxable","15":"purchasable","16":"product-type-simple"},"acf":[],"_links":{"self":[{"href":"https:\/\/defabrica.com.mx\/defabrica\/wp-json\/wp\/v2\/product\/68267","targetHints":{"allow":["GET"]}}],"collection":[{"href":"https:\/\/defabrica.com.mx\/defabrica\/wp-json\/wp\/v2\/product"}],"about":[{"href":"https:\/\/defabrica.com.mx\/defabrica\/wp-json\/wp\/v2\/types\/product"}],"replies":[{"embeddable":true,"href":"https:\/\/defabrica.com.mx\/defabrica\/wp-json\/wp\/v2\/comments?post=68267"}],"wp:featuredmedia":[{"embeddable":true,"href":"https:\/\/defabrica.com.mx\/defabrica\/wp-json\/wp\/v2\/media\/68269"}],"wp:attachment":[{"href":"https:\/\/defabrica.com.mx\/defabrica\/wp-json\/wp\/v2\/media?parent=68267"}],"wp:term":[{"taxonomy":"product_brand","embeddable":true,"href":"https:\/\/defabrica.com.mx\/defabrica\/wp-json\/wp\/v2\/product_brand?post=68267"},{"taxonomy":"product_cat","embeddable":true,"href":"https:\/\/defabrica.com.mx\/defabrica\/wp-json\/wp\/v2\/product_cat?post=68267"},{"taxonomy":"product_tag","embeddable":true,"href":"https:\/\/defabrica.com.mx\/defabrica\/wp-json\/wp\/v2\/product_tag?post=68267"}],"curies":[{"name":"wp","href":"https:\/\/api.w.org\/{rel}","templated":true}]}}