{"id":67724,"date":"2021-12-10T14:19:04","date_gmt":"2021-12-10T20:19:04","guid":{"rendered":"https:\/\/defabrica.com.mx\/defabrica\/?post_type=product&#038;p=67724"},"modified":"2023-01-27T11:24:03","modified_gmt":"2023-01-27T17:24:03","slug":"hover-1-rebel-hoverboard-velocidad-maxima-de-10km-h-60kg-peso-maximo-luces-led","status":"publish","type":"product","link":"https:\/\/defabrica.com.mx\/defabrica\/producto\/hover-1-rebel-hoverboard-velocidad-maxima-de-10km-h-60kg-peso-maximo-luces-led\/","title":{"rendered":"Hover-1 Rebel Hoverboard, velocidad m\u00e1xima de 10km\/h, 60kg Peso m\u00e1ximo., luces LED"},"content":{"rendered":"<p>Como la tabla ideal para ni\u00f1os, la Hover-1 Rebel Hoverboard fue dise\u00f1ada pensando en los adolescentes de hoy.\u00a0Esta poderosa placa tiene un motor dual de 110 W que soporta hasta 130 libras y presenta una velocidad m\u00e1xima de 6 mph con un rango extendido de hasta 3 millas.\u00a0Mantenga a sus hijos seguros mientras viajan en la soluci\u00f3n de movilidad del futuro con el aerodeslizador Rebel.\u00a0Como uno de nuestros veh\u00edculos para montar m\u00e1s vers\u00e1tiles y asequibles, el Rebel es imprescindible.\u00a0Con la misma gran calidad en la que puede confiar con todos nuestros hoverboards pero a un precio asequible, el Rebel merece y exige su atenci\u00f3n.<\/p>\n","protected":false},"excerpt":{"rendered":"<p>Como la tabla ideal para ni\u00f1os, la Hover-1 Rebel Hoverboard fue dise\u00f1ada pensando en los adolescentes de hoy.\u00a0Esta poderosa placa tiene un motor dual de 110 W que soporta hasta<\/p>\n","protected":false},"featured_media":67725,"comment_status":"open","ping_status":"closed","template":"","meta":{"_acf_changed":false,"_joinchat":[]},"product_brand":[],"product_cat":[1519,886,1197],"product_tag":[],"class_list":{"0":"post-67724","1":"product","2":"type-product","3":"status-publish","4":"has-post-thumbnail","6":"product_cat-ofertas-jugycol","7":"product_cat-juguetesycoleccionables","8":"product_cat-patines-y-scooters","10":"first","11":"instock","12":"sale","13":"shipping-taxable","14":"purchasable","15":"product-type-simple"},"acf":[],"_links":{"self":[{"href":"https:\/\/defabrica.com.mx\/defabrica\/wp-json\/wp\/v2\/product\/67724","targetHints":{"allow":["GET"]}}],"collection":[{"href":"https:\/\/defabrica.com.mx\/defabrica\/wp-json\/wp\/v2\/product"}],"about":[{"href":"https:\/\/defabrica.com.mx\/defabrica\/wp-json\/wp\/v2\/types\/product"}],"replies":[{"embeddable":true,"href":"https:\/\/defabrica.com.mx\/defabrica\/wp-json\/wp\/v2\/comments?post=67724"}],"wp:featuredmedia":[{"embeddable":true,"href":"https:\/\/defabrica.com.mx\/defabrica\/wp-json\/wp\/v2\/media\/67725"}],"wp:attachment":[{"href":"https:\/\/defabrica.com.mx\/defabrica\/wp-json\/wp\/v2\/media?parent=67724"}],"wp:term":[{"taxonomy":"product_brand","embeddable":true,"href":"https:\/\/defabrica.com.mx\/defabrica\/wp-json\/wp\/v2\/product_brand?post=67724"},{"taxonomy":"product_cat","embeddable":true,"href":"https:\/\/defabrica.com.mx\/defabrica\/wp-json\/wp\/v2\/product_cat?post=67724"},{"taxonomy":"product_tag","embeddable":true,"href":"https:\/\/defabrica.com.mx\/defabrica\/wp-json\/wp\/v2\/product_tag?post=67724"}],"curies":[{"name":"wp","href":"https:\/\/api.w.org\/{rel}","templated":true}]}}