{"id":67328,"date":"2021-12-08T16:02:22","date_gmt":"2021-12-08T22:02:22","guid":{"rendered":"https:\/\/defabrica.com.mx\/defabrica\/?post_type=product&#038;p=67328"},"modified":"2023-01-27T11:16:38","modified_gmt":"2023-01-27T17:16:38","slug":"hoverstar-flash-bocinas-bluetooth-con-luz-led-rueda-de-autoequilibrio-unicornio","status":"publish","type":"product","link":"https:\/\/defabrica.com.mx\/defabrica\/producto\/hoverstar-flash-bocinas-bluetooth-con-luz-led-rueda-de-autoequilibrio-unicornio\/","title":{"rendered":"Hoverstar Flash &#8211; Bocinas &#8211; Bluetooth con luz LED, Rueda de autoequilibrio, &#8211; Unicornio"},"content":{"rendered":"<div class=\"mb3\">\n<div class=\"dangerous-html mb3\">\n<p>Hoverboard de base electr\u00f3nica, muy resistente, soporta hasta 220 libras, velocidad impecable controlada por el ciclista, 2 ruedas de flash con luz LED, luces LED delanteras deseables, altavoz Bluetooth de conexi\u00f3n autom\u00e1tica para m\u00fasica, equipado con una bater\u00eda de 36v \/ 4a que puede golpear una velocidad m\u00e1xima de hasta 10 mph y un alcance de m\u00e1s de 10 millas.\u00a0Certificaci\u00f3n de seguridad: hoverboard certificado por UL, seguro y estable<\/p>\n<\/div>\n<\/div>\n<div class=\"mb3\"><\/div>\n","protected":false},"excerpt":{"rendered":"<p>Hoverboard de base electr\u00f3nica, muy resistente, soporta hasta 220 libras, velocidad impecable controlada por el ciclista, 2 ruedas de flash con luz LED, luces LED delanteras deseables, altavoz Bluetooth de<\/p>\n","protected":false},"featured_media":67329,"comment_status":"open","ping_status":"closed","template":"","meta":{"_acf_changed":false,"_joinchat":[]},"product_brand":[],"product_cat":[886,1197],"product_tag":[],"class_list":{"0":"post-67328","1":"product","2":"type-product","3":"status-publish","4":"has-post-thumbnail","6":"product_cat-juguetesycoleccionables","7":"product_cat-patines-y-scooters","9":"first","10":"instock","11":"sale","12":"shipping-taxable","13":"purchasable","14":"product-type-simple"},"acf":[],"_links":{"self":[{"href":"https:\/\/defabrica.com.mx\/defabrica\/wp-json\/wp\/v2\/product\/67328","targetHints":{"allow":["GET"]}}],"collection":[{"href":"https:\/\/defabrica.com.mx\/defabrica\/wp-json\/wp\/v2\/product"}],"about":[{"href":"https:\/\/defabrica.com.mx\/defabrica\/wp-json\/wp\/v2\/types\/product"}],"replies":[{"embeddable":true,"href":"https:\/\/defabrica.com.mx\/defabrica\/wp-json\/wp\/v2\/comments?post=67328"}],"wp:featuredmedia":[{"embeddable":true,"href":"https:\/\/defabrica.com.mx\/defabrica\/wp-json\/wp\/v2\/media\/67329"}],"wp:attachment":[{"href":"https:\/\/defabrica.com.mx\/defabrica\/wp-json\/wp\/v2\/media?parent=67328"}],"wp:term":[{"taxonomy":"product_brand","embeddable":true,"href":"https:\/\/defabrica.com.mx\/defabrica\/wp-json\/wp\/v2\/product_brand?post=67328"},{"taxonomy":"product_cat","embeddable":true,"href":"https:\/\/defabrica.com.mx\/defabrica\/wp-json\/wp\/v2\/product_cat?post=67328"},{"taxonomy":"product_tag","embeddable":true,"href":"https:\/\/defabrica.com.mx\/defabrica\/wp-json\/wp\/v2\/product_tag?post=67328"}],"curies":[{"name":"wp","href":"https:\/\/api.w.org\/{rel}","templated":true}]}}