{"id":67277,"date":"2021-12-08T15:11:07","date_gmt":"2021-12-08T21:11:07","guid":{"rendered":"https:\/\/defabrica.com.mx\/defabrica\/?post_type=product&#038;p=67277"},"modified":"2023-01-27T11:10:49","modified_gmt":"2023-01-27T17:10:49","slug":"razor-pocket-mod-sweet-pea-estilo-europeo-24-v-inspiracion-vintage-hasta-25-km-h-y-hasta-40-min-de-tiempo-de-conduccion-2","status":"publish","type":"product","link":"https:\/\/defabrica.com.mx\/defabrica\/producto\/razor-pocket-mod-sweet-pea-estilo-europeo-24-v-inspiracion-vintage-hasta-25-km-h-y-hasta-40-min-de-tiempo-de-conduccion-2\/","title":{"rendered":"Razor &#8211; Pocket Mod Sweet Pea &#8211; Estilo europeo &#8211; 24 V, Inspiraci\u00f3n vintage, Hasta 25 km\/h y Hasta 40 min de tiempo de conducci\u00f3n"},"content":{"rendered":"<p>El patinete el\u00e9ctrico Razor Pocket Mod es ideal para cualquier ni\u00f1o elegante con un ojo agudo para la moda y pasi\u00f3n por la diversi\u00f3n.\u00a0El estilo de inspiraci\u00f3n vintage se combina con el alto rendimiento en este dise\u00f1o cl\u00e1sico italiano.\u00a0Elogiado en Newsweek, TIME y Teen Vogue, el scooter el\u00e9ctrico para ni\u00f1os est\u00e1 disponible en varios colores de moda.\u00a0A sus hijos les encantar\u00e1 sentirse como si estuvieran montados en un veh\u00edculo real y el pr\u00e1ctico compartimento de almacenamiento debajo del asiento proporciona un lugar seguro para guardar una bolsa y otros art\u00edculos.<\/p>\n","protected":false},"excerpt":{"rendered":"<p>El patinete el\u00e9ctrico Razor Pocket Mod es ideal para cualquier ni\u00f1o elegante con un ojo agudo para la moda y pasi\u00f3n por la diversi\u00f3n.\u00a0El estilo de inspiraci\u00f3n vintage se combina<\/p>\n","protected":false},"featured_media":67278,"comment_status":"open","ping_status":"closed","template":"","meta":{"_acf_changed":false,"_joinchat":[]},"product_brand":[],"product_cat":[886,1197],"product_tag":[],"class_list":{"0":"post-67277","1":"product","2":"type-product","3":"status-publish","4":"has-post-thumbnail","6":"product_cat-juguetesycoleccionables","7":"product_cat-patines-y-scooters","9":"first","10":"instock","11":"sale","12":"shipping-taxable","13":"purchasable","14":"product-type-simple"},"acf":[],"_links":{"self":[{"href":"https:\/\/defabrica.com.mx\/defabrica\/wp-json\/wp\/v2\/product\/67277","targetHints":{"allow":["GET"]}}],"collection":[{"href":"https:\/\/defabrica.com.mx\/defabrica\/wp-json\/wp\/v2\/product"}],"about":[{"href":"https:\/\/defabrica.com.mx\/defabrica\/wp-json\/wp\/v2\/types\/product"}],"replies":[{"embeddable":true,"href":"https:\/\/defabrica.com.mx\/defabrica\/wp-json\/wp\/v2\/comments?post=67277"}],"wp:featuredmedia":[{"embeddable":true,"href":"https:\/\/defabrica.com.mx\/defabrica\/wp-json\/wp\/v2\/media\/67278"}],"wp:attachment":[{"href":"https:\/\/defabrica.com.mx\/defabrica\/wp-json\/wp\/v2\/media?parent=67277"}],"wp:term":[{"taxonomy":"product_brand","embeddable":true,"href":"https:\/\/defabrica.com.mx\/defabrica\/wp-json\/wp\/v2\/product_brand?post=67277"},{"taxonomy":"product_cat","embeddable":true,"href":"https:\/\/defabrica.com.mx\/defabrica\/wp-json\/wp\/v2\/product_cat?post=67277"},{"taxonomy":"product_tag","embeddable":true,"href":"https:\/\/defabrica.com.mx\/defabrica\/wp-json\/wp\/v2\/product_tag?post=67277"}],"curies":[{"name":"wp","href":"https:\/\/api.w.org\/{rel}","templated":true}]}}