{"id":67013,"date":"2021-12-07T17:20:29","date_gmt":"2021-12-07T23:20:29","guid":{"rendered":"https:\/\/defabrica.com.mx\/defabrica\/?post_type=product&#038;p=67013"},"modified":"2022-12-07T15:34:12","modified_gmt":"2022-12-07T21:34:12","slug":"barbie-estate-malibu-house-playset-con-mas-de-25-accesorios-tematicos","status":"publish","type":"product","link":"https:\/\/defabrica.com.mx\/defabrica\/producto\/barbie-estate-malibu-house-playset-con-mas-de-25-accesorios-tematicos\/","title":{"rendered":"Barbie Estate Malibu House Playset con m\u00e1s de 25 accesorios tem\u00e1ticos"},"content":{"rendered":"<p>\u00a1El juego de Barbie Malibu House est\u00e1 listo para que la imaginaci\u00f3n se mueva con transformaciones geniales y muchas piezas de narraci\u00f3n!\u00a0La casa de mu\u00f1ecas Barbie se abre para revelar tantos espacios de juego y caracter\u00edsticas de doble diversi\u00f3n.\u00a0Los ni\u00f1os pueden hacer suya la casa de mu\u00f1ecas de 2 pisos y 2 pies de ancho con m\u00e1s de 25 piezas para decorar sus 6 habitaciones; los elementos de transformaci\u00f3n brindan a\u00fan m\u00e1s posibilidades al juego.<\/p>\n","protected":false},"excerpt":{"rendered":"<p>\u00a1El juego de Barbie Malibu House est\u00e1 listo para que la imaginaci\u00f3n se mueva con transformaciones geniales y muchas piezas de narraci\u00f3n!\u00a0La casa de mu\u00f1ecas Barbie se abre para revelar<\/p>\n","protected":false},"featured_media":67014,"comment_status":"open","ping_status":"closed","template":"","meta":{"_acf_changed":false,"_joinchat":[]},"product_brand":[],"product_cat":[1490,886,1097],"product_tag":[],"class_list":{"0":"post-67013","1":"product","2":"type-product","3":"status-publish","4":"has-post-thumbnail","6":"product_cat-barbie","7":"product_cat-juguetesycoleccionables","8":"product_cat-juguetes","10":"first","11":"instock","12":"sale","13":"shipping-taxable","14":"purchasable","15":"product-type-simple"},"acf":[],"_links":{"self":[{"href":"https:\/\/defabrica.com.mx\/defabrica\/wp-json\/wp\/v2\/product\/67013","targetHints":{"allow":["GET"]}}],"collection":[{"href":"https:\/\/defabrica.com.mx\/defabrica\/wp-json\/wp\/v2\/product"}],"about":[{"href":"https:\/\/defabrica.com.mx\/defabrica\/wp-json\/wp\/v2\/types\/product"}],"replies":[{"embeddable":true,"href":"https:\/\/defabrica.com.mx\/defabrica\/wp-json\/wp\/v2\/comments?post=67013"}],"wp:featuredmedia":[{"embeddable":true,"href":"https:\/\/defabrica.com.mx\/defabrica\/wp-json\/wp\/v2\/media\/67014"}],"wp:attachment":[{"href":"https:\/\/defabrica.com.mx\/defabrica\/wp-json\/wp\/v2\/media?parent=67013"}],"wp:term":[{"taxonomy":"product_brand","embeddable":true,"href":"https:\/\/defabrica.com.mx\/defabrica\/wp-json\/wp\/v2\/product_brand?post=67013"},{"taxonomy":"product_cat","embeddable":true,"href":"https:\/\/defabrica.com.mx\/defabrica\/wp-json\/wp\/v2\/product_cat?post=67013"},{"taxonomy":"product_tag","embeddable":true,"href":"https:\/\/defabrica.com.mx\/defabrica\/wp-json\/wp\/v2\/product_tag?post=67013"}],"curies":[{"name":"wp","href":"https:\/\/api.w.org\/{rel}","templated":true}]}}