{"id":66490,"date":"2021-12-03T19:37:01","date_gmt":"2021-12-04T01:37:01","guid":{"rendered":"https:\/\/defabrica.com.mx\/defabrica\/?post_type=product&#038;p=66490"},"modified":"2022-12-07T15:25:15","modified_gmt":"2022-12-07T21:25:15","slug":"hot-wheels-t-rex-rampage-track-set-funciona-con-hot-wheels-city-sets-y-juguetes-para-ninos-de-5-a-10-anos","status":"publish","type":"product","link":"https:\/\/defabrica.com.mx\/defabrica\/producto\/hot-wheels-t-rex-rampage-track-set-funciona-con-hot-wheels-city-sets-y-juguetes-para-ninos-de-5-a-10-anos\/","title":{"rendered":"Hot Wheels T-Rex Rampage Track Set \u2013 Funciona con Hot Wheels City Sets y juguetes para ni\u00f1os de 5 a 10 a\u00f1os."},"content":{"rendered":"<div id=\"dpx-product-description_feature_div\">\n<div class=\"celwidget\" data-csa-c-id=\"x8qqv8-3qnf39-f64l95-7gp004\" data-cel-widget=\"dpx-product-description_csm_instrumentation_wrapper\">\n<div id=\"descriptionAndDetails\" class=\"a-section a-spacing-extra-large\">\n<div id=\"productDescription_feature_div\" class=\"celwidget\" data-feature-name=\"productDescription\" data-csa-c-id=\"fokl63-glmiwj-vcpyjc-v0w40b\" data-cel-widget=\"productDescription_feature_div\">\n<div>\n<div id=\"productDescription_feature_div\" class=\"a-row feature\" data-feature-name=\"productDescription\" data-template-name=\"productDescription\" data-cel-widget=\"productDescription_feature_div\">\n<div id=\"productDescription\" class=\"a-section a-spacing-small\">\n<p>Hot Wheels City est\u00e1 siendo asumido por un enorme T-Rex, \u00a1y necesitamos tu ayuda! T-Rex cobra vida con sonidos y movimientos motorizados, \u00a1y solo t\u00fa puedes bajarlo para salvar el d\u00eda! Lanza tu coche en el dinosaurio giratorio para tratar de derribarlo antes de que acabe con los edificios de la ciudad. \u00a1Pero ten cuidado! Si tu objetivo est\u00e1 fuera de la marca, \u00a1quiz\u00e1s te trague un T-Rex hambriento! Los efectos de sonido se suman a la diversi\u00f3n, mientras el T-Rex golpea su cola, ruge, chomps, e incluso eructa. El set T-Rex Rampage se conecta con el resto de juegos de Hot Wheels City para un sinf\u00edn de posibilidades. Construye y ampl\u00eda el mundo del juego Hot Wheels combinando a\u00fan m\u00e1s sets y pistas.<\/p>\n<\/div>\n<\/div>\n<\/div>\n<\/div>\n<\/div>\n<\/div>\n<\/div>\n","protected":false},"excerpt":{"rendered":"<p>Hot Wheels City est\u00e1 siendo asumido por un enorme T-Rex, \u00a1y necesitamos tu ayuda! T-Rex cobra vida con sonidos y movimientos motorizados, \u00a1y solo t\u00fa puedes bajarlo para salvar el<\/p>\n","protected":false},"featured_media":66491,"comment_status":"open","ping_status":"closed","template":"","meta":{"_acf_changed":false,"_joinchat":[]},"product_brand":[],"product_cat":[886,1195],"product_tag":[],"class_list":{"0":"post-66490","1":"product","2":"type-product","3":"status-publish","4":"has-post-thumbnail","6":"product_cat-juguetesycoleccionables","7":"product_cat-carritos-y-pistas","9":"first","10":"instock","11":"sale","12":"shipping-taxable","13":"purchasable","14":"product-type-simple"},"acf":[],"_links":{"self":[{"href":"https:\/\/defabrica.com.mx\/defabrica\/wp-json\/wp\/v2\/product\/66490","targetHints":{"allow":["GET"]}}],"collection":[{"href":"https:\/\/defabrica.com.mx\/defabrica\/wp-json\/wp\/v2\/product"}],"about":[{"href":"https:\/\/defabrica.com.mx\/defabrica\/wp-json\/wp\/v2\/types\/product"}],"replies":[{"embeddable":true,"href":"https:\/\/defabrica.com.mx\/defabrica\/wp-json\/wp\/v2\/comments?post=66490"}],"wp:featuredmedia":[{"embeddable":true,"href":"https:\/\/defabrica.com.mx\/defabrica\/wp-json\/wp\/v2\/media\/66491"}],"wp:attachment":[{"href":"https:\/\/defabrica.com.mx\/defabrica\/wp-json\/wp\/v2\/media?parent=66490"}],"wp:term":[{"taxonomy":"product_brand","embeddable":true,"href":"https:\/\/defabrica.com.mx\/defabrica\/wp-json\/wp\/v2\/product_brand?post=66490"},{"taxonomy":"product_cat","embeddable":true,"href":"https:\/\/defabrica.com.mx\/defabrica\/wp-json\/wp\/v2\/product_cat?post=66490"},{"taxonomy":"product_tag","embeddable":true,"href":"https:\/\/defabrica.com.mx\/defabrica\/wp-json\/wp\/v2\/product_tag?post=66490"}],"curies":[{"name":"wp","href":"https:\/\/api.w.org\/{rel}","templated":true}]}}