{"id":66484,"date":"2021-12-03T19:33:17","date_gmt":"2021-12-04T01:33:17","guid":{"rendered":"https:\/\/defabrica.com.mx\/defabrica\/?post_type=product&#038;p=66484"},"modified":"2023-01-27T10:48:20","modified_gmt":"2023-01-27T16:48:20","slug":"hot-wheels-toxic-gorilla-slam-juego-con-luces-y-sonidos-para-ninos-mayores-de-5-anos","status":"publish","type":"product","link":"https:\/\/defabrica.com.mx\/defabrica\/producto\/hot-wheels-toxic-gorilla-slam-juego-con-luces-y-sonidos-para-ninos-mayores-de-5-anos\/","title":{"rendered":"Hot Wheels &#8211; Toxic Gorilla Slam Juego con Luces y Sonidos para ni\u00f1os mayores de 5 a\u00f1os"},"content":{"rendered":"<div class=\"mb3\">\n<div class=\"dangerous-html mb3\">Un gorila t\u00f3xico amenaza con golpear la estaci\u00f3n de servicio de Hot Wheels City y el taller de reparaci\u00f3n de llantas con un transportador masivo, \u00a1y los ni\u00f1os con habilidades para el retraso del crecimiento s\u00faper incre\u00edbles pueden detenerlo!\u00a0El juego de n\u00e9mesis gigante incluye un lanzador ajustable que establece tres opciones de retraso en el crecimiento para derrotar a la bestia malvada, que muestra su ira con luces multicolores y varios sonidos.\u00a0Hay mucho juego de empujar para explorar: se incluye un veh\u00edculo Hot Wheels a escala 1:64, y el Hot Wheels Toxic Gorilla Slam tambi\u00e9n se conecta a otros juegos de Hot Wheels a trav\u00e9s de m\u00faltiples puntos de conexi\u00f3n en la base para divertirse a\u00fan m\u00e1s.\u00a0Los colores y las decoraciones pueden variar.<\/div>\n<\/div>\n<div class=\"mb3\"><\/div>\n","protected":false},"excerpt":{"rendered":"<p>Un gorila t\u00f3xico amenaza con golpear la estaci\u00f3n de servicio de Hot Wheels City y el taller de reparaci\u00f3n de llantas con un transportador masivo, \u00a1y los ni\u00f1os con habilidades<\/p>\n","protected":false},"featured_media":66488,"comment_status":"open","ping_status":"closed","template":"","meta":{"_acf_changed":false,"_joinchat":[]},"product_brand":[],"product_cat":[886,1097,1195],"product_tag":[],"class_list":{"0":"post-66484","1":"product","2":"type-product","3":"status-publish","4":"has-post-thumbnail","6":"product_cat-juguetesycoleccionables","7":"product_cat-juguetes","8":"product_cat-carritos-y-pistas","10":"first","11":"instock","12":"sale","13":"shipping-taxable","14":"purchasable","15":"product-type-simple"},"acf":[],"_links":{"self":[{"href":"https:\/\/defabrica.com.mx\/defabrica\/wp-json\/wp\/v2\/product\/66484","targetHints":{"allow":["GET"]}}],"collection":[{"href":"https:\/\/defabrica.com.mx\/defabrica\/wp-json\/wp\/v2\/product"}],"about":[{"href":"https:\/\/defabrica.com.mx\/defabrica\/wp-json\/wp\/v2\/types\/product"}],"replies":[{"embeddable":true,"href":"https:\/\/defabrica.com.mx\/defabrica\/wp-json\/wp\/v2\/comments?post=66484"}],"wp:featuredmedia":[{"embeddable":true,"href":"https:\/\/defabrica.com.mx\/defabrica\/wp-json\/wp\/v2\/media\/66488"}],"wp:attachment":[{"href":"https:\/\/defabrica.com.mx\/defabrica\/wp-json\/wp\/v2\/media?parent=66484"}],"wp:term":[{"taxonomy":"product_brand","embeddable":true,"href":"https:\/\/defabrica.com.mx\/defabrica\/wp-json\/wp\/v2\/product_brand?post=66484"},{"taxonomy":"product_cat","embeddable":true,"href":"https:\/\/defabrica.com.mx\/defabrica\/wp-json\/wp\/v2\/product_cat?post=66484"},{"taxonomy":"product_tag","embeddable":true,"href":"https:\/\/defabrica.com.mx\/defabrica\/wp-json\/wp\/v2\/product_tag?post=66484"}],"curies":[{"name":"wp","href":"https:\/\/api.w.org\/{rel}","templated":true}]}}