{"id":65579,"date":"2021-11-24T16:48:15","date_gmt":"2021-11-24T22:48:15","guid":{"rendered":"https:\/\/defabrica.com.mx\/defabrica\/?post_type=product&#038;p=65579"},"modified":"2023-01-14T14:57:52","modified_gmt":"2023-01-14T20:57:52","slug":"keurig-cafetera-de-capsulas-k-cup-de-un-solo-servicio-k-supreme","status":"publish","type":"product","link":"https:\/\/defabrica.com.mx\/defabrica\/producto\/keurig-cafetera-de-capsulas-k-cup-de-un-solo-servicio-k-supreme\/","title":{"rendered":"Keurig &#8211; Cafetera de c\u00e1psulas K-Cup de un solo servicio K Supreme"},"content":{"rendered":"<p>Eleve su experiencia diaria con el caf\u00e9 a nuevas y deliciosas alturas con la cafetera Keurig\u00ae K-Supreme \u2122 Single Serve.\u00a0La cafetera K-Supreme \u2122 es la primera serie de cafetera Keurig\u00ae que presenta MultiStream Technology \u2122, una nueva forma innovadora de saturar de manera m\u00e1s uniforme los posos de caf\u00e9 * en cada c\u00e1psula K-Cup\u00ae.<\/p>\n<h3 class=\"heading-5 v-fw-regular feature-heading\"><strong>Caracter\u00edsticas<\/strong><\/h3>\n<ul>\n<li><strong>TECNOLOG\u00cdA MULTISTREAM \u2122:<\/strong><br \/>\nExtrae m\u00e1s sabor y aroma * en cada infusi\u00f3n. * frente a la cafetera K-Classic\u00ae l\u00edder de Keurig\u00ae con la c\u00e1psula Original Donut Shop\u00ae Coffee K-Cup\u00ae<\/li>\n<li><strong>PERSONALIZA TU COPA:<\/strong><br \/>\nPrepare una taza m\u00e1s fuerte o caliente sobre hielo para un caf\u00e9 helado refrescante<\/li>\n<li><strong>M\u00daLTIPLES TAMA\u00d1OS DE PREPARACI\u00d3N:<\/strong><br \/>\nPrepare una taza de 6, 8, 10 o 12 oz. taza<\/li>\n<li><strong>66 onzas DEP\u00d3SITO DE DOBLE POSICI\u00d3N:<\/strong><br \/>\nElija la posici\u00f3n perfecta para un espacio \u00f3ptimo en el mostrador. El dep\u00f3sito extra\u00edble facilita la recarga<\/li>\n<li><strong>PREPARACI\u00d3N CONTINUA:<\/strong><br \/>\nPrepare inmediatamente una segunda taza, no es necesario esperar a que se recaliente<\/li>\n<\/ul>\n","protected":false},"excerpt":{"rendered":"<p>Eleve su experiencia diaria con el caf\u00e9 a nuevas y deliciosas alturas con la cafetera Keurig\u00ae K-Supreme \u2122 Single Serve.\u00a0La cafetera K-Supreme \u2122 es la primera serie de cafetera Keurig\u00ae<\/p>\n","protected":false},"featured_media":65594,"comment_status":"open","ping_status":"closed","template":"","meta":{"_acf_changed":false,"_joinchat":[]},"product_brand":[],"product_cat":[1453,1474,336,947],"product_tag":[],"class_list":{"0":"post-65579","1":"product","2":"type-product","3":"status-publish","4":"has-post-thumbnail","6":"product_cat-black-friday","7":"product_cat-ofertas-primavera-electrodomesticos","8":"product_cat-hogar","9":"product_cat-teteras-maquinas-de-te-y-cafe","11":"first","12":"instock","13":"sale","14":"shipping-taxable","15":"purchasable","16":"product-type-variable","17":"has-default-attributes"},"acf":[],"_links":{"self":[{"href":"https:\/\/defabrica.com.mx\/defabrica\/wp-json\/wp\/v2\/product\/65579","targetHints":{"allow":["GET"]}}],"collection":[{"href":"https:\/\/defabrica.com.mx\/defabrica\/wp-json\/wp\/v2\/product"}],"about":[{"href":"https:\/\/defabrica.com.mx\/defabrica\/wp-json\/wp\/v2\/types\/product"}],"replies":[{"embeddable":true,"href":"https:\/\/defabrica.com.mx\/defabrica\/wp-json\/wp\/v2\/comments?post=65579"}],"wp:featuredmedia":[{"embeddable":true,"href":"https:\/\/defabrica.com.mx\/defabrica\/wp-json\/wp\/v2\/media\/65594"}],"wp:attachment":[{"href":"https:\/\/defabrica.com.mx\/defabrica\/wp-json\/wp\/v2\/media?parent=65579"}],"wp:term":[{"taxonomy":"product_brand","embeddable":true,"href":"https:\/\/defabrica.com.mx\/defabrica\/wp-json\/wp\/v2\/product_brand?post=65579"},{"taxonomy":"product_cat","embeddable":true,"href":"https:\/\/defabrica.com.mx\/defabrica\/wp-json\/wp\/v2\/product_cat?post=65579"},{"taxonomy":"product_tag","embeddable":true,"href":"https:\/\/defabrica.com.mx\/defabrica\/wp-json\/wp\/v2\/product_tag?post=65579"}],"curies":[{"name":"wp","href":"https:\/\/api.w.org\/{rel}","templated":true}]}}