{"id":65564,"date":"2021-11-24T16:32:05","date_gmt":"2021-11-24T22:32:05","guid":{"rendered":"https:\/\/defabrica.com.mx\/defabrica\/?post_type=product&#038;p=65564"},"modified":"2023-01-14T14:57:26","modified_gmt":"2023-01-14T20:57:26","slug":"ember-taza-inteligente-con-control-de-temperatura%c2%b2-14-oz","status":"publish","type":"product","link":"https:\/\/defabrica.com.mx\/defabrica\/producto\/ember-taza-inteligente-con-control-de-temperatura%c2%b2-14-oz\/","title":{"rendered":"Ember &#8211; Taza inteligente con control de temperatura\u00b2 &#8211; 14 oz"},"content":{"rendered":"<div class=\"embedded-component-container lv product-description\">\n<div>\n<div id=\"shop-product-description-79439410\" class=\"None\" data-version=\"1.3.38\">\n<div class=\"shop-product-description\">\n<section class=\"align-heading-left\" data-reactroot=\"\">\n<div class=\"long-description-container body-copy \">\n<div class=\"html-fragment\">\n<div>\n<div>Ember Mug\u00b2 14oz Blue Edition es una nueva y brillante versi\u00f3n de la cl\u00e1sica taza inteligente de Ember, y est\u00e1 garantizado que har\u00e1 brillar cada ma\u00f1ana.\u00a0Ember le permite establecer su temperatura preferida para beber (120 \u00b0 F &#8211; 145 \u00b0 F), para que pueda disfrutar de su bebida caliente, tal como le gusta, desde el primer sorbo hasta la \u00faltima gota.\u00a0Ember no es un simple calentador de tazas.\u00a0La bater\u00eda incorporada de Ember Mug\u00b2 mantiene la temperatura de bebida elegida durante hasta 80 minutos con la bater\u00eda incorporada, o todo el d\u00eda con la monta\u00f1a rusa de carga incluida.<\/div>\n<\/div>\n<\/div>\n<\/div>\n<\/section>\n<\/div>\n<\/div>\n<\/div>\n<\/div>\n<div class=\"embedded-component-container lv product-features\"><\/div>\n","protected":false},"excerpt":{"rendered":"<p>Ember Mug\u00b2 14oz Blue Edition es una nueva y brillante versi\u00f3n de la cl\u00e1sica taza inteligente de Ember, y est\u00e1 garantizado que har\u00e1 brillar cada ma\u00f1ana.\u00a0Ember le permite establecer su<\/p>\n","protected":false},"featured_media":65569,"comment_status":"open","ping_status":"closed","template":"","meta":{"_acf_changed":false,"_joinchat":[]},"product_brand":[],"product_cat":[1453,1474,336,947],"product_tag":[],"class_list":{"0":"post-65564","1":"product","2":"type-product","3":"status-publish","4":"has-post-thumbnail","6":"product_cat-black-friday","7":"product_cat-ofertas-primavera-electrodomesticos","8":"product_cat-hogar","9":"product_cat-teteras-maquinas-de-te-y-cafe","11":"first","12":"instock","13":"sale","14":"shipping-taxable","15":"purchasable","16":"product-type-variable","17":"has-default-attributes"},"acf":[],"_links":{"self":[{"href":"https:\/\/defabrica.com.mx\/defabrica\/wp-json\/wp\/v2\/product\/65564","targetHints":{"allow":["GET"]}}],"collection":[{"href":"https:\/\/defabrica.com.mx\/defabrica\/wp-json\/wp\/v2\/product"}],"about":[{"href":"https:\/\/defabrica.com.mx\/defabrica\/wp-json\/wp\/v2\/types\/product"}],"replies":[{"embeddable":true,"href":"https:\/\/defabrica.com.mx\/defabrica\/wp-json\/wp\/v2\/comments?post=65564"}],"wp:featuredmedia":[{"embeddable":true,"href":"https:\/\/defabrica.com.mx\/defabrica\/wp-json\/wp\/v2\/media\/65569"}],"wp:attachment":[{"href":"https:\/\/defabrica.com.mx\/defabrica\/wp-json\/wp\/v2\/media?parent=65564"}],"wp:term":[{"taxonomy":"product_brand","embeddable":true,"href":"https:\/\/defabrica.com.mx\/defabrica\/wp-json\/wp\/v2\/product_brand?post=65564"},{"taxonomy":"product_cat","embeddable":true,"href":"https:\/\/defabrica.com.mx\/defabrica\/wp-json\/wp\/v2\/product_cat?post=65564"},{"taxonomy":"product_tag","embeddable":true,"href":"https:\/\/defabrica.com.mx\/defabrica\/wp-json\/wp\/v2\/product_tag?post=65564"}],"curies":[{"name":"wp","href":"https:\/\/api.w.org\/{rel}","templated":true}]}}