{"id":64506,"date":"2021-11-22T00:55:12","date_gmt":"2021-11-22T06:55:12","guid":{"rendered":"https:\/\/defabrica.com.mx\/defabrica\/?post_type=product&#038;p=64506"},"modified":"2023-01-27T10:28:15","modified_gmt":"2023-01-27T16:28:15","slug":"lego-star-wars-75318-the-mandalorian","status":"publish","type":"product","link":"https:\/\/defabrica.com.mx\/defabrica\/producto\/lego-star-wars-75318-the-mandalorian\/","title":{"rendered":"Lego Star Wars 75318 The Mandalorian"},"content":{"rendered":"<div class=\"mb3\">\n<div class=\"dangerous-html mb3\">\n<p>Dale un toque de ternura al m\u00e1ximo con este modelo de construcci\u00f3n y exhibici\u00f3n LEGO Star Wars The Child (75318).\u00a0Los detalles aut\u00e9nticos de este popular personaje, cari\u00f1osamente conocido como Baby Yoda, se recrean en estilo LEGO, con cabeza, orejas y boca articulados para diferentes expresiones, adem\u00e1s del juguete favorito del ni\u00f1o, una perilla de cambio de velocidades (elemento incluido) para que se sujete como lo hace. en Star Wars: The Mandalorian.\u00a0Una s\u00faper idea de regalo para ni\u00f1os mayores de 10 a\u00f1os y cualquier fan de Star Wars, incluye instrucciones de construcci\u00f3n claras para que incluso los principiantes de LEGO puedan disfrutar del proceso creativo y divertido.\u00a0Este modelo para construir tambi\u00e9n viene con un letrero de informaci\u00f3n y la minifigura infantil LEGO para completar una exhibici\u00f3n encantadora.\u00a0El Grupo LEGO ha estado recreando naves estelares, veh\u00edculos, ubicaciones y personajes ic\u00f3nicos del legendario universo de Star Wars desde 1999.<\/p>\n<p>&nbsp;<\/p>\n<\/div>\n<\/div>\n<h3><strong>Caracter\u00edsticas<\/strong><\/h3>\n<ul>\n<li>Los fan\u00e1ticos pueden construir su propio modelo de juguete encantador, construido con ladrillos de The Child (75318) de Star Wars: The Mandalorian, reproduciendo detalles aut\u00e9nticos en estilo LEGO para crear una pieza de exhibici\u00f3n encantadora.<\/li>\n<li>Este modelo para construir captura todas las bonitas caracter\u00edsticas de este peque\u00f1o personaje de Star Wars enormemente popular, que incluye una cabeza articulada, orejas m\u00f3viles y una boca ajustable para diferentes expresiones.<\/li>\n<li>El conjunto incluye un elemento de la palanca de cambios, el juguete favorito del ni\u00f1o, que se puede colocar en su mano, adem\u00e1s de un letrero de informaci\u00f3n y la minifigura infantil LEGO para completar una exhibici\u00f3n encantadora.<\/li>\n<li>Este juguete de construcci\u00f3n LEGO Star Wars coleccionable de 1.073 piezas es el mejor regalo de cumplea\u00f1os, regalo navide\u00f1o o sorpresa para ocasiones especiales para ni\u00f1os mayores de 10 a\u00f1os y todos los fan\u00e1ticos de Star Wars: The Mandalorian.<\/li>\n<li>Con m\u00e1s de 19 cm de altura, 21 cm de ancho y 13 cm de profundidad, este modelo del Ni\u00f1o construido con ladrillos no ocupar\u00e1 demasiado espacio, pero seguramente causar\u00e1 un gran impacto visual en cualquier lugar. se muestra<\/li>\n<\/ul>\n","protected":false},"excerpt":{"rendered":"<p>Dale un toque de ternura al m\u00e1ximo con este modelo de construcci\u00f3n y exhibici\u00f3n LEGO Star Wars The Child (75318).\u00a0Los detalles aut\u00e9nticos de este popular personaje, cari\u00f1osamente conocido como Baby<\/p>\n","protected":false},"featured_media":64508,"comment_status":"open","ping_status":"closed","template":"","meta":{"_acf_changed":false,"_joinchat":[]},"product_brand":[],"product_cat":[886,1097,1196],"product_tag":[],"class_list":{"0":"post-64506","1":"product","2":"type-product","3":"status-publish","4":"has-post-thumbnail","6":"product_cat-juguetesycoleccionables","7":"product_cat-juguetes","8":"product_cat-legos","10":"first","11":"instock","12":"sale","13":"shipping-taxable","14":"purchasable","15":"product-type-simple"},"acf":[],"_links":{"self":[{"href":"https:\/\/defabrica.com.mx\/defabrica\/wp-json\/wp\/v2\/product\/64506","targetHints":{"allow":["GET"]}}],"collection":[{"href":"https:\/\/defabrica.com.mx\/defabrica\/wp-json\/wp\/v2\/product"}],"about":[{"href":"https:\/\/defabrica.com.mx\/defabrica\/wp-json\/wp\/v2\/types\/product"}],"replies":[{"embeddable":true,"href":"https:\/\/defabrica.com.mx\/defabrica\/wp-json\/wp\/v2\/comments?post=64506"}],"wp:featuredmedia":[{"embeddable":true,"href":"https:\/\/defabrica.com.mx\/defabrica\/wp-json\/wp\/v2\/media\/64508"}],"wp:attachment":[{"href":"https:\/\/defabrica.com.mx\/defabrica\/wp-json\/wp\/v2\/media?parent=64506"}],"wp:term":[{"taxonomy":"product_brand","embeddable":true,"href":"https:\/\/defabrica.com.mx\/defabrica\/wp-json\/wp\/v2\/product_brand?post=64506"},{"taxonomy":"product_cat","embeddable":true,"href":"https:\/\/defabrica.com.mx\/defabrica\/wp-json\/wp\/v2\/product_cat?post=64506"},{"taxonomy":"product_tag","embeddable":true,"href":"https:\/\/defabrica.com.mx\/defabrica\/wp-json\/wp\/v2\/product_tag?post=64506"}],"curies":[{"name":"wp","href":"https:\/\/api.w.org\/{rel}","templated":true}]}}