{"id":64494,"date":"2021-11-22T00:28:26","date_gmt":"2021-11-22T06:28:26","guid":{"rendered":"https:\/\/defabrica.com.mx\/defabrica\/?post_type=product&#038;p=64494"},"modified":"2023-01-27T10:27:03","modified_gmt":"2023-01-27T16:27:03","slug":"lego-city-police-station-60246-743-piezas","status":"publish","type":"product","link":"https:\/\/defabrica.com.mx\/defabrica\/producto\/lego-city-police-station-60246-743-piezas\/","title":{"rendered":"LEGO City Police Station 60246 &#8211; (743 Piezas)"},"content":{"rendered":"<div class=\"mb3\">\n<div class=\"dangerous-html mb3\">\n<p>Todo es incre\u00edble en el juego de la estaci\u00f3n de polic\u00eda de LEGO City.\u00a0A los peque\u00f1os agentes de la ley y fan\u00e1ticos de la serie de televisi\u00f3n LEGO City les encantar\u00e1 crear historias con una gran cantidad de personajes divertidos, incluidos Duke DeTain, Chief Wheeler y Daisy Kaboom.\u00a0Este emocionante set incluye una estaci\u00f3n de polic\u00eda con un reflector de ladrillos claros y un auto de polic\u00eda con sirena de ladrillos de sonido, adem\u00e1s de un cami\u00f3n, una motocicleta y un dron de vigilancia geniales.\u00a0\u00a1Con este juego de juguetes obtienes una gu\u00eda de construcci\u00f3n simple e Instrucciones M\u00c1S!\u00a0Como parte de la aplicaci\u00f3n freLEGO Life o de tel\u00e9fonos inteligentes y tabletas, esta gu\u00eda de construcci\u00f3n interactiva cuenta con herramientas de visualizaci\u00f3n de zoom y rotaci\u00f3n que ayudan a los constructores de LEGO a convertirse en maestros constructores Los juegos de polic\u00eda de LEGO City brindan una emocionante experiencia de construcci\u00f3n y juego.\u00a0Con veh\u00edculos realistas, edificios detallados y personajes divertidos.<\/p>\n<p>&nbsp;<\/p>\n<\/div>\n<\/div>\n<h3><strong>Caracter\u00edsticas<\/strong><\/h3>\n<ul>\n<li>Aqu\u00ed hay un gran juego de construcci\u00f3n o ni\u00f1os a los que les encantan los juguetes de construcci\u00f3n llenos de acci\u00f3n Este juego de la estaci\u00f3n de polic\u00eda de LEGO City es una celda explosiva, un veh\u00edculo genial y un personaje<\/li>\n<li>\u00bfQu\u00e9 hay en la caja? Una comisar\u00eda de polic\u00eda de juguete, 2 camiones, una motocicleta y un dron. tambi\u00e9n obtienes 6 minifiguras, incluidos Duke DeTain, Chief Wheeler y Aisy Kaboom de la serie de televisi\u00f3n LEGO City, M\u00c1S figuras de perros<\/li>\n<li>Los ni\u00f1os pueden divertirse con el modelo de cuartel general de polic\u00eda con muchas funciones con funci\u00f3n de explosi\u00f3n de jailbreak y reflector de ladrillos, M\u00c1S un coche de polic\u00eda con una sirena de ladrillos de sonido, una delicia para los fan\u00e1ticos de la polic\u00eda de LEGO City.<\/li>\n<li>Esta idea de juego de estaci\u00f3n de polic\u00eda de LEGO City para ni\u00f1os de 5 a\u00f1os yp Es un gran regalo de cumplea\u00f1os o vacaciones para ni\u00f1os que aman los juguetes de rol, modelo de veh\u00edculo y juguetes de ficci\u00f3n.<\/li>\n<li>Tanto el ladrillo de sonido como el ladrillo de luz de este juego requieren una bater\u00eda de celda de moneda 1xCR1216. \u00a1Las buenas noticias Theye incluido! \u00a1As\u00ed que el sonido y la reproducci\u00f3n pueden comenzar de inmediato!<\/li>\n<li>Encontrar\u00e1 una gu\u00eda de construcci\u00f3n simple en la caja O puede descargar Instrucciones PLUS. parte de la aplicaci\u00f3n gratuita LEGO Life. \u00a1Esta gu\u00eda de construcci\u00f3n interactiva con herramientas de visualizaci\u00f3n de zoom y rotaci\u00f3n hace que la construcci\u00f3n sea un juego de ni\u00f1os!<\/li>\n<li>Los conjuntos de polic\u00eda de LEGO City fomentan las habilidades f\u00edsicas y la confianza de los ni\u00f1os con edificios ricos en caracter\u00edsticas, veh\u00edculos realistas y personajes de la ONU que inspiran el juego creativo abierto.<\/li>\n<li>Los ladrillos de construcci\u00f3n LEGO cumplen con los m\u00e1s altos est\u00e1ndares de la industria, as\u00ed como con los rigurosos criterios de calidad de The LEGO Group, por lo que son consistentes, compatibles y se unen y se separan f\u00e1cilmente cada vez.<\/li>\n<li>En The LEGO Group dejamos caer, aplastamos, retorcemos, calentamos, mordemos, doblamos, rayamos y trepamos ladrillos y piezas LEGO para asegurarnos de que cada juego cumpla con los m\u00e1s altos est\u00e1ndares globales de seguridad y calidad.<\/li>\n<\/ul>\n","protected":false},"excerpt":{"rendered":"<p>Todo es incre\u00edble en el juego de la estaci\u00f3n de polic\u00eda de LEGO City.\u00a0A los peque\u00f1os agentes de la ley y fan\u00e1ticos de la serie de televisi\u00f3n LEGO City les<\/p>\n","protected":false},"featured_media":64490,"comment_status":"open","ping_status":"closed","template":"","meta":{"_acf_changed":false,"_joinchat":[]},"product_brand":[],"product_cat":[886,1097,1196],"product_tag":[],"class_list":{"0":"post-64494","1":"product","2":"type-product","3":"status-publish","4":"has-post-thumbnail","6":"product_cat-juguetesycoleccionables","7":"product_cat-juguetes","8":"product_cat-legos","10":"first","11":"instock","12":"sale","13":"shipping-taxable","14":"purchasable","15":"product-type-simple"},"acf":[],"_links":{"self":[{"href":"https:\/\/defabrica.com.mx\/defabrica\/wp-json\/wp\/v2\/product\/64494","targetHints":{"allow":["GET"]}}],"collection":[{"href":"https:\/\/defabrica.com.mx\/defabrica\/wp-json\/wp\/v2\/product"}],"about":[{"href":"https:\/\/defabrica.com.mx\/defabrica\/wp-json\/wp\/v2\/types\/product"}],"replies":[{"embeddable":true,"href":"https:\/\/defabrica.com.mx\/defabrica\/wp-json\/wp\/v2\/comments?post=64494"}],"wp:featuredmedia":[{"embeddable":true,"href":"https:\/\/defabrica.com.mx\/defabrica\/wp-json\/wp\/v2\/media\/64490"}],"wp:attachment":[{"href":"https:\/\/defabrica.com.mx\/defabrica\/wp-json\/wp\/v2\/media?parent=64494"}],"wp:term":[{"taxonomy":"product_brand","embeddable":true,"href":"https:\/\/defabrica.com.mx\/defabrica\/wp-json\/wp\/v2\/product_brand?post=64494"},{"taxonomy":"product_cat","embeddable":true,"href":"https:\/\/defabrica.com.mx\/defabrica\/wp-json\/wp\/v2\/product_cat?post=64494"},{"taxonomy":"product_tag","embeddable":true,"href":"https:\/\/defabrica.com.mx\/defabrica\/wp-json\/wp\/v2\/product_tag?post=64494"}],"curies":[{"name":"wp","href":"https:\/\/api.w.org\/{rel}","templated":true}]}}