{"id":64427,"date":"2021-11-21T17:03:00","date_gmt":"2021-11-21T23:03:00","guid":{"rendered":"https:\/\/defabrica.com.mx\/defabrica\/?post_type=product&#038;p=64427"},"modified":"2023-01-27T10:43:10","modified_gmt":"2023-01-27T16:43:10","slug":"nerf-fortnite-heavy-sr-blaster-fortnite-blaster-mas-largo-de-todos-los-tiempos-alcance-extraible-accion-de-cerrojo-6-mega-dardos-oficiales-clip-de-6-dardos","status":"publish","type":"product","link":"https:\/\/defabrica.com.mx\/defabrica\/producto\/nerf-fortnite-heavy-sr-blaster-fortnite-blaster-mas-largo-de-todos-los-tiempos-alcance-extraible-accion-de-cerrojo-6-mega-dardos-oficiales-clip-de-6-dardos\/","title":{"rendered":"NERF &#8211; Fortnite Heavy SR Blaster, Fortnite Blaster m\u00e1s largo de todos los tiempos, alcance extra\u00edble, acci\u00f3n de cerrojo, 6 mega dardos oficiales, clip de 6 dardos"},"content":{"rendered":"<p>Inspirado en el equipo utilizado en Fortnite, el blaster Nerf Heavy SR captura el aspecto del equipo en el popular videojuego.\u00a0\u00a1Este es el blaster Nerf Fortnite m\u00e1s largo de la historia, que mide 43 pulgadas de largo (m\u00e1s de 1 metro) desde el barril hasta la culata!\u00a0Sal al campo: solo el tama\u00f1o de este blaster es suficiente para impresionar e intimidar a tus oponentes.\u00a0\u00a1Ahora sigue adelante y haz esos tiros de larga distancia para tomar el control del juego!\u00a0El blaster viene en el Red Camo Wrap del juego.\u00a0Incluye un clip de 6 dardos y 6 dardos de espuma Nerf Mega oficiales que se desencadenan con imprimaci\u00f3n de cerrojo.\u00a0Cargue el clip en el blaster, deslice el perno para preparar un dardo para disparar, luego presione el gatillo para disparar el dardo hacia su objetivo.\u00a0No requiere pilas.\u00a0Se recomiendan gafas (no incluidas).<\/p>\n","protected":false},"excerpt":{"rendered":"<p>Inspirado en el equipo utilizado en Fortnite, el blaster Nerf Heavy SR captura el aspecto del equipo en el popular videojuego.\u00a0\u00a1Este es el blaster Nerf Fortnite m\u00e1s largo de la<\/p>\n","protected":false},"featured_media":64428,"comment_status":"open","ping_status":"closed","template":"","meta":{"_acf_changed":false,"_joinchat":[]},"product_brand":[],"product_cat":[1508,886,1097,1196],"product_tag":[],"class_list":{"0":"post-64427","1":"product","2":"type-product","3":"status-publish","4":"has-post-thumbnail","6":"product_cat-ofertas-primavera-juguetes","7":"product_cat-juguetesycoleccionables","8":"product_cat-juguetes","9":"product_cat-legos","11":"first","12":"instock","13":"sale","14":"shipping-taxable","15":"purchasable","16":"product-type-simple"},"acf":[],"_links":{"self":[{"href":"https:\/\/defabrica.com.mx\/defabrica\/wp-json\/wp\/v2\/product\/64427","targetHints":{"allow":["GET"]}}],"collection":[{"href":"https:\/\/defabrica.com.mx\/defabrica\/wp-json\/wp\/v2\/product"}],"about":[{"href":"https:\/\/defabrica.com.mx\/defabrica\/wp-json\/wp\/v2\/types\/product"}],"replies":[{"embeddable":true,"href":"https:\/\/defabrica.com.mx\/defabrica\/wp-json\/wp\/v2\/comments?post=64427"}],"wp:featuredmedia":[{"embeddable":true,"href":"https:\/\/defabrica.com.mx\/defabrica\/wp-json\/wp\/v2\/media\/64428"}],"wp:attachment":[{"href":"https:\/\/defabrica.com.mx\/defabrica\/wp-json\/wp\/v2\/media?parent=64427"}],"wp:term":[{"taxonomy":"product_brand","embeddable":true,"href":"https:\/\/defabrica.com.mx\/defabrica\/wp-json\/wp\/v2\/product_brand?post=64427"},{"taxonomy":"product_cat","embeddable":true,"href":"https:\/\/defabrica.com.mx\/defabrica\/wp-json\/wp\/v2\/product_cat?post=64427"},{"taxonomy":"product_tag","embeddable":true,"href":"https:\/\/defabrica.com.mx\/defabrica\/wp-json\/wp\/v2\/product_tag?post=64427"}],"curies":[{"name":"wp","href":"https:\/\/api.w.org\/{rel}","templated":true}]}}