{"id":63797,"date":"2021-11-19T20:57:00","date_gmt":"2021-11-20T02:57:00","guid":{"rendered":"https:\/\/defabrica.com.mx\/defabrica\/?post_type=product&#038;p=63797"},"modified":"2022-12-07T14:22:00","modified_gmt":"2022-12-07T20:22:00","slug":"lego-minecraft-taiga-adventure-21162","status":"publish","type":"product","link":"https:\/\/defabrica.com.mx\/defabrica\/producto\/lego-minecraft-taiga-adventure-21162\/","title":{"rendered":"LEGO Minecraft &#8211; Taiga Adventure 21162"},"content":{"rendered":"<p>Con caracter\u00edsticas y figuras de Minecraft para que los jugadores construyan, modifiquen y disfruten, este divertido set de LEGO anima a los ni\u00f1os a alejarse de la computadora y llevar la acci\u00f3n de Minecraft al mundo real. D\u00e9 rienda suelta a la creatividad de los ni\u00f1os con Steve, Skeleton, Wolf y la nueva figura de Fox de Minecraft. Hay monta\u00f1as cubiertas de nieve para escalar, frutos rojos para comer y una fogata rugiente para mantenerse calientes mientras los ni\u00f1os buscan minerales preciosos en la helada regi\u00f3n de Taiga. \u00a1Pero la acci\u00f3n y las aventuras pronto interfieren con los planes! Los juegos de LEGO Minecraft ponen el juego independiente abierto en las manos de los ni\u00f1os. Y con los biomas aut\u00e9nticos de Minecraft y las figuras de acci\u00f3n populares, \u00a1nunca querr\u00e1n dejar el juguete!<\/p>\n","protected":false},"excerpt":{"rendered":"<p>Con caracter\u00edsticas y figuras de Minecraft para que los jugadores construyan, modifiquen y disfruten, este divertido set de LEGO anima a los ni\u00f1os a alejarse de la computadora y llevar<\/p>\n","protected":false},"featured_media":63799,"comment_status":"open","ping_status":"closed","template":"","meta":{"_acf_changed":false,"_joinchat":[]},"product_brand":[],"product_cat":[886,1097,1196],"product_tag":[],"class_list":{"0":"post-63797","1":"product","2":"type-product","3":"status-publish","4":"has-post-thumbnail","6":"product_cat-juguetesycoleccionables","7":"product_cat-juguetes","8":"product_cat-legos","10":"first","11":"instock","12":"sale","13":"shipping-taxable","14":"purchasable","15":"product-type-simple"},"acf":[],"_links":{"self":[{"href":"https:\/\/defabrica.com.mx\/defabrica\/wp-json\/wp\/v2\/product\/63797","targetHints":{"allow":["GET"]}}],"collection":[{"href":"https:\/\/defabrica.com.mx\/defabrica\/wp-json\/wp\/v2\/product"}],"about":[{"href":"https:\/\/defabrica.com.mx\/defabrica\/wp-json\/wp\/v2\/types\/product"}],"replies":[{"embeddable":true,"href":"https:\/\/defabrica.com.mx\/defabrica\/wp-json\/wp\/v2\/comments?post=63797"}],"wp:featuredmedia":[{"embeddable":true,"href":"https:\/\/defabrica.com.mx\/defabrica\/wp-json\/wp\/v2\/media\/63799"}],"wp:attachment":[{"href":"https:\/\/defabrica.com.mx\/defabrica\/wp-json\/wp\/v2\/media?parent=63797"}],"wp:term":[{"taxonomy":"product_brand","embeddable":true,"href":"https:\/\/defabrica.com.mx\/defabrica\/wp-json\/wp\/v2\/product_brand?post=63797"},{"taxonomy":"product_cat","embeddable":true,"href":"https:\/\/defabrica.com.mx\/defabrica\/wp-json\/wp\/v2\/product_cat?post=63797"},{"taxonomy":"product_tag","embeddable":true,"href":"https:\/\/defabrica.com.mx\/defabrica\/wp-json\/wp\/v2\/product_tag?post=63797"}],"curies":[{"name":"wp","href":"https:\/\/api.w.org\/{rel}","templated":true}]}}