{"id":63771,"date":"2021-11-19T20:43:08","date_gmt":"2021-11-20T02:43:08","guid":{"rendered":"https:\/\/defabrica.com.mx\/defabrica\/?post_type=product&#038;p=63771"},"modified":"2023-01-26T15:53:25","modified_gmt":"2023-01-26T21:53:25","slug":"lego-star-wars-540-elementos-asaltador-at-st-75254","status":"publish","type":"product","link":"https:\/\/defabrica.com.mx\/defabrica\/producto\/lego-star-wars-540-elementos-asaltador-at-st-75254\/","title":{"rendered":"LEGO Star Wars (540 elementos): Asaltador AT-ST (75254)"},"content":{"rendered":"<p>Emociona a cualquier constructor o fan de LEGO con este modelo coleccionable 75254 Star Wars AT-ST Raider Walker. Este juguete de construcci\u00f3n de Star Wars construido con ladrillos presenta el mismo aspecto canibalizado del caminante de la exitosa serie de televisi\u00f3n de Star Wars The Mandalorian, que incluye patas articuladas articuladas, una torreta giratoria que se abre para revelar un interior detallado con espacio para sentarse una minifigura, adem\u00e1s de 2 tiradores de tiro. Este avanzado juguete de construcci\u00f3n de transporte AT-ST tambi\u00e9n incluye a los personajes de Star Wars The Mandalorian, Cara Dune y 2 minifiguras Klatooinian Raider para que la acci\u00f3n realmente comience. Este kit de modelo de Star Wars de 540 piezas es ideal para ni\u00f1os de 8 a\u00f1os y fomenta el juego creativo e imaginativo mientras representan sus escenas de batalla favoritas de Star Wars.<\/p>\n","protected":false},"excerpt":{"rendered":"<p>Emociona a cualquier constructor o fan de LEGO con este modelo coleccionable 75254 Star Wars AT-ST Raider Walker. Este juguete de construcci\u00f3n de Star Wars construido con ladrillos presenta el<\/p>\n","protected":false},"featured_media":63774,"comment_status":"open","ping_status":"closed","template":"","meta":{"_acf_changed":false,"_joinchat":[]},"product_brand":[],"product_cat":[886,1097,1196],"product_tag":[],"class_list":{"0":"post-63771","1":"product","2":"type-product","3":"status-publish","4":"has-post-thumbnail","6":"product_cat-juguetesycoleccionables","7":"product_cat-juguetes","8":"product_cat-legos","10":"first","11":"instock","12":"sale","13":"shipping-taxable","14":"purchasable","15":"product-type-simple"},"acf":[],"_links":{"self":[{"href":"https:\/\/defabrica.com.mx\/defabrica\/wp-json\/wp\/v2\/product\/63771","targetHints":{"allow":["GET"]}}],"collection":[{"href":"https:\/\/defabrica.com.mx\/defabrica\/wp-json\/wp\/v2\/product"}],"about":[{"href":"https:\/\/defabrica.com.mx\/defabrica\/wp-json\/wp\/v2\/types\/product"}],"replies":[{"embeddable":true,"href":"https:\/\/defabrica.com.mx\/defabrica\/wp-json\/wp\/v2\/comments?post=63771"}],"wp:featuredmedia":[{"embeddable":true,"href":"https:\/\/defabrica.com.mx\/defabrica\/wp-json\/wp\/v2\/media\/63774"}],"wp:attachment":[{"href":"https:\/\/defabrica.com.mx\/defabrica\/wp-json\/wp\/v2\/media?parent=63771"}],"wp:term":[{"taxonomy":"product_brand","embeddable":true,"href":"https:\/\/defabrica.com.mx\/defabrica\/wp-json\/wp\/v2\/product_brand?post=63771"},{"taxonomy":"product_cat","embeddable":true,"href":"https:\/\/defabrica.com.mx\/defabrica\/wp-json\/wp\/v2\/product_cat?post=63771"},{"taxonomy":"product_tag","embeddable":true,"href":"https:\/\/defabrica.com.mx\/defabrica\/wp-json\/wp\/v2\/product_tag?post=63771"}],"curies":[{"name":"wp","href":"https:\/\/api.w.org\/{rel}","templated":true}]}}