{"id":63743,"date":"2021-11-19T20:30:59","date_gmt":"2021-11-20T02:30:59","guid":{"rendered":"https:\/\/defabrica.com.mx\/defabrica\/?post_type=product&#038;p=63743"},"modified":"2023-01-26T15:50:04","modified_gmt":"2023-01-26T21:50:04","slug":"lego-classic-ladrillos-y-ruedas","status":"publish","type":"product","link":"https:\/\/defabrica.com.mx\/defabrica\/producto\/lego-classic-ladrillos-y-ruedas\/","title":{"rendered":"LEGO Classic Ladrillos Y Ruedas"},"content":{"rendered":"<p>Pon tus creaciones LEGO sobre ruedas con este emocionante set LEGO Classic 10 bricks a Roll, que incluye una amplia selecci\u00f3n de ruedas y neum\u00e1ticos en una variedad de colores y tama\u00f1os, adem\u00e1s de una colorida selecci\u00f3n de piezas LEGO, que incluyen formas y ojos de ladrillos de construcci\u00f3n. Este juego es una gran adici\u00f3n a los juegos LEGO existentes e incluye instrucciones de construcci\u00f3n apropiadas para la edad que ayudar\u00e1n a su hijo a descubrir sus habilidades de construcci\u00f3n creativas.<\/p>\n","protected":false},"excerpt":{"rendered":"<p>Pon tus creaciones LEGO sobre ruedas con este emocionante set LEGO Classic 10 bricks a Roll, que incluye una amplia selecci\u00f3n de ruedas y neum\u00e1ticos en una variedad de colores<\/p>\n","protected":false},"featured_media":63746,"comment_status":"open","ping_status":"closed","template":"","meta":{"_acf_changed":false,"_joinchat":[]},"product_brand":[],"product_cat":[886,1097,1196],"product_tag":[],"class_list":{"0":"post-63743","1":"product","2":"type-product","3":"status-publish","4":"has-post-thumbnail","6":"product_cat-juguetesycoleccionables","7":"product_cat-juguetes","8":"product_cat-legos","10":"first","11":"instock","12":"sale","13":"shipping-taxable","14":"purchasable","15":"product-type-simple"},"acf":[],"_links":{"self":[{"href":"https:\/\/defabrica.com.mx\/defabrica\/wp-json\/wp\/v2\/product\/63743","targetHints":{"allow":["GET"]}}],"collection":[{"href":"https:\/\/defabrica.com.mx\/defabrica\/wp-json\/wp\/v2\/product"}],"about":[{"href":"https:\/\/defabrica.com.mx\/defabrica\/wp-json\/wp\/v2\/types\/product"}],"replies":[{"embeddable":true,"href":"https:\/\/defabrica.com.mx\/defabrica\/wp-json\/wp\/v2\/comments?post=63743"}],"wp:featuredmedia":[{"embeddable":true,"href":"https:\/\/defabrica.com.mx\/defabrica\/wp-json\/wp\/v2\/media\/63746"}],"wp:attachment":[{"href":"https:\/\/defabrica.com.mx\/defabrica\/wp-json\/wp\/v2\/media?parent=63743"}],"wp:term":[{"taxonomy":"product_brand","embeddable":true,"href":"https:\/\/defabrica.com.mx\/defabrica\/wp-json\/wp\/v2\/product_brand?post=63743"},{"taxonomy":"product_cat","embeddable":true,"href":"https:\/\/defabrica.com.mx\/defabrica\/wp-json\/wp\/v2\/product_cat?post=63743"},{"taxonomy":"product_tag","embeddable":true,"href":"https:\/\/defabrica.com.mx\/defabrica\/wp-json\/wp\/v2\/product_tag?post=63743"}],"curies":[{"name":"wp","href":"https:\/\/api.w.org\/{rel}","templated":true}]}}