{"id":63714,"date":"2021-11-19T20:05:13","date_gmt":"2021-11-20T02:05:13","guid":{"rendered":"https:\/\/defabrica.com.mx\/defabrica\/?post_type=product&#038;p=63714"},"modified":"2023-01-26T15:47:50","modified_gmt":"2023-01-26T21:47:50","slug":"lego-santuario-ii-batalla-endgame-infinity-saga-76237","status":"publish","type":"product","link":"https:\/\/defabrica.com.mx\/defabrica\/producto\/lego-santuario-ii-batalla-endgame-infinity-saga-76237\/","title":{"rendered":"LEGO &#8211; Santuario II Batalla Endgame &#8211; Infinity Saga 76237"},"content":{"rendered":"<p>Muestra la pasi\u00f3n de un ni\u00f1o por Marvel Cinematic Universe para que todos sus amigos la admiren.\u00a0LEGO Marvel Sanctuary II: Endgame Battle (76237) est\u00e1 repleto de detalles realistas para inspirar juegos imaginativos y exhibiciones impresionantes.\u00a0La nave espacial Sanctuary II de 4 alas, con su amenazadora variedad de 6 ca\u00f1ones, pone la acci\u00f3n de las pel\u00edculas de Marvel en manos de los ni\u00f1os.<\/p>\n","protected":false},"excerpt":{"rendered":"<p>Muestra la pasi\u00f3n de un ni\u00f1o por Marvel Cinematic Universe para que todos sus amigos la admiren.\u00a0LEGO Marvel Sanctuary II: Endgame Battle (76237) est\u00e1 repleto de detalles realistas para inspirar<\/p>\n","protected":false},"featured_media":63716,"comment_status":"open","ping_status":"closed","template":"","meta":{"_acf_changed":false,"_joinchat":[]},"product_brand":[],"product_cat":[886,1097,1196],"product_tag":[],"class_list":{"0":"post-63714","1":"product","2":"type-product","3":"status-publish","4":"has-post-thumbnail","6":"product_cat-juguetesycoleccionables","7":"product_cat-juguetes","8":"product_cat-legos","10":"first","11":"instock","12":"sale","13":"shipping-taxable","14":"purchasable","15":"product-type-simple"},"acf":[],"_links":{"self":[{"href":"https:\/\/defabrica.com.mx\/defabrica\/wp-json\/wp\/v2\/product\/63714","targetHints":{"allow":["GET"]}}],"collection":[{"href":"https:\/\/defabrica.com.mx\/defabrica\/wp-json\/wp\/v2\/product"}],"about":[{"href":"https:\/\/defabrica.com.mx\/defabrica\/wp-json\/wp\/v2\/types\/product"}],"replies":[{"embeddable":true,"href":"https:\/\/defabrica.com.mx\/defabrica\/wp-json\/wp\/v2\/comments?post=63714"}],"wp:featuredmedia":[{"embeddable":true,"href":"https:\/\/defabrica.com.mx\/defabrica\/wp-json\/wp\/v2\/media\/63716"}],"wp:attachment":[{"href":"https:\/\/defabrica.com.mx\/defabrica\/wp-json\/wp\/v2\/media?parent=63714"}],"wp:term":[{"taxonomy":"product_brand","embeddable":true,"href":"https:\/\/defabrica.com.mx\/defabrica\/wp-json\/wp\/v2\/product_brand?post=63714"},{"taxonomy":"product_cat","embeddable":true,"href":"https:\/\/defabrica.com.mx\/defabrica\/wp-json\/wp\/v2\/product_cat?post=63714"},{"taxonomy":"product_tag","embeddable":true,"href":"https:\/\/defabrica.com.mx\/defabrica\/wp-json\/wp\/v2\/product_tag?post=63714"}],"curies":[{"name":"wp","href":"https:\/\/api.w.org\/{rel}","templated":true}]}}