{"id":63676,"date":"2021-11-19T19:19:09","date_gmt":"2021-11-20T01:19:09","guid":{"rendered":"https:\/\/defabrica.com.mx\/defabrica\/?post_type=product&#038;p=63676"},"modified":"2023-01-26T15:46:04","modified_gmt":"2023-01-26T21:46:04","slug":"lego-dc-batman-classic-76238-372-piezas","status":"publish","type":"product","link":"https:\/\/defabrica.com.mx\/defabrica\/producto\/lego-dc-batman-classic-76238-372-piezas\/","title":{"rendered":"LEGO &#8211; DC Batman Classic &#8211; 76238 (372 piezas)"},"content":{"rendered":"<p>Sum\u00e9rjase en un gratificante proyecto de creaci\u00f3n de modelos mientras recrea el estilo inolvidable de la cl\u00e1sica serie de televisi\u00f3n de Batman.\u00a0Creado pensando en los fan\u00e1ticos adultos, LEGO DC Batman Classic TV Series Batman Cowl (76238) es satisfactorio de construir y sorprendente de exhibir.<\/p>\n","protected":false},"excerpt":{"rendered":"<p>Sum\u00e9rjase en un gratificante proyecto de creaci\u00f3n de modelos mientras recrea el estilo inolvidable de la cl\u00e1sica serie de televisi\u00f3n de Batman.\u00a0Creado pensando en los fan\u00e1ticos adultos, LEGO DC Batman<\/p>\n","protected":false},"featured_media":63679,"comment_status":"open","ping_status":"closed","template":"","meta":{"_acf_changed":false,"_joinchat":[]},"product_brand":[],"product_cat":[1508,886,1097,1196],"product_tag":[],"class_list":{"0":"post-63676","1":"product","2":"type-product","3":"status-publish","4":"has-post-thumbnail","6":"product_cat-ofertas-primavera-juguetes","7":"product_cat-juguetesycoleccionables","8":"product_cat-juguetes","9":"product_cat-legos","11":"first","12":"instock","13":"sale","14":"shipping-taxable","15":"purchasable","16":"product-type-simple"},"acf":[],"_links":{"self":[{"href":"https:\/\/defabrica.com.mx\/defabrica\/wp-json\/wp\/v2\/product\/63676","targetHints":{"allow":["GET"]}}],"collection":[{"href":"https:\/\/defabrica.com.mx\/defabrica\/wp-json\/wp\/v2\/product"}],"about":[{"href":"https:\/\/defabrica.com.mx\/defabrica\/wp-json\/wp\/v2\/types\/product"}],"replies":[{"embeddable":true,"href":"https:\/\/defabrica.com.mx\/defabrica\/wp-json\/wp\/v2\/comments?post=63676"}],"wp:featuredmedia":[{"embeddable":true,"href":"https:\/\/defabrica.com.mx\/defabrica\/wp-json\/wp\/v2\/media\/63679"}],"wp:attachment":[{"href":"https:\/\/defabrica.com.mx\/defabrica\/wp-json\/wp\/v2\/media?parent=63676"}],"wp:term":[{"taxonomy":"product_brand","embeddable":true,"href":"https:\/\/defabrica.com.mx\/defabrica\/wp-json\/wp\/v2\/product_brand?post=63676"},{"taxonomy":"product_cat","embeddable":true,"href":"https:\/\/defabrica.com.mx\/defabrica\/wp-json\/wp\/v2\/product_cat?post=63676"},{"taxonomy":"product_tag","embeddable":true,"href":"https:\/\/defabrica.com.mx\/defabrica\/wp-json\/wp\/v2\/product_tag?post=63676"}],"curies":[{"name":"wp","href":"https:\/\/api.w.org\/{rel}","templated":true}]}}