{"id":61406,"date":"2021-11-16T15:44:08","date_gmt":"2021-11-16T21:44:08","guid":{"rendered":"https:\/\/defabrica.com.mx\/defabrica\/?post_type=product&#038;p=61406"},"modified":"2025-10-08T16:01:13","modified_gmt":"2025-10-08T22:01:13","slug":"apple-watch-nike-se-gps-44mm-caja-de-aluminio-correa-deportiva-diseno-plata","status":"publish","type":"product","link":"https:\/\/defabrica.com.mx\/defabrica\/producto\/apple-watch-nike-se-gps-44mm-caja-de-aluminio-correa-deportiva-diseno-plata\/","title":{"rendered":"Apple Watch Nike SE (GPS) 44mm Caja de Aluminio &#8211; Correa Deportiva &#8211; Dise\u00f1o &#8211; Plata"},"content":{"rendered":"<div class=\"embedded-component-container lv product-description\">\n<div>\n<div id=\"shop-product-description-6665738\" class=\"None\" data-version=\"1.3.38\">\n<div class=\"shop-product-description\">\n<section class=\"align-heading-left\" data-reactroot=\"\">\n<div class=\"long-description-container body-copy \">\n<div class=\"html-fragment\">\n<div>\n<div>Con el Apple Watch Nike SE y la aplicaci\u00f3n integrada Nike Run Club, puedes realizar un seguimiento de tus entrenamientos y escuchar carreras guiadas.\u00a0Escuche la m\u00fasica de su reloj para motivarse.\u00a0Y elige entre esferas y correas de reloj exclusivas de Nike.<\/div>\n<\/div>\n<\/div>\n<\/div>\n<\/section>\n<\/div>\n<\/div>\n<\/div>\n<\/div>\n<div class=\"embedded-component-container lv product-features\"><\/div>\n<div>\n<h3><\/h3>\n<h3><\/h3>\n<h3 class=\"heading-5 v-fw-regular feature-heading\"><strong>Caracter\u00edsticas<\/strong><\/h3>\n<ul>\n<li>Reciba llamadas y responda mensajes de texto directamente desde su mu\u00f1eca<\/li>\n<li>Realice un seguimiento de su actividad diaria en Apple Watch y vea sus tendencias en la aplicaci\u00f3n Fitness en iPhone<\/li>\n<li>Realice un seguimiento de los nuevos entrenamientos de tai chi y pilates, adem\u00e1s de los favoritos como correr, yoga, nataci\u00f3n y baile.<\/li>\n<li>Camine de manera m\u00e1s inteligente con br\u00fajula incorporada y lecturas de elevaci\u00f3n en tiempo real<\/li>\n<li>Mant\u00e9ngase al tanto de su salud con notificaciones de frecuencia card\u00edaca alta y baja y de ritmo card\u00edaco irregular\u00b9<\/li>\n<li>El Apple Watch puede detectar si has sufrido una ca\u00edda fuerte y, luego, llamar autom\u00e1ticamente a los servicios de emergencia\u00b2<\/li>\n<li>Emergency SOS te permite pedir ayuda cuando la necesitas\u00b3<\/li>\n<li>Sincroniza tu m\u00fasica, podcasts y audiolibros favoritos<\/li>\n<li>Realice compras de forma instant\u00e1nea y segura desde su mu\u00f1eca con Apple Pay<\/li>\n<li>Dise\u00f1o a prueba de nataci\u00f3n<\/li>\n<li>Cajas de aluminio 100% reciclado disponibles en tres acabados<\/li>\n<li>watchOS 8 presenta nuevos tipos de ejercicios, la aplicaci\u00f3n Mindfulness, la nueva esfera del reloj Portraits y mejoras en Mensajes<\/li>\n<li>Usa la aplicaci\u00f3n integrada Nike Run Club para mantenerte motivado con desaf\u00edos y carreras guiadas<\/li>\n<li>Corre con estilo con Nike Sport Band y Nike Sport Loop en nuevos colores<\/li>\n<li>Obt\u00e9n esferas de reloj exclusivas de Nike<\/li>\n<li>Apple Watch SE requiere un iPhone 6s o posterior con iOS 14 o posterior.<\/li>\n<li>\u00b9La notificaci\u00f3n de ritmo irregular requiere las \u00faltimas versiones de watchOS e iOS. No est\u00e1 dise\u00f1ado para que lo utilicen personas menores de 22 a\u00f1os o personas que hayan sido diagnosticadas previamente con fibrilaci\u00f3n auricular (Afib).<\/li>\n<li>\u00b2 Las actualizaciones de detecci\u00f3n de ca\u00eddas est\u00e1n disponibles en Apple Watch Series 4 y posteriores con watchOS 8 y posteriores.<\/li>\n<\/ul>\n<\/div>\n","protected":false},"excerpt":{"rendered":"<p>Con el Apple Watch Nike SE y la aplicaci\u00f3n integrada Nike Run Club, puedes realizar un seguimiento de tus entrenamientos y escuchar carreras guiadas.\u00a0Escuche la m\u00fasica de su reloj para<\/p>\n","protected":false},"featured_media":61407,"comment_status":"open","ping_status":"closed","template":"","meta":{"_acf_changed":false,"_joinchat":[]},"product_brand":[],"product_cat":[1453,1473,305,306,312],"product_tag":[],"class_list":{"0":"post-61406","1":"product","2":"type-product","3":"status-publish","4":"has-post-thumbnail","6":"product_cat-black-friday","7":"product_cat-ofertas-primavera-smartwatches","8":"product_cat-wearables","9":"product_cat-apple-watch","10":"product_cat-ver-todo-wearables","12":"first","13":"instock","14":"sale","15":"shipping-taxable","16":"purchasable","17":"product-type-simple"},"acf":[],"_links":{"self":[{"href":"https:\/\/defabrica.com.mx\/defabrica\/wp-json\/wp\/v2\/product\/61406","targetHints":{"allow":["GET"]}}],"collection":[{"href":"https:\/\/defabrica.com.mx\/defabrica\/wp-json\/wp\/v2\/product"}],"about":[{"href":"https:\/\/defabrica.com.mx\/defabrica\/wp-json\/wp\/v2\/types\/product"}],"replies":[{"embeddable":true,"href":"https:\/\/defabrica.com.mx\/defabrica\/wp-json\/wp\/v2\/comments?post=61406"}],"wp:featuredmedia":[{"embeddable":true,"href":"https:\/\/defabrica.com.mx\/defabrica\/wp-json\/wp\/v2\/media\/61407"}],"wp:attachment":[{"href":"https:\/\/defabrica.com.mx\/defabrica\/wp-json\/wp\/v2\/media?parent=61406"}],"wp:term":[{"taxonomy":"product_brand","embeddable":true,"href":"https:\/\/defabrica.com.mx\/defabrica\/wp-json\/wp\/v2\/product_brand?post=61406"},{"taxonomy":"product_cat","embeddable":true,"href":"https:\/\/defabrica.com.mx\/defabrica\/wp-json\/wp\/v2\/product_cat?post=61406"},{"taxonomy":"product_tag","embeddable":true,"href":"https:\/\/defabrica.com.mx\/defabrica\/wp-json\/wp\/v2\/product_tag?post=61406"}],"curies":[{"name":"wp","href":"https:\/\/api.w.org\/{rel}","templated":true}]}}