{"id":61364,"date":"2021-11-16T10:59:02","date_gmt":"2021-11-16T16:59:02","guid":{"rendered":"https:\/\/defabrica.com.mx\/defabrica\/?post_type=product&#038;p=61364"},"modified":"2022-07-05T13:17:03","modified_gmt":"2022-07-05T18:17:03","slug":"ftvogue-maquina-de-desayuno-multifuncional-3-en-1-horno-tostador","status":"publish","type":"product","link":"https:\/\/defabrica.com.mx\/defabrica\/producto\/ftvogue-maquina-de-desayuno-multifuncional-3-en-1-horno-tostador\/","title":{"rendered":"FTVOGUE &#8211; M\u00e1quina de desayuno multifuncional 3 en 1 &#8211; Air Fryer Digital + Horno Tostador &#8211; Dise\u00f1o Black Onix"},"content":{"rendered":"<h3><strong>Caracter\u00edstica<\/strong><b>:<\/b><\/h3>\n<p>1. M\u00e1quina de desayuno 3 en 1, prepare el desayuno, prepare caf\u00e9 y hornee salchichas al mismo tiempo, ahorre tiempo.<br \/>\n2. Multifuncional, se puede utilizar para pasteles, bollos, salchichas a la parrilla, bistecs, etc. El lado derecho puede preparar caf\u00e9, agua caliente, disolver leche en polvo, etc.<br \/>\n3. Puede ser ampliamente utilizado.\u00a0No solo es adecuado para el desayuno, sino tambi\u00e9n para el t\u00e9 de la tarde y la cena, un maravilloso art\u00edculo para el hogar.<br \/>\n4. Incluye bandeja de horno extra\u00edble y parrilla antiadherente.\u00a0Por lo que es muy f\u00e1cil de limpiar y almacenar, conveniente para uso futuro.<br \/>\n5. Estilo simple, no molestar\u00e1 en ninguna posici\u00f3n, una buena decoraci\u00f3n.\u00a0Y tambi\u00e9n es un buen regalo para tus amigos.<\/p>\n<h3><b>Especificaci\u00f3n:<\/b><\/h3>\n<p>Condici\u00f3n: 100% nuevo<br \/>\nTipo de art\u00edculo: M\u00e1quina de desayuno<br \/>\nMaterial: Aleaci\u00f3n de aluminio<\/p>\n<p>De color negro<\/p>\n<div>Frecuencia:<br \/>\n50\u00a0HZ\u00a0Potencia nominal: 1050 W<br \/>\nCapacidad del horno\u00a0: 9 L<br \/>\nCapacidad de la taza de caf\u00e9: 4 tazas de caf\u00e9<br \/>\nRango de temperatura: 100-230 \u2103<\/div>\n<div>Tama\u00f1o del producto: Aprox.\u00a044 x 20 x 20 cm \/ 17,3 x 7,9 x 7,9 pulgadas<\/div>\n<div>Peso aproximado.\u00a04100 g \/ 144,6 onzas<\/div>\n","protected":false},"excerpt":{"rendered":"<p>Caracter\u00edstica: 1. M\u00e1quina de desayuno 3 en 1, prepare el desayuno, prepare caf\u00e9 y hornee salchichas al mismo tiempo, ahorre tiempo. 2. Multifuncional, se puede utilizar para pasteles, bollos, salchichas<\/p>\n","protected":false},"featured_media":61373,"comment_status":"open","ping_status":"closed","template":"","meta":{"_acf_changed":false,"_joinchat":[]},"product_brand":[],"product_cat":[336,338,950],"product_tag":[],"class_list":{"0":"post-61364","1":"product","2":"type-product","3":"status-publish","4":"has-post-thumbnail","6":"product_cat-hogar","7":"product_cat-electrodomesticos","8":"product_cat-freidoras","10":"first","11":"instock","12":"sale","13":"shipping-taxable","14":"purchasable","15":"product-type-simple"},"acf":[],"_links":{"self":[{"href":"https:\/\/defabrica.com.mx\/defabrica\/wp-json\/wp\/v2\/product\/61364","targetHints":{"allow":["GET"]}}],"collection":[{"href":"https:\/\/defabrica.com.mx\/defabrica\/wp-json\/wp\/v2\/product"}],"about":[{"href":"https:\/\/defabrica.com.mx\/defabrica\/wp-json\/wp\/v2\/types\/product"}],"replies":[{"embeddable":true,"href":"https:\/\/defabrica.com.mx\/defabrica\/wp-json\/wp\/v2\/comments?post=61364"}],"wp:featuredmedia":[{"embeddable":true,"href":"https:\/\/defabrica.com.mx\/defabrica\/wp-json\/wp\/v2\/media\/61373"}],"wp:attachment":[{"href":"https:\/\/defabrica.com.mx\/defabrica\/wp-json\/wp\/v2\/media?parent=61364"}],"wp:term":[{"taxonomy":"product_brand","embeddable":true,"href":"https:\/\/defabrica.com.mx\/defabrica\/wp-json\/wp\/v2\/product_brand?post=61364"},{"taxonomy":"product_cat","embeddable":true,"href":"https:\/\/defabrica.com.mx\/defabrica\/wp-json\/wp\/v2\/product_cat?post=61364"},{"taxonomy":"product_tag","embeddable":true,"href":"https:\/\/defabrica.com.mx\/defabrica\/wp-json\/wp\/v2\/product_tag?post=61364"}],"curies":[{"name":"wp","href":"https:\/\/api.w.org\/{rel}","templated":true}]}}