{"id":52430,"date":"2021-10-20T22:17:39","date_gmt":"2021-10-21T03:17:39","guid":{"rendered":"https:\/\/defabrica.com.mx\/defabrica\/?post_type=product&#038;p=52430"},"modified":"2023-01-14T13:35:36","modified_gmt":"2023-01-14T19:35:36","slug":"beats-by-dr-dre-beats-studio%c2%b3-wireless-con-cancelacion-de-ruido-chip-w1-disenados-por-apple","status":"publish","type":"product","link":"https:\/\/defabrica.com.mx\/defabrica\/producto\/beats-by-dr-dre-beats-studio%c2%b3-wireless-con-cancelacion-de-ruido-chip-w1-disenados-por-apple\/","title":{"rendered":"Beats by Dr. Dre &#8211; Beats Studio\u00b3 Wireless &#8211; Con Cancelacion de Ruido &#8211; Chip W1 &#8211; Dise\u00f1ados por Apple"},"content":{"rendered":"<p>Los aud\u00edfonos inal\u00e1mbricos Beats Studio\u00b3 brindan una experiencia auditiva premium con cancelaci\u00f3n de ruido adaptativa pura (Pure ANC) para bloquear activamente el ruido externo y calibraci\u00f3n de audio en tiempo real para preservar la claridad, el alcance y la emoci\u00f3n.\u00a0Se\u00f1ala continuamente los sonidos para bloquear mientras responde autom\u00e1ticamente al ajuste individual y la reproducci\u00f3n de m\u00fasica.\u00a0La eficiencia del chip Apple W1 admite hasta 22 horas de duraci\u00f3n de la bater\u00eda con Pure ANC activado y Pure ANC desactivado para el modo de bajo consumo proporciona hasta 40 horas de reproducci\u00f3n.<\/p>\n<h3 class=\"heading-5 v-fw-regular feature-heading\"><strong>Caracter\u00edsticas<\/strong><\/h3>\n<ul>\n<li>La cancelaci\u00f3n de ruido adaptativa pura (Pure ANC) bloquea activamente el ruido externo<\/li>\n<li>La calibraci\u00f3n de audio en tiempo real conserva una experiencia auditiva superior<\/li>\n<li>Hasta 22 horas de duraci\u00f3n de la bater\u00eda permiten una reproducci\u00f3n inal\u00e1mbrica con todas las funciones durante todo el d\u00eda<\/li>\n<li>Chip Apple W1 para conectividad inal\u00e1mbrica Bluetooth\u00ae de clase 1 y eficiencia de la bater\u00eda<\/li>\n<li>Con combustible r\u00e1pido, una carga de 10 minutos brinda tres horas de juego cuando la bater\u00eda est\u00e1 baja<\/li>\n<li>Pure ANC desactivado para el modo de bajo consumo proporciona hasta 40 horas de duraci\u00f3n de la bater\u00eda<\/li>\n<li>Reciba llamadas, controle la m\u00fasica y active Siri con los controles multifunci\u00f3n en la oreja<\/li>\n<li>Almohadillas suaves para colocar sobre las orejas para mayor comodidad y mayor aislamiento del ruido.<\/li>\n<\/ul>\n<div class=\"feature-body-container\">\n<div class=\"icons-container\">\n<div class=\"specificationIcons\"><\/div>\n<\/div>\n<\/div>\n","protected":false},"excerpt":{"rendered":"<p>Los aud\u00edfonos inal\u00e1mbricos Beats Studio\u00b3 brindan una experiencia auditiva premium con cancelaci\u00f3n de ruido adaptativa pura (Pure ANC) para bloquear activamente el ruido externo y calibraci\u00f3n de audio en tiempo<\/p>\n","protected":false},"featured_media":52453,"comment_status":"open","ping_status":"closed","template":"","meta":{"_acf_changed":false,"_joinchat":[]},"product_brand":[],"product_cat":[294,300,304],"product_tag":[],"class_list":{"0":"post-52430","1":"product","2":"type-product","3":"status-publish","4":"has-post-thumbnail","6":"product_cat-audio","7":"product_cat-audifonos","8":"product_cat-inalambricos","10":"first","11":"instock","12":"sale","13":"shipping-taxable","14":"purchasable","15":"product-type-variable","16":"has-default-attributes"},"acf":[],"_links":{"self":[{"href":"https:\/\/defabrica.com.mx\/defabrica\/wp-json\/wp\/v2\/product\/52430","targetHints":{"allow":["GET"]}}],"collection":[{"href":"https:\/\/defabrica.com.mx\/defabrica\/wp-json\/wp\/v2\/product"}],"about":[{"href":"https:\/\/defabrica.com.mx\/defabrica\/wp-json\/wp\/v2\/types\/product"}],"replies":[{"embeddable":true,"href":"https:\/\/defabrica.com.mx\/defabrica\/wp-json\/wp\/v2\/comments?post=52430"}],"wp:featuredmedia":[{"embeddable":true,"href":"https:\/\/defabrica.com.mx\/defabrica\/wp-json\/wp\/v2\/media\/52453"}],"wp:attachment":[{"href":"https:\/\/defabrica.com.mx\/defabrica\/wp-json\/wp\/v2\/media?parent=52430"}],"wp:term":[{"taxonomy":"product_brand","embeddable":true,"href":"https:\/\/defabrica.com.mx\/defabrica\/wp-json\/wp\/v2\/product_brand?post=52430"},{"taxonomy":"product_cat","embeddable":true,"href":"https:\/\/defabrica.com.mx\/defabrica\/wp-json\/wp\/v2\/product_cat?post=52430"},{"taxonomy":"product_tag","embeddable":true,"href":"https:\/\/defabrica.com.mx\/defabrica\/wp-json\/wp\/v2\/product_tag?post=52430"}],"curies":[{"name":"wp","href":"https:\/\/api.w.org\/{rel}","templated":true}]}}