{"id":52129,"date":"2021-10-19T16:39:23","date_gmt":"2021-10-19T21:39:23","guid":{"rendered":"https:\/\/defabrica.com.mx\/defabrica\/?post_type=product&#038;p=52129"},"modified":"2025-10-10T11:34:54","modified_gmt":"2025-10-10T17:34:54","slug":"keurig-cafetera-de-capsulas-k-latte-single-serve-k-cup-negra","status":"publish","type":"product","link":"https:\/\/defabrica.com.mx\/defabrica\/producto\/keurig-cafetera-de-capsulas-k-latte-single-serve-k-cup-negra\/","title":{"rendered":"Keurig &#8211; Cafetera de c\u00e1psulas K Latte Single Serve K-Cup &#8211; Negra"},"content":{"rendered":"<p>La versatilidad se une a la simplicidad con la nueva cafetera Keurig K-Latte de una sola porci\u00f3n y cafetera latte en negro.\u00a0Prepare un caf\u00e9 rico y lleno de sabor y disfrute de deliciosos y cremosos lattes hechos con sencillez en minutos.\u00a0Ya sea para preparar caf\u00e9 o caf\u00e9 con leche, la cafetera K-Latte funciona con cualquier c\u00e1psula K-Cup, por lo que las opciones son infinitas.\u00a0Utilice Coffee SHOT para preparar un trago concentrado de caf\u00e9 perfecto para preparar caf\u00e9 con leche.\u00a0Haga espuma con su elecci\u00f3n de leche fresca, incluidas la descremada, de soja y de almendras, para crear deliciosos y cremosos lattes.\u00a0O bien, prepare 6, 8 o 10 oz de su caf\u00e9, t\u00e9 o cacao favorito.<\/p>\n<h3 class=\"heading-5 v-fw-regular feature-heading\"><strong>Caracter\u00edsticas<\/strong><\/h3>\n<ul>\n<li><strong>INCLUIDO EN LA CAJA:<\/strong><br \/>\nCafetera Keurig K-Latte de una sola porci\u00f3n y cafetera latte, y espumador de leche f\u00e1cil de limpiar.<\/li>\n<li><strong>CAF\u00c9 Y LATONES:<\/strong><br \/>\nUse cualquier c\u00e1psula K-Cup para preparar caf\u00e9 o hacer deliciosos lattes en minutos.<\/li>\n<li><strong>LATAS EN 3 SENCILLOS PASOS:<\/strong><br \/>\nPREPARA un trago de caf\u00e9, PREPARA tu elecci\u00f3n de leche fresca, DISFRUTA de tu delicioso caf\u00e9 con leche.<\/li>\n<li><strong>TIRO DE CAF\u00c9 PARA BEBIDAS ESPECIALIZADAS:<\/strong><br \/>\nPresione el bot\u00f3n SHOT para preparar un trago concentrado de caf\u00e9 de su c\u00e1psula K-Cup favorita para preparar deliciosos lattes.<\/li>\n<li><strong>F\u00c1CIL DE LIMPIAR ADEM\u00c1S:<\/strong><br \/>\nEspumar la leche fresca, incluida la descremada, la soja y la almendra. La base del vaporizador se levanta para ahorrar espacio en el mostrador.<\/li>\n<\/ul>\n","protected":false},"excerpt":{"rendered":"<p>La versatilidad se une a la simplicidad con la nueva cafetera Keurig K-Latte de una sola porci\u00f3n y cafetera latte en negro.\u00a0Prepare un caf\u00e9 rico y lleno de sabor y<\/p>\n","protected":false},"featured_media":52137,"comment_status":"open","ping_status":"closed","template":"","meta":{"_acf_changed":false,"_joinchat":[]},"product_brand":[],"product_cat":[336,337,947],"product_tag":[],"class_list":{"0":"post-52129","1":"product","2":"type-product","3":"status-publish","4":"has-post-thumbnail","6":"product_cat-hogar","7":"product_cat-cocina","8":"product_cat-teteras-maquinas-de-te-y-cafe","10":"first","11":"instock","12":"sale","13":"shipping-taxable","14":"purchasable","15":"product-type-simple"},"acf":[],"_links":{"self":[{"href":"https:\/\/defabrica.com.mx\/defabrica\/wp-json\/wp\/v2\/product\/52129","targetHints":{"allow":["GET"]}}],"collection":[{"href":"https:\/\/defabrica.com.mx\/defabrica\/wp-json\/wp\/v2\/product"}],"about":[{"href":"https:\/\/defabrica.com.mx\/defabrica\/wp-json\/wp\/v2\/types\/product"}],"replies":[{"embeddable":true,"href":"https:\/\/defabrica.com.mx\/defabrica\/wp-json\/wp\/v2\/comments?post=52129"}],"wp:featuredmedia":[{"embeddable":true,"href":"https:\/\/defabrica.com.mx\/defabrica\/wp-json\/wp\/v2\/media\/52137"}],"wp:attachment":[{"href":"https:\/\/defabrica.com.mx\/defabrica\/wp-json\/wp\/v2\/media?parent=52129"}],"wp:term":[{"taxonomy":"product_brand","embeddable":true,"href":"https:\/\/defabrica.com.mx\/defabrica\/wp-json\/wp\/v2\/product_brand?post=52129"},{"taxonomy":"product_cat","embeddable":true,"href":"https:\/\/defabrica.com.mx\/defabrica\/wp-json\/wp\/v2\/product_cat?post=52129"},{"taxonomy":"product_tag","embeddable":true,"href":"https:\/\/defabrica.com.mx\/defabrica\/wp-json\/wp\/v2\/product_tag?post=52129"}],"curies":[{"name":"wp","href":"https:\/\/api.w.org\/{rel}","templated":true}]}}