{"id":50831,"date":"2021-10-13T19:30:04","date_gmt":"2021-10-14T00:30:04","guid":{"rendered":"https:\/\/defabrica.com.mx\/defabrica\/?post_type=product&#038;p=50831"},"modified":"2022-12-07T12:12:32","modified_gmt":"2022-12-07T18:12:32","slug":"samsung-75-clase-7-serie-led-4k-uhd-smart-tv","status":"publish","type":"product","link":"https:\/\/defabrica.com.mx\/defabrica\/producto\/samsung-75-clase-7-serie-led-4k-uhd-smart-tv\/","title":{"rendered":"Samsung &#8211; 75&#8243; Clase 7 Serie LED 4K UHD Smart TV"},"content":{"rendered":"<div class=\"product-description\">Experimente la transmisi\u00f3n de medios con todo lujo de detalles con este televisor inteligente Samsung 4K UHD de 75 pulgadas.\u00a0Las tecnolog\u00edas HDR y PurColor enriquecen las im\u00e1genes con colores vibrantes y realistas, mientras que el procesador 4K UHD aumenta la resoluci\u00f3n para obtener im\u00e1genes m\u00e1s n\u00edtidas.\u00a0Este televisor inteligente Samsung 4K UHD brinda acceso a servicios de transmisi\u00f3n de medios y tiene una gu\u00eda universal integrada que facilita la b\u00fasqueda de contenido.<\/div>\n<div class=\"product-description-banner\" data-track=\"description-html-asset:Welcome to the Samsung Virtual Showroom.\"><\/div>\n<div data-track=\"description-html-asset:Welcome to the Samsung Virtual Showroom.\">\n<h3><\/h3>\n<h3><\/h3>\n<h3 class=\"heading-5 v-fw-regular feature-heading\"><strong>Caracter\u00edsticas<\/strong><\/h3>\n<div class=\"feature-body-container\">\n<div class=\"features-list-container\">\n<div class=\"features-list all-features\">\n<div class=\"list-row\">\n<ul>\n<li><strong>Procesador 4K UHD<\/strong><br \/>\nUn potente proceso optimiza el rendimiento de su televisor con calidad de imagen 4K.<\/li>\n<li><strong>HDR<\/strong><br \/>\nVea tonos de color que revelan m\u00e1s detalles de los que puede ofrecer HDTV.<\/li>\n<li><strong>Smart TV con gu\u00eda universal<\/strong><br \/>\nNuestra sencilla gu\u00eda en pantalla es una manera f\u00e1cil de encontrar contenido de transmisi\u00f3n y programas de TV en vivo.<\/li>\n<li><strong>PurColor<\/strong><br \/>\nMillones de tonos de color revelan una imagen vibrante y realista que HDTV no puede crear.<\/li>\n<li><strong>Pantalla de 74,5 \u00ab<\/strong><br \/>\nLo suficientemente grande como para brindar una experiencia inmersiva para todos en la sala.<\/li>\n<li><strong>Resoluci\u00f3n de 2160p para im\u00e1genes HD impresionantes<\/strong><br \/>\nMire pel\u00edculas y programas de TV 4K a 4 veces la resoluci\u00f3n de Full HD y mejore su contenido HD actual a una magn\u00edfica calidad de imagen de nivel Ultra HD.<\/li>\n<li><strong>Smart TV con acceso a servicios de transmisi\u00f3n para innumerables opciones de entretenimiento<\/strong><br \/>\nTransmita programas, pel\u00edculas, juegos y m\u00e1s con el Wi-Fi incorporado y las aplicaciones integradas del televisor.<\/li>\n<li><strong>Los televisores LED funcionan bien en todas las condiciones de iluminaci\u00f3n<\/strong><br \/>\nTambi\u00e9n ofrecen negros profundos similares al plasma y colores intensos.<\/li>\n<li><strong>Velocidad de movimiento 120<\/strong><br \/>\nDisfrute de la acci\u00f3n a alta velocidad con buena claridad de movimiento.<\/li>\n<li><strong>Sonido de TV avanzado<\/strong><br \/>\nDos altavoces de 10W.<\/li>\n<li><strong>3 entradas HDMI para la mejor conexi\u00f3n de cine en casa<\/strong><br \/>\nHDMI de alta velocidad ofrece imagen y sonido envolvente digital en un cable conveniente. Cable HDMI no incluido.<\/li>\n<li><strong>2 entradas USB<\/strong><br \/>\nConecte f\u00e1cilmente su c\u00e1mara digital, videoc\u00e1mara u otro dispositivo USB.<\/li>\n<li><strong>Administre la experiencia de visualizaci\u00f3n para sus hijos<\/strong><br \/>\nEl V-chip incorporado le permite bloquear contenido seg\u00fan las calificaciones de los programas y verificar las calificaciones de los programas desconocidos.<\/li>\n<\/ul>\n<\/div>\n<\/div>\n<\/div>\n<\/div>\n<\/div>\n","protected":false},"excerpt":{"rendered":"<p>Experimente la transmisi\u00f3n de medios con todo lujo de detalles con este televisor inteligente Samsung 4K UHD de 75 pulgadas.\u00a0Las tecnolog\u00edas HDR y PurColor enriquecen las im\u00e1genes con colores vibrantes<\/p>\n","protected":false},"featured_media":50836,"comment_status":"open","ping_status":"closed","template":"","meta":{"_acf_changed":false,"_joinchat":[]},"product_brand":[],"product_cat":[336,937],"product_tag":[],"class_list":{"0":"post-50831","1":"product","2":"type-product","3":"status-publish","4":"has-post-thumbnail","6":"product_cat-hogar","7":"product_cat-pantallas","9":"first","10":"instock","11":"sale","12":"shipping-taxable","13":"purchasable","14":"product-type-simple"},"acf":[],"_links":{"self":[{"href":"https:\/\/defabrica.com.mx\/defabrica\/wp-json\/wp\/v2\/product\/50831","targetHints":{"allow":["GET"]}}],"collection":[{"href":"https:\/\/defabrica.com.mx\/defabrica\/wp-json\/wp\/v2\/product"}],"about":[{"href":"https:\/\/defabrica.com.mx\/defabrica\/wp-json\/wp\/v2\/types\/product"}],"replies":[{"embeddable":true,"href":"https:\/\/defabrica.com.mx\/defabrica\/wp-json\/wp\/v2\/comments?post=50831"}],"wp:featuredmedia":[{"embeddable":true,"href":"https:\/\/defabrica.com.mx\/defabrica\/wp-json\/wp\/v2\/media\/50836"}],"wp:attachment":[{"href":"https:\/\/defabrica.com.mx\/defabrica\/wp-json\/wp\/v2\/media?parent=50831"}],"wp:term":[{"taxonomy":"product_brand","embeddable":true,"href":"https:\/\/defabrica.com.mx\/defabrica\/wp-json\/wp\/v2\/product_brand?post=50831"},{"taxonomy":"product_cat","embeddable":true,"href":"https:\/\/defabrica.com.mx\/defabrica\/wp-json\/wp\/v2\/product_cat?post=50831"},{"taxonomy":"product_tag","embeddable":true,"href":"https:\/\/defabrica.com.mx\/defabrica\/wp-json\/wp\/v2\/product_tag?post=50831"}],"curies":[{"name":"wp","href":"https:\/\/api.w.org\/{rel}","templated":true}]}}