{"id":48931,"date":"2021-10-04T10:26:02","date_gmt":"2021-10-04T15:26:02","guid":{"rendered":"https:\/\/defabrica.com.mx\/defabrica\/?post_type=product&#038;p=48931"},"modified":"2022-07-05T13:42:37","modified_gmt":"2022-07-05T18:42:37","slug":"amd-ryzen-3-1200-microprocesador-3-1-ghz-4-nucleos-socket-am4-8-mb","status":"publish","type":"product","link":"https:\/\/defabrica.com.mx\/defabrica\/producto\/amd-ryzen-3-1200-microprocesador-3-1-ghz-4-nucleos-socket-am4-8-mb\/","title":{"rendered":"AMD RYZEN 3 1200 Microprocesador, 3.1 GHz, 4 N\u00facleos, Socket AM4, 8 MB"},"content":{"rendered":"<ul class=\"a-unordered-list a-vertical a-spacing-mini\">\n<li><span class=\"a-list-item\">4 n\u00facleos<\/span><\/li>\n<li><span class=\"a-list-item\">Socket AM4<\/span><\/li>\n<li><span class=\"a-list-item\">Capacidad 8 MB<\/span><\/li>\n<\/ul>\n<h3 class=\"a-spacing-mini\"><strong>Tecnolog\u00eda AMD SenseMI<\/strong><\/h3>\n<p>AMD presenta la tecnolog\u00eda SenseMI, un conjunto de caracter\u00edsticas de aprendizaje y adaptaci\u00f3n para personalizar el rendimiento de los procesadores AMD Ryzen seg\u00fan el usuario y las aplicaciones. En s\u00edntesis: rendimiento con pensamiento.<\/p>\n<h3 class=\"a-spacing-mini\"><strong>Procesadores AMD VR Ready<\/strong><\/h3>\n<p>Los procesadores AMD VR-Ready aseguran la potencia de procesamiento necesaria para controlar cargas de trabajo de realidad virtual avanzadas.<\/p>\n<h3 class=\"a-spacing-mini\"><strong>Arquitectura de n\u00facleo Zen<\/strong><\/h3>\n<p>La arquitectura de n\u00facleo Zen x86 de alto rendimiento de AMD ofrece una mejora de m\u00e1s del 52% en el ciclo de instrucciones por reloj en comparaci\u00f3n con la generaci\u00f3n anterior de n\u00facleos de AMD, sin aumentar el consumo de energ\u00eda.<\/p>\n","protected":false},"excerpt":{"rendered":"<p>4 n\u00facleos Socket AM4 Capacidad 8 MB Tecnolog\u00eda AMD SenseMI AMD presenta la tecnolog\u00eda SenseMI, un conjunto de caracter\u00edsticas de aprendizaje y adaptaci\u00f3n para personalizar el rendimiento de los procesadores<\/p>\n","protected":false},"featured_media":48932,"comment_status":"open","ping_status":"closed","template":"","meta":{"_acf_changed":false,"_joinchat":[]},"product_brand":[],"product_cat":[395,398,403],"product_tag":[],"class_list":{"0":"post-48931","1":"product","2":"type-product","3":"status-publish","4":"has-post-thumbnail","6":"product_cat-componentes","7":"product_cat-procesadores","8":"product_cat-todos-los-componentes","10":"first","11":"instock","12":"sale","13":"shipping-taxable","14":"purchasable","15":"product-type-simple"},"acf":[],"_links":{"self":[{"href":"https:\/\/defabrica.com.mx\/defabrica\/wp-json\/wp\/v2\/product\/48931","targetHints":{"allow":["GET"]}}],"collection":[{"href":"https:\/\/defabrica.com.mx\/defabrica\/wp-json\/wp\/v2\/product"}],"about":[{"href":"https:\/\/defabrica.com.mx\/defabrica\/wp-json\/wp\/v2\/types\/product"}],"replies":[{"embeddable":true,"href":"https:\/\/defabrica.com.mx\/defabrica\/wp-json\/wp\/v2\/comments?post=48931"}],"wp:featuredmedia":[{"embeddable":true,"href":"https:\/\/defabrica.com.mx\/defabrica\/wp-json\/wp\/v2\/media\/48932"}],"wp:attachment":[{"href":"https:\/\/defabrica.com.mx\/defabrica\/wp-json\/wp\/v2\/media?parent=48931"}],"wp:term":[{"taxonomy":"product_brand","embeddable":true,"href":"https:\/\/defabrica.com.mx\/defabrica\/wp-json\/wp\/v2\/product_brand?post=48931"},{"taxonomy":"product_cat","embeddable":true,"href":"https:\/\/defabrica.com.mx\/defabrica\/wp-json\/wp\/v2\/product_cat?post=48931"},{"taxonomy":"product_tag","embeddable":true,"href":"https:\/\/defabrica.com.mx\/defabrica\/wp-json\/wp\/v2\/product_tag?post=48931"}],"curies":[{"name":"wp","href":"https:\/\/api.w.org\/{rel}","templated":true}]}}

AMD RYZEN 3 1200 Microprocesador, 3.1 GHz, 4 Núcleos, Socket AM4, 8 MB

<ul class="a-unordered-list a-vertical a-spacing-mini">
<li><span class="a-list-item">4 núcleos</span></li>
<li><span class="a-list-item">Socket AM4</span></li>
<li><span class="a-list-item">Capacidad 8 MB</span></li>
</ul>
<h3 class="a-spacing-mini"><strong>Tecnología AMD SenseMI</strong></h3>
<p>AMD presenta la tecnología SenseMI, un conjunto de características de aprendizaje y adaptación para personalizar el rendimiento de los procesadores AMD Ryzen según el usuario y las aplicaciones. En síntesis: rendimiento con pensamiento.</p>
<h3 class="a-spacing-mini"><strong>Procesadores AMD VR Ready</strong></h3>
<p>Los procesadores AMD VR-Ready aseguran la potencia de procesamiento necesaria para controlar cargas de trabajo de realidad virtual avanzadas.</p>
<h3 class="a-spacing-mini"><strong>Arquitectura de núcleo Zen</strong></h3>
<p>La arquitectura de núcleo Zen x86 de alto rendimiento de AMD ofrece una mejora de más del 52% en el ciclo de instrucciones por reloj en comparación con la generación anterior de núcleos de AMD, sin aumentar el consumo de energía.</p>

<p>4 núcleos Socket AM4 Capacidad 8 MB Tecnología AMD SenseMI AMD presenta la tecnología SenseMI, un conjunto de características de aprendizaje y adaptación para personalizar el rendimiento de los procesadores</p>
