{"id":48771,"date":"2021-10-02T23:43:01","date_gmt":"2021-10-03T04:43:01","guid":{"rendered":"https:\/\/defabrica.com.mx\/defabrica\/?post_type=product&#038;p=48771"},"modified":"2022-12-06T15:47:08","modified_gmt":"2022-12-06T21:47:08","slug":"microsoft-surface-go-2-10-5-touch-screen-intel-pentium-gold-8gb-ram-128gb-ssd-diseno-platinum","status":"publish","type":"product","link":"https:\/\/defabrica.com.mx\/defabrica\/producto\/microsoft-surface-go-2-10-5-touch-screen-intel-pentium-gold-8gb-ram-128gb-ssd-diseno-platinum\/","title":{"rendered":"Microsoft &#8211; Surface Go 2 &#8211; 10.5&#8243; Touch-Screen &#8211; Intel Pentium Gold &#8211; 8GB RAM &#8211; 128GB SSD &#8211; Dise\u00f1o Platinum"},"content":{"rendered":"<div>\n<div>\n<p>Tu compa\u00f1ero perfecto para el d\u00eda a d\u00eda.\u00a0El nuevo Surface Go 2 de 10,5 \u00abes perfecto para mantener el ritmo y relajarse: ofrece portabilidad de tableta con versatilidad de port\u00e1til, bater\u00eda de larga duraci\u00f3n, una pantalla t\u00e1ctil impresionante y seguridad de Windows para toda la familia. Navegue, compre y administre el correo electr\u00f3nico con facilidad, rel\u00e1jese con tus programas de TV favoritos y mucho m\u00e1s.<\/p>\n<p>&nbsp;<\/p>\n<\/div>\n<\/div>\n<h3><strong>Caracter\u00edsticas<\/strong><\/h3>\n<ul>\n<li><strong>Actualizaci\u00f3n gratuita a Windows 11<\/strong><\/li>\n<li><strong>Perfectamente port\u00e1til<\/strong><br \/>\nA partir de solo 1,2 libras (sin incluir la funda con teclado *) y con una nueva pantalla t\u00e1ctil de 10,5 \u00ab.<\/li>\n<li><strong>Tu compa\u00f1ero r\u00e1pido y diario<\/strong><br \/>\nPara navegar, comprar, enviar correos electr\u00f3nicos, hacer tareas y m\u00e1s, con una duraci\u00f3n de la bater\u00eda de hasta 10 horas.\u00b9 Y carga tu Surface Go del 2 al 80% en menos de 1,5 horas.\u2074<\/li>\n<li><strong>Mantente conectado<\/strong><br \/>\nIncluye puerto USB-C \u2122 y conector para auriculares. Las c\u00e1maras Full HD para mirar hacia adelante y hacia atr\u00e1s le permiten hacer llamadas claras y n\u00edtidas a amigos y familiares, o tomar y compartir excelentes fotos.<\/li>\n<li><strong>Vuelva al correo electr\u00f3nico o la tarea m\u00e1s r\u00e1pido<\/strong><br \/>\nCuenta con encendido instant\u00e1neo cuando abre la cubierta con teclado * y encuentra la energ\u00eda que necesita gracias al modo de espera mejorado que extiende la vida \u00fatil de la bater\u00eda cuando no est\u00e1.<\/li>\n<li><strong>Navega, juega y mira de forma compulsiva<\/strong><br \/>\nUna pantalla PixelSense \u2122 de 10,5 \u00abm\u00e1s grande con resoluci\u00f3n mejorada de 220 ppp est\u00e1 dise\u00f1ada para ser vista, tocada y escrita.<\/li>\n<li><strong>Sonido premium con volumen claro y potente<\/strong><br \/>\nIncluye Dolby\u00ae Audio \u2122 integrado, perfecto para escuchar m\u00fasica y audiolibros y transmitir sus programas favoritos.<\/li>\n<li><strong>Las videollamadas y las reuniones virtuales cobran vida<\/strong><br \/>\nCon audio y video espectaculares con micr\u00f3fonos de estudio de campo lejano, sonido Dolby\u00ae Audio \u2122 y c\u00e1maras HD.<\/li>\n<li><strong>Oficina en casa, mesa de cocina o sof\u00e1 de la sala, elija la forma en que trabaja mejor.<\/strong><\/li>\n<li><strong>Modo port\u00e1til<\/strong><br \/>\nTrabaje de forma inteligente: conecte la funda con teclado Signature Surface Go * para disfrutar de una excelente experiencia de escritura cuando y donde la necesite.<\/li>\n<li><strong>Modo tableta<\/strong><br \/>\nSimplemente escriba: tome notas y complete la tarea directamente en la pantalla.<\/li>\n<li><strong>Modo estudio<\/strong><br \/>\nExpr\u00e9sate: ajusta el soporte integrado para establecer el \u00e1ngulo perfecto para dibujar, dibujar y colorear con Surface Pen. * * Algunos accesorios y software se venden por separado.<\/li>\n<li><strong>Transparente, seguro y protegido<\/strong><br \/>\nCompartir Surface Go 2 con su familia es sencillo y seguro, con l\u00edmites de tiempo de pantalla administrados por los padres, control de gastos y filtrado de contenido, adem\u00e1s de mucho espacio para fotos, videos y m\u00fasica.<\/li>\n<li><strong>Tranquilidad con las Windows que conoce<\/strong><br \/>\nViene con Windows 10 Home en modo S, \u00b3 que incluye seguridad verificada por Microsoft, Windows Defender, controles parentales y soporte de clase mundial.<\/li>\n<li><strong>Actividades perfectas para toda la familia, respaldadas de forma segura con OneDrive.<\/strong><br \/>\nAnote ideas, escriba art\u00edculos, ayude con la tarea, cree y practique presentaciones y mant\u00e9ngalo organizado en todos sus dispositivos.<\/li>\n<li><strong>\u00b9 Surface Go 2: hasta 10 horas de duraci\u00f3n de la bater\u00eda seg\u00fan el uso t\u00edpico del dispositivo Surface. Pruebas realizadas por Microsoft en febrero de 2020 utilizando software de preproducci\u00f3n y configuraciones de preproducci\u00f3n de Surface Go 2.<\/strong><\/li>\n<li><strong>Las pruebas consistieron en la descarga total de la bater\u00eda con una combinaci\u00f3n de uso activo y modo de espera moderno.<\/strong><\/li>\n<li><strong>La parte de uso activo consiste en (1) una prueba de navegaci\u00f3n web que accede a 8 sitios web populares a trav\u00e9s de m\u00faltiples pesta\u00f1as abiertas, (2) una prueba de productividad utilizando Microsoft Word, PowerPoint, Excel y Outlook, y (3) una parte del tiempo con el dispositivo en utilizar con aplicaciones inactivas.<\/strong><\/li>\n<li><strong>Todas las configuraciones eran predeterminadas, excepto que el brillo de la pantalla se estableci\u00f3 en 150 nits con el brillo autom\u00e1tico desactivado. Wi-Fi estaba conectado a una red. La duraci\u00f3n de la bater\u00eda var\u00eda significativamente con la configuraci\u00f3n, el uso y otros factores.<\/strong><\/li>\n<li><strong>\u00b3 Surface Go 2 para consumidores viene con Windows 10 Home en modo S para ofrecerte las poderosas funciones de Windows que m\u00e1s usas a un precio excepcional.<\/strong><\/li>\n<li><strong>Si necesita herramientas de seguridad y administraci\u00f3n empresarial adicionales para el lugar de trabajo, puede cambiar a Windows 10 Pro o comprar Surface Go 2 para empresas.<\/strong><\/li>\n<li><strong>Windows 10 Home en modo S funciona exclusivamente con aplicaciones de Microsoft Store dentro de Windows y accesorios que son compatibles con Windows 10 Home en modo S. Est\u00e1 disponible un interruptor unidireccional para salir del modo S. Obtenga m\u00e1s informaci\u00f3n en Windows.com\/SmodeFAQ<\/strong><\/li>\n<li><strong>\u2074 Pruebas realizadas en Microsoft en febrero de 2020 utilizando dispositivos y software de preproducci\u00f3n. Probado con la fuente de alimentaci\u00f3n de 24 W de la bandeja de entrada en condiciones controladas. El dispositivo se encendi\u00f3 en la pantalla del escritorio con la configuraci\u00f3n de brillo de pantalla predeterminada.<\/strong><\/li>\n<li><strong>El tiempo de carga real variar\u00e1 seg\u00fan las condiciones de funcionamiento. Medido a una temperatura ambiente de oficina t\u00edpica de 23 \u00b0 C.<\/strong><\/li>\n<li>\u2075 El plan de implementaci\u00f3n de la actualizaci\u00f3n se est\u00e1 finalizando y est\u00e1 programado para comenzar a fines de 2021 y continuar hasta 2022. El tiempo espec\u00edfico variar\u00e1 seg\u00fan el dispositivo. Algunas funciones requieren hardware espec\u00edfico, consulte https:\/\/www.microsoft.com\/en-us\/windows\/windows-11-specifications.<\/li>\n<\/ul>\n","protected":false},"excerpt":{"rendered":"<p>Tu compa\u00f1ero perfecto para el d\u00eda a d\u00eda.\u00a0El nuevo Surface Go 2 de 10,5 \u00abes perfecto para mantener el ritmo y relajarse: ofrece portabilidad de tableta con versatilidad de port\u00e1til,<\/p>\n","protected":false},"featured_media":73250,"comment_status":"open","ping_status":"closed","template":"","meta":{"_acf_changed":false,"_joinchat":[]},"product_brand":[],"product_cat":[408,409,258],"product_tag":[],"class_list":{"0":"post-48771","1":"product","2":"type-product","3":"status-publish","4":"has-post-thumbnail","6":"product_cat-celulares-y-tablets","7":"product_cat-tablets-y-ipad","8":"product_cat-microsoft-surface","10":"first","11":"instock","12":"sale","13":"shipping-taxable","14":"purchasable","15":"product-type-simple"},"acf":[],"_links":{"self":[{"href":"https:\/\/defabrica.com.mx\/defabrica\/wp-json\/wp\/v2\/product\/48771","targetHints":{"allow":["GET"]}}],"collection":[{"href":"https:\/\/defabrica.com.mx\/defabrica\/wp-json\/wp\/v2\/product"}],"about":[{"href":"https:\/\/defabrica.com.mx\/defabrica\/wp-json\/wp\/v2\/types\/product"}],"replies":[{"embeddable":true,"href":"https:\/\/defabrica.com.mx\/defabrica\/wp-json\/wp\/v2\/comments?post=48771"}],"wp:featuredmedia":[{"embeddable":true,"href":"https:\/\/defabrica.com.mx\/defabrica\/wp-json\/wp\/v2\/media\/73250"}],"wp:attachment":[{"href":"https:\/\/defabrica.com.mx\/defabrica\/wp-json\/wp\/v2\/media?parent=48771"}],"wp:term":[{"taxonomy":"product_brand","embeddable":true,"href":"https:\/\/defabrica.com.mx\/defabrica\/wp-json\/wp\/v2\/product_brand?post=48771"},{"taxonomy":"product_cat","embeddable":true,"href":"https:\/\/defabrica.com.mx\/defabrica\/wp-json\/wp\/v2\/product_cat?post=48771"},{"taxonomy":"product_tag","embeddable":true,"href":"https:\/\/defabrica.com.mx\/defabrica\/wp-json\/wp\/v2\/product_tag?post=48771"}],"curies":[{"name":"wp","href":"https:\/\/api.w.org\/{rel}","templated":true}]}}