{"id":46353,"date":"2021-09-14T17:05:49","date_gmt":"2021-09-14T22:05:49","guid":{"rendered":"https:\/\/defabrica.com.mx\/defabrica\/?post_type=product&#038;p=46353"},"modified":"2022-12-06T14:27:02","modified_gmt":"2022-12-06T20:27:02","slug":"decantador-de-whisky-con-tapon-de-vidrio-decantador-de-licor-de-26-oz-para-alcohol","status":"publish","type":"product","link":"https:\/\/defabrica.com.mx\/defabrica\/producto\/decantador-de-whisky-con-tapon-de-vidrio-decantador-de-licor-de-26-oz-para-alcohol\/","title":{"rendered":"Decantador de whisky con tap\u00f3n de vidrio, decantador de licor de 26 oz para alcohol"},"content":{"rendered":"<ul class=\"a-unordered-list a-vertical a-spacing-mini\">\n<li><span class=\"a-list-item\">Dise\u00f1o cl\u00e1sico atemporal: esta botella de whisky infinito est\u00e1 hecha de fina artesan\u00eda y formas cl\u00e1sicas, lo que hace que se vea caro y muy adecuada para cualquier bar o casa. El decantador brilla en la luz y comienza tu tiempo de broma<\/span><\/li>\n<li><span class=\"a-list-item\">Cristal sin plomo: est\u00e1 hecho de cristal 100 % sin plomo. Este decantador de cristal es absolutamente inofensivo y puede almacenar de forma segura tu whisky, brandy, escoc\u00e9s y otras bebidas que te gusten. El tama\u00f1o supergrande de 27 onzas es suficiente para contener tu bebida favorita.<\/span><\/li>\n<li><span class=\"a-list-item\">Tap\u00f3n de vidrio de sellado: nuestro tap\u00f3n es capaz de combinar perfectamente con el decantador de whisky, evitando la evaporaci\u00f3n del alcohol y la contaminaci\u00f3n de los gases exteriores. F\u00e1cil de abrir, sellado reproducible.<\/span><\/li>\n<\/ul>\n","protected":false},"excerpt":{"rendered":"<p>Dise\u00f1o cl\u00e1sico atemporal: esta botella de whisky infinito est\u00e1 hecha de fina artesan\u00eda y formas cl\u00e1sicas, lo que hace que se vea caro y muy adecuada para cualquier bar o<\/p>\n","protected":false},"featured_media":46358,"comment_status":"open","ping_status":"closed","template":"","meta":{"_acf_changed":false,"_joinchat":[]},"product_brand":[],"product_cat":[336,956],"product_tag":[],"class_list":{"0":"post-46353","1":"product","2":"type-product","3":"status-publish","4":"has-post-thumbnail","6":"product_cat-hogar","7":"product_cat-bar-y-vino","9":"first","10":"instock","11":"sale","12":"shipping-taxable","13":"purchasable","14":"product-type-simple"},"acf":[],"_links":{"self":[{"href":"https:\/\/defabrica.com.mx\/defabrica\/wp-json\/wp\/v2\/product\/46353","targetHints":{"allow":["GET"]}}],"collection":[{"href":"https:\/\/defabrica.com.mx\/defabrica\/wp-json\/wp\/v2\/product"}],"about":[{"href":"https:\/\/defabrica.com.mx\/defabrica\/wp-json\/wp\/v2\/types\/product"}],"replies":[{"embeddable":true,"href":"https:\/\/defabrica.com.mx\/defabrica\/wp-json\/wp\/v2\/comments?post=46353"}],"wp:featuredmedia":[{"embeddable":true,"href":"https:\/\/defabrica.com.mx\/defabrica\/wp-json\/wp\/v2\/media\/46358"}],"wp:attachment":[{"href":"https:\/\/defabrica.com.mx\/defabrica\/wp-json\/wp\/v2\/media?parent=46353"}],"wp:term":[{"taxonomy":"product_brand","embeddable":true,"href":"https:\/\/defabrica.com.mx\/defabrica\/wp-json\/wp\/v2\/product_brand?post=46353"},{"taxonomy":"product_cat","embeddable":true,"href":"https:\/\/defabrica.com.mx\/defabrica\/wp-json\/wp\/v2\/product_cat?post=46353"},{"taxonomy":"product_tag","embeddable":true,"href":"https:\/\/defabrica.com.mx\/defabrica\/wp-json\/wp\/v2\/product_tag?post=46353"}],"curies":[{"name":"wp","href":"https:\/\/api.w.org\/{rel}","templated":true}]}}