{"id":35629,"date":"2021-06-08T09:43:35","date_gmt":"2021-06-08T14:43:35","guid":{"rendered":"https:\/\/defabrica.com.mx\/defabrica\/?post_type=product&#038;p=35629"},"modified":"2023-01-21T14:23:45","modified_gmt":"2023-01-21T20:23:45","slug":"nostalgia-hdr8ry-calentador-para-perros-calientes-8-tamanos-regulares-4-pies-de-largo-y-6-bollos-de-capacidad-rodillos-de-acero-inoxidable-perfecto-para-salchichas-de-desayuno-taquios-rollos-d","status":"publish","type":"product","link":"https:\/\/defabrica.com.mx\/defabrica\/producto\/nostalgia-hdr8ry-calentador-para-perros-calientes-8-tamanos-regulares-4-pies-de-largo-y-6-bollos-de-capacidad-rodillos-de-acero-inoxidable-perfecto-para-salchichas-de-desayuno-taquios-rollos-d\/","title":{"rendered":"Nostalgia \u2013 Calentador para hot dogs, 8 tama\u00f1os regulares, capacidad de hasta 6 piezas de pan, rodillos de acero inoxidable, perfecto para tu familia."},"content":{"rendered":"<ul class=\"a-unordered-list a-vertical a-spacing-mini\">\n<li><span class=\"a-list-item\">Gran estilo y gran sabor: el rodillo de perro caliente de aspecto retro cocina hasta 8 perros calientes de tama\u00f1o regular o 4 pies de largo a la vez, as\u00ed como salchichas de desayuno, bratwursts, taquitos y rollos de huevo<\/span><\/li>\n<li><span class=\"a-list-item\">Rodillos de acero inoxidable: cinco rodillos de acero inoxidable giratorios continuamente giran 360 grados para una cocci\u00f3n uniforme<\/span><\/li>\n<li><span class=\"a-list-item\">Calentador de mo\u00f1o con dosel: el calentador de mo\u00f1o tiene capacidad para hasta 6 mo\u00f1os a la vez, manteni\u00e9ndolos calientes y listos para disfrutar<\/span><\/li>\n<li><span class=\"a-list-item\">Ajustes ajustables: control simple de encendido\/apagado y un ajuste de calor ajustable que te permite asar a tus perros calientes a la forma que te gusta<\/span><\/li>\n<li><span class=\"a-list-item\">C\u00f3moda unidad de encimera: el dise\u00f1o compacto hace que sea perfecto para espacios peque\u00f1os y es port\u00e1til, por lo que es f\u00e1cil de cocinar en fiestas o cualquier ocasi\u00f3n sobre la marcha<\/span><\/li>\n<li><span class=\"a-list-item\">F\u00e1cil de limpiar: los rodillos y la bandeja de goteo son extra\u00edbles, lo que hace que la limpieza sea muy f\u00e1cil<\/span><\/li>\n<li><span class=\"a-list-item\">Componentes incluidos: rodillo de perrito caliente, dosel<\/span><\/li>\n<\/ul>\n","protected":false},"excerpt":{"rendered":"<p>Gran estilo y gran sabor: el rodillo de perro caliente de aspecto retro cocina hasta 8 perros calientes de tama\u00f1o regular o 4 pies de largo a la vez, as\u00ed<\/p>\n","protected":false},"featured_media":35638,"comment_status":"open","ping_status":"closed","template":"","meta":{"_acf_changed":false,"_joinchat":[]},"product_brand":[],"product_cat":[336,337,949],"product_tag":[],"class_list":{"0":"post-35629","1":"product","2":"type-product","3":"status-publish","4":"has-post-thumbnail","6":"product_cat-hogar","7":"product_cat-cocina","8":"product_cat-ollas-instantaneas","10":"first","11":"instock","12":"sale","13":"shipping-taxable","14":"purchasable","15":"product-type-variable","16":"has-default-attributes"},"acf":[],"_links":{"self":[{"href":"https:\/\/defabrica.com.mx\/defabrica\/wp-json\/wp\/v2\/product\/35629","targetHints":{"allow":["GET"]}}],"collection":[{"href":"https:\/\/defabrica.com.mx\/defabrica\/wp-json\/wp\/v2\/product"}],"about":[{"href":"https:\/\/defabrica.com.mx\/defabrica\/wp-json\/wp\/v2\/types\/product"}],"replies":[{"embeddable":true,"href":"https:\/\/defabrica.com.mx\/defabrica\/wp-json\/wp\/v2\/comments?post=35629"}],"wp:featuredmedia":[{"embeddable":true,"href":"https:\/\/defabrica.com.mx\/defabrica\/wp-json\/wp\/v2\/media\/35638"}],"wp:attachment":[{"href":"https:\/\/defabrica.com.mx\/defabrica\/wp-json\/wp\/v2\/media?parent=35629"}],"wp:term":[{"taxonomy":"product_brand","embeddable":true,"href":"https:\/\/defabrica.com.mx\/defabrica\/wp-json\/wp\/v2\/product_brand?post=35629"},{"taxonomy":"product_cat","embeddable":true,"href":"https:\/\/defabrica.com.mx\/defabrica\/wp-json\/wp\/v2\/product_cat?post=35629"},{"taxonomy":"product_tag","embeddable":true,"href":"https:\/\/defabrica.com.mx\/defabrica\/wp-json\/wp\/v2\/product_tag?post=35629"}],"curies":[{"name":"wp","href":"https:\/\/api.w.org\/{rel}","templated":true}]}}