{"id":29189,"date":"2021-05-26T00:07:41","date_gmt":"2021-05-26T05:07:41","guid":{"rendered":"https:\/\/defabrica.com.mx\/defabrica\/?post_type=product&#038;p=29189"},"modified":"2023-01-26T15:19:13","modified_gmt":"2023-01-26T21:19:13","slug":"tablet-lenovo-m7-android-de-7-quad-core-hasta13-ghz-16-gb-bluetooth-wifi-bateria-de-10-horas-android-9-pie-go-onix-negro","status":"publish","type":"product","link":"https:\/\/defabrica.com.mx\/defabrica\/producto\/tablet-lenovo-m7-android-de-7-quad-core-hasta13-ghz-16-gb-bluetooth-wifi-bateria-de-10-horas-android-9-pie-go-onix-negro\/","title":{"rendered":"Tablet Lenovo M7, Android de 7&#8243;, Quad-Core, Hasta1,3 GHz, 16 GB, Bluetooth, WiFi, bater\u00eda de 10 horas, Android 9 Pie Go, \u00f3nix negro."},"content":{"rendered":"<p>\u00bfBusca una tableta que sea divertida, asequible y que pueda ir a cualquier parte?\u00a0Su b\u00fasqueda termina con la Lenovo Tab M7.\u00a0Es superport\u00e1til con solo 7&#8243;, con una pantalla v\u00edvida y bordes estrechos para una experiencia de transmisi\u00f3n de video sublime. Con su cuerpo de metal delgado, la Tab M7 es m\u00e1s elegante que una tableta de presupuesto promedio y le brinda la tranquilidad de que puede mantenerse de pie. Contra da\u00f1os comunes. La Tab M7 se ve muy bien y tiene muchas funciones de entretenimiento. Con el \u00faltimo sistema operativo Android Pie, esta tableta le brinda acceso a todas sus aplicaciones favoritas disponibles en la tienda Google Play. Tambi\u00e9n disfrutar\u00e1 de la certificaci\u00f3n de TV pantalla que reduce los niveles da\u00f1inos de luz azul, para que pueda disfrutar utilizando su tableta durante per\u00edodos de tiempo m\u00e1s largos. La Lenovo Tab M7 le ofrece un dise\u00f1o premium con entretenimiento sin fin.<\/p>\n","protected":false},"excerpt":{"rendered":"<p>\u00bfBusca una tableta que sea divertida, asequible y que pueda ir a cualquier parte?\u00a0Su b\u00fasqueda termina con la Lenovo Tab M7.\u00a0Es superport\u00e1til con solo 7&#8243;, con una pantalla v\u00edvida y<\/p>\n","protected":false},"featured_media":62875,"comment_status":"open","ping_status":"closed","template":"","meta":{"_acf_changed":false,"_joinchat":[]},"product_brand":[],"product_cat":[1472,408,409,1111,410],"product_tag":[],"class_list":{"0":"post-29189","1":"product","2":"type-product","3":"status-publish","4":"has-post-thumbnail","6":"product_cat-ofertas-primavera-tablets","7":"product_cat-celulares-y-tablets","8":"product_cat-tablets-y-ipad","9":"product_cat-lenovo","10":"product_cat-todas-las-tablets","12":"first","13":"instock","14":"sale","15":"shipping-taxable","16":"purchasable","17":"product-type-simple"},"acf":[],"_links":{"self":[{"href":"https:\/\/defabrica.com.mx\/defabrica\/wp-json\/wp\/v2\/product\/29189","targetHints":{"allow":["GET"]}}],"collection":[{"href":"https:\/\/defabrica.com.mx\/defabrica\/wp-json\/wp\/v2\/product"}],"about":[{"href":"https:\/\/defabrica.com.mx\/defabrica\/wp-json\/wp\/v2\/types\/product"}],"replies":[{"embeddable":true,"href":"https:\/\/defabrica.com.mx\/defabrica\/wp-json\/wp\/v2\/comments?post=29189"}],"wp:featuredmedia":[{"embeddable":true,"href":"https:\/\/defabrica.com.mx\/defabrica\/wp-json\/wp\/v2\/media\/62875"}],"wp:attachment":[{"href":"https:\/\/defabrica.com.mx\/defabrica\/wp-json\/wp\/v2\/media?parent=29189"}],"wp:term":[{"taxonomy":"product_brand","embeddable":true,"href":"https:\/\/defabrica.com.mx\/defabrica\/wp-json\/wp\/v2\/product_brand?post=29189"},{"taxonomy":"product_cat","embeddable":true,"href":"https:\/\/defabrica.com.mx\/defabrica\/wp-json\/wp\/v2\/product_cat?post=29189"},{"taxonomy":"product_tag","embeddable":true,"href":"https:\/\/defabrica.com.mx\/defabrica\/wp-json\/wp\/v2\/product_tag?post=29189"}],"curies":[{"name":"wp","href":"https:\/\/api.w.org\/{rel}","templated":true}]}}