{"id":28978,"date":"2021-05-21T11:08:39","date_gmt":"2021-05-21T16:08:39","guid":{"rendered":"https:\/\/defabrica.com.mx\/defabrica\/?post_type=product&#038;p=28978"},"modified":"2022-12-02T12:38:41","modified_gmt":"2022-12-02T18:38:41","slug":"copper-chef-quiere-el-secreto-para-hacer-huevos-perfectos-y-mas-c-juego-de-cocina-electrica-7-o-14-capacidad-huevos-duros-hervidos-escalfados-revueltos-o-omelets-apagado-automatico-7-5-x-6-7-x-7","status":"publish","type":"product","link":"https:\/\/defabrica.com.mx\/defabrica\/producto\/copper-chef-quiere-el-secreto-para-hacer-huevos-perfectos-y-mas-c-juego-de-cocina-electrica-7-o-14-capacidad-huevos-duros-hervidos-escalfados-revueltos-o-omelets-apagado-automatico-7-5-x-6-7-x-7\/","title":{"rendered":"Copper Chef juego de cocina el\u00e9ctrica-7 o 14 capacidad. Huevos duros hervidos, escalfados, revueltos, o Omelets apagado autom\u00e1tico, 7.5 x 6.7 x 7.5 pulgadas, rojo"},"content":{"rendered":"<p>Haz huevos perfectos cada vez con un solo toque. Los dos estantes para huevos te permiten cocinar 7 huevos en cada estante \u2013 hacer huevos blandos, medianos o duros a la vez! Tambi\u00e9n puedes hacer 4 huevos escalfados perfectamente o 2 tortillas diferentes a la vez. Utiliza la taza de medici\u00f3n indicada incluida para obtener la cantidad perfecta de agua para cada comida, no tienes que lidiar con el desorden del agua hirviendo. La c\u00fapula ventilada para cocinar y mirar te permite ver tus huevos cocinar. El apagado autom\u00e1tico significa que tus huevos se cocinan constantemente a la perfecci\u00f3n.<\/p>\n<p>La taza de medici\u00f3n premarcada incluida significa que usted utiliza la cantidad perfecta de agua para cocinar sus huevos perfectamente cada vez que la c\u00fapula TimeCook-y-Look te permite ver tus huevos Cocinar apagado autom\u00e1tico \u2013 obtener resultados consistentes cada vez<\/p>\n","protected":false},"excerpt":{"rendered":"<p>Haz huevos perfectos cada vez con un solo toque. Los dos estantes para huevos te permiten cocinar 7 huevos en cada estante \u2013 hacer huevos blandos, medianos o duros a<\/p>\n","protected":false},"featured_media":28979,"comment_status":"open","ping_status":"closed","template":"","meta":{"_acf_changed":false,"_joinchat":[]},"product_brand":[],"product_cat":[336,337,949],"product_tag":[],"class_list":{"0":"post-28978","1":"product","2":"type-product","3":"status-publish","4":"has-post-thumbnail","6":"product_cat-hogar","7":"product_cat-cocina","8":"product_cat-ollas-instantaneas","10":"first","11":"instock","12":"sale","13":"shipping-taxable","14":"purchasable","15":"product-type-simple"},"acf":[],"_links":{"self":[{"href":"https:\/\/defabrica.com.mx\/defabrica\/wp-json\/wp\/v2\/product\/28978","targetHints":{"allow":["GET"]}}],"collection":[{"href":"https:\/\/defabrica.com.mx\/defabrica\/wp-json\/wp\/v2\/product"}],"about":[{"href":"https:\/\/defabrica.com.mx\/defabrica\/wp-json\/wp\/v2\/types\/product"}],"replies":[{"embeddable":true,"href":"https:\/\/defabrica.com.mx\/defabrica\/wp-json\/wp\/v2\/comments?post=28978"}],"wp:featuredmedia":[{"embeddable":true,"href":"https:\/\/defabrica.com.mx\/defabrica\/wp-json\/wp\/v2\/media\/28979"}],"wp:attachment":[{"href":"https:\/\/defabrica.com.mx\/defabrica\/wp-json\/wp\/v2\/media?parent=28978"}],"wp:term":[{"taxonomy":"product_brand","embeddable":true,"href":"https:\/\/defabrica.com.mx\/defabrica\/wp-json\/wp\/v2\/product_brand?post=28978"},{"taxonomy":"product_cat","embeddable":true,"href":"https:\/\/defabrica.com.mx\/defabrica\/wp-json\/wp\/v2\/product_cat?post=28978"},{"taxonomy":"product_tag","embeddable":true,"href":"https:\/\/defabrica.com.mx\/defabrica\/wp-json\/wp\/v2\/product_tag?post=28978"}],"curies":[{"name":"wp","href":"https:\/\/api.w.org\/{rel}","templated":true}]}}