{"id":28762,"date":"2021-05-19T11:23:01","date_gmt":"2021-05-19T16:23:01","guid":{"rendered":"https:\/\/defabrica.com.mx\/defabrica\/?post_type=product&#038;p=28762"},"modified":"2023-01-27T13:38:19","modified_gmt":"2023-01-27T19:38:19","slug":"nostalgia-palomitas-de-maiz-para-revolver-de-6-cuartos-para-24-tazas-rojo-e-inoxidable","status":"publish","type":"product","link":"https:\/\/defabrica.com.mx\/defabrica\/producto\/nostalgia-palomitas-de-maiz-para-revolver-de-6-cuartos-para-24-tazas-rojo-e-inoxidable\/","title":{"rendered":"Nostalgia Palomitas de ma\u00edz para revolver de 6 cuartos, para 24 tazas, rojo e inoxidable"},"content":{"rendered":"<p>\u00a1Una m\u00e1quina para hacer palomitas de ma\u00edz y un taz\u00f3n en una gran unidad! Simplemente agregue su aceite y granos a la placa de cocci\u00f3n, luego observe c\u00f3mo las palomitas de ma\u00edz llenan r\u00e1pidamente el taz\u00f3n de 6 cuartos. Para palomitas de ma\u00edz extra mantecosas, coloque mantequilla en el fundidor de mantequilla en la parte superior del taz\u00f3n. La varilla de agitaci\u00f3n motorizada distribuye uniformemente los granos y se invierte para un mejor rendimiento de reventado, mientras que la tecnolog\u00eda hal\u00f3gena de calentamiento r\u00e1pido no requiere precalentamiento y permite que las palomitas de ma\u00edz revienten en solo 3 minutos. Cuando termine de hacer estallar, voltee la placa de cocci\u00f3n antiadherente y el taz\u00f3n para servir f\u00e1cilmente.<\/p>\n<ul>\n<li>Palomitas de ma\u00edz para cine en casa: ya sea en la noche de cine o en la hora del refrigerio, esto muestra hasta 24 tazas de palomitas de ma\u00edz estilo cine por lote para mantener los cubos de palomitas de ma\u00edz llenos.<\/li>\n<li>KITS DE PALOMITAS DE NOSTALGIA: \u00a1Perfecto para usar con todos los kits de palomitas de ma\u00edz Nostalgia! (Kit de hervidor y aire caliente para teatro-KPK400, paquete de palomitas de ma\u00edz premium de 4 onzas-KPP24, PCJ30-Granos para hacer estallar de c\u00e1scara blanda, PPB600-Tazones para palomitas de ma\u00edz reutilizables)<\/li>\n<li>TECNOLOG\u00cdA DE CALENTAMIENTO R\u00c1PIDO: La tecnolog\u00eda hal\u00f3gena de calentamiento r\u00e1pido permite que las palomitas de ma\u00edz exploten un 30% m\u00e1s r\u00e1pido que las tradicionales m\u00e1quinas de hacer palomitas de ma\u00edz, sin necesidad de precalentamiento.<\/li>\n<li>F\u00c1CIL SERVICIO: la placa de cocci\u00f3n antiadherente extra\u00edble se voltea con el taz\u00f3n para servir f\u00e1cilmente<\/li>\n<li>VARILLA DE AGITACI\u00d3N: La varilla de agitaci\u00f3n motorizada distribuye uniformemente los granos y se invierte cuando es necesario para un mejor rendimiento de reventado.<\/li>\n<li>TAZ\u00d3N VENTILADO: Los orificios de ventilaci\u00f3n del taz\u00f3n permiten que la humedad se escape para obtener palomitas de ma\u00edz calientes, frescas y crujientes.<\/li>\n<li>PALOMITAS DE MANTEQUILLA: Derrita la mantequilla en la cavidad de ventilaci\u00f3n del taz\u00f3n para agregar una cobertura mantecosa<\/li>\n<li>NO SOLO PALOMITAS DE MA\u00cdZ: \u00a1Tambi\u00e9n es ideal para hacer ma\u00edz hervido, nueces tostadas y m\u00e1s!<\/li>\n<li>ASAS DE TACTO FR\u00cdO: Las asas y la base de tacto fr\u00edo permiten un manejo seguro<\/li>\n<\/ul>\n","protected":false},"excerpt":{"rendered":"<p>\u00a1Una m\u00e1quina para hacer palomitas de ma\u00edz y un taz\u00f3n en una gran unidad! Simplemente agregue su aceite y granos a la placa de cocci\u00f3n, luego observe c\u00f3mo las palomitas<\/p>\n","protected":false},"featured_media":28763,"comment_status":"open","ping_status":"closed","template":"","meta":{"_acf_changed":false,"_joinchat":[]},"product_brand":[],"product_cat":[336,955],"product_tag":[],"class_list":{"0":"post-28762","1":"product","2":"type-product","3":"status-publish","4":"has-post-thumbnail","6":"product_cat-hogar","7":"product_cat-maquina-de-palomitas","9":"first","10":"instock","11":"sale","12":"shipping-taxable","13":"purchasable","14":"product-type-simple"},"acf":[],"_links":{"self":[{"href":"https:\/\/defabrica.com.mx\/defabrica\/wp-json\/wp\/v2\/product\/28762","targetHints":{"allow":["GET"]}}],"collection":[{"href":"https:\/\/defabrica.com.mx\/defabrica\/wp-json\/wp\/v2\/product"}],"about":[{"href":"https:\/\/defabrica.com.mx\/defabrica\/wp-json\/wp\/v2\/types\/product"}],"replies":[{"embeddable":true,"href":"https:\/\/defabrica.com.mx\/defabrica\/wp-json\/wp\/v2\/comments?post=28762"}],"wp:featuredmedia":[{"embeddable":true,"href":"https:\/\/defabrica.com.mx\/defabrica\/wp-json\/wp\/v2\/media\/28763"}],"wp:attachment":[{"href":"https:\/\/defabrica.com.mx\/defabrica\/wp-json\/wp\/v2\/media?parent=28762"}],"wp:term":[{"taxonomy":"product_brand","embeddable":true,"href":"https:\/\/defabrica.com.mx\/defabrica\/wp-json\/wp\/v2\/product_brand?post=28762"},{"taxonomy":"product_cat","embeddable":true,"href":"https:\/\/defabrica.com.mx\/defabrica\/wp-json\/wp\/v2\/product_cat?post=28762"},{"taxonomy":"product_tag","embeddable":true,"href":"https:\/\/defabrica.com.mx\/defabrica\/wp-json\/wp\/v2\/product_tag?post=28762"}],"curies":[{"name":"wp","href":"https:\/\/api.w.org\/{rel}","templated":true}]}}